{"id":38565,"date":"2026-03-30T20:38:03","date_gmt":"2026-03-30T20:38:03","guid":{"rendered":"https:\/\/petworld.ma\/?post_type=product&#038;p=38565"},"modified":"2026-04-20T22:26:22","modified_gmt":"2026-04-20T22:26:22","slug":"monge-croquettes-chaton-poulet-1-5kg-400g-gratuit","status":"publish","type":"product","link":"https:\/\/petworld.ma\/index.php\/produit\/monge-croquettes-chaton-poulet-1-5kg-400g-gratuit\/","title":{"rendered":"Monge Croquettes Chaton Poulet 1.5kg +400g Gratuit"},"content":{"rendered":"<p>Monge Natural Superpremium Chaton Riche en Poulet est un aliment complet destin\u00e9 aux chatons, de sevrage jusqu&rsquo;\u00e0 un an, ainsi qu\u2019aux chattes en gestation et\/ou lactation. Formul\u00e9 avec du poulet comme ingr\u00e9dient principal, il contient \u00e9galement de l\u2019huile de saumon, source d\u2019om\u00e9ga-3, pour un pelage doux et brillant. Sa formule est enrichie en pr\u00e9biotiques XOS et MOS, qui contribuent au bien-\u00eatre intestinal. Sans colorants ni conservateurs artificiels ajout\u00e9s.<\/p>\n<p><strong>Composition :<\/strong><\/p>\n<p>Poulet (viande d\u00e9shydrat\u00e9e 26 % et fra\u00eeche 10 %), riz, graisse animale (huile de poulet purifi\u00e9e \u00e0 99,5 %), ma\u00efs, prot\u00e9ines animales hydrolys\u00e9es (foie), pulpe de betterave s\u00e9ch\u00e9e, gluten de ma\u00efs, \u0153ufs s\u00e9ch\u00e9s (2 %), poisson (saumon s\u00e9ch\u00e9), huile de poisson (huile de saumon purifi\u00e9e \u00e0 99,5 % &#8211; 2 %), min\u00e9raux, levures de bi\u00e8re inactiv\u00e9es, fibres de pois, pr\u00e9biotiques (MOS 1 %, XOS 0,3 %), rose musqu\u00e9e (0,1 %), yucca schidigera (0,1 %).<\/p>\n<p><strong>Constituants analytiques :<\/strong><\/p>\n<p>Prot\u00e9ines brutes : 34 %, Fibres brutes : 2,5 %, Mati\u00e8res grasses brutes : 20 %, Cendres brutes : 6,5 %, Calcium : 1,5 %, Phosphore : 1,1 %, Ratio Calcium\/Phosphore : 1,3, Acides gras om\u00e9ga-3 : 0,5 %, Acides gras om\u00e9ga-6 : 4,8 %, \u00c9nergie M\u00e9tabolisable : 4 220 kcal\/kg<\/p>\n<p><strong>Additifs nutritionnels :<\/strong><\/p>\n<p>Vitamine A : 26 000 UI\/kg, Vitamine D3 : 1 830 UI\/kg, Vitamine E : 130 mg\/kg, S\u00e9l\u00e9nium : 0,09 mg\/kg, Mangan\u00e8se : 10,4 mg\/kg, Zinc : 120,4 mg\/kg, Cuivre : 3,3 mg\/kg, Fer : 39,2 mg\/kg, Iode : 1,17 mg\/kg, L-Carnitine : 700 mg\/kg, DL-M\u00e9thionine : 2 500 mg\/kg, Taurine : 2 400 mg\/kg<\/p>\n<p><strong>Additifs technologiques :<\/strong><\/p>\n<p>Antioxydants : Extraits de tocoph\u00e9rol issus d\u2019huiles v\u00e9g\u00e9tales.<\/p>\n<p><strong>Mode d&#8217;emploi :<\/strong><\/p>\n<p>Les quantit\u00e9s doivent \u00eatre adapt\u00e9es en fonction de la taille, de l\u2019\u00e2ge et des conditions de vie du chaton. La ration journali\u00e8re recommand\u00e9e peut \u00eatre r\u00e9partie en 3 repas. Toujours laisser de l\u2019eau propre et fra\u00eeche \u00e0 disposition. Lors d\u2019une transition vers cet aliment, l\u2019introduction doit se faire progressivement sur au moins une semaine. Pour les chattes gestantes et\/ou allaitantes, l\u2019alimentation peut \u00eatre donn\u00e9e \u00e0 volont\u00e9, car leurs besoins varient selon le nombre de chatons.<\/p>\n<p>Aliment pour chats non destin\u00e9 \u00e0 la consommation humaine.<\/p>\n","protected":false},"excerpt":{"rendered":"<p>Sans colorants ni conservateurs artificiels ajout\u00e9s.<\/p>\n<p>Aliment riche en Poulet est un aliment complet destin\u00e9 aux chatons (&lt;12mois).<\/p>\n","protected":false},"featured_media":40074,"template":"","meta":{"jetpack_publicize_message":"","jetpack_publicize_feature_enabled":true,"jetpack_social_post_already_shared":true,"jetpack_social_options":{"image_generator_settings":{"template":"highway","default_image_id":0,"font":"","enabled":false},"version":2}},"product_brand":[],"product_cat":[40,187],"product_tag":[],"class_list":{"0":"post-38565","1":"product","2":"type-product","3":"status-publish","4":"has-post-thumbnail","6":"product_cat-coquettes-pour-chat","7":"product_cat-destockage","9":"first","10":"instock","11":"taxable","12":"shipping-taxable","13":"purchasable","14":"product-type-simple"},"supplier_id":31321,"supplier_sku":"","barcode":null,"atum_controlled":true,"out_stock_date":null,"out_stock_threshold":null,"inheritable":false,"inbound_stock":null,"stock_on_hold":0,"sold_today":0,"sales_last_days":0,"reserved_stock":null,"customer_returns":null,"warehouse_damage":null,"lost_in_post":null,"other_logs":null,"out_stock_days":0,"lost_sales":0,"has_location":false,"update_date":"2026-04-20T22:26:24","atum_locations":[],"atum_stock_status":"instock","restock_status":false,"low_stock_amount":1,"sales_update_date":"2026-04-15T00:08:09","calc_backorders":null,"jetpack_publicize_connections":[],"jetpack_sharing_enabled":true,"batches":[{"id":"8983","date_created":"2026-04-20 22:26:21","date_expiry":"2027-03-28 00:00:00","user_id":"2461","batch_number":"PROMO0327","location":"","quantity":"3.0000","quantity_available":"3.0000","units":"1","status":"active","order_ids":null,"supplier":"Monge","po":{"id":"8907","date_created":"2026-04-20 22:26:22","batch_id":"8983","po_number":"","supplier":"Monge","cost":null,"regular_price":null,"sale_price":null,"price_margin":null,"price_discount":null}}],"_links":{"self":[{"href":"https:\/\/petworld.ma\/index.php\/wp-json\/wp\/v2\/product\/38565","targetHints":{"allow":["GET"]}}],"collection":[{"href":"https:\/\/petworld.ma\/index.php\/wp-json\/wp\/v2\/product"}],"about":[{"href":"https:\/\/petworld.ma\/index.php\/wp-json\/wp\/v2\/types\/product"}],"wp:featuredmedia":[{"embeddable":true,"href":"https:\/\/petworld.ma\/index.php\/wp-json\/wp\/v2\/media\/40074"}],"wp:attachment":[{"href":"https:\/\/petworld.ma\/index.php\/wp-json\/wp\/v2\/media?parent=38565"}],"wp:term":[{"taxonomy":"product_brand","embeddable":true,"href":"https:\/\/petworld.ma\/index.php\/wp-json\/wp\/v2\/product_brand?post=38565"},{"taxonomy":"product_cat","embeddable":true,"href":"https:\/\/petworld.ma\/index.php\/wp-json\/wp\/v2\/product_cat?post=38565"},{"taxonomy":"product_tag","embeddable":true,"href":"https:\/\/petworld.ma\/index.php\/wp-json\/wp\/v2\/product_tag?post=38565"}],"curies":[{"name":"wp","href":"https:\/\/api.w.org\/{rel}","templated":true}]}}