{"id":39666,"date":"2026-04-13T16:39:54","date_gmt":"2026-04-13T16:39:54","guid":{"rendered":"https:\/\/petworld.ma\/?post_type=product&#038;p=39666"},"modified":"2026-04-13T16:42:34","modified_gmt":"2026-04-13T16:42:34","slug":"laisse-retractable-flexi-noir-design-5m-small-medium","status":"publish","type":"product","link":"https:\/\/petworld.ma\/index.php\/produit\/laisse-retractable-flexi-noir-design-5m-small-medium\/","title":{"rendered":"Laisse Retractable FLEXI Noir Design 5m (Small | Medium)"},"content":{"rendered":"<div>\n<ul>\n<li>Laisse sangle de 5\u00a0m<\/li>\n<li>Pour des chiens jusqu\u2019\u00e0 50kg:\n<ul>\n<li>Taille S: Jusqu&rsquo;\u00e0 15kg<\/li>\n<li>Taille M: Jusqu&rsquo;\u00e0 25kg<\/li>\n<\/ul>\n<\/li>\n<li>Syst\u00e8me de freinage confortable<\/li>\n<li>Extensible avec la Multi Box<\/li>\n<li>Poids: environ 270\u00a0g<\/li>\n<li>couleurs: Noir<\/li>\n<\/ul>\n<\/div>\n<div>\n<h3>CARACT\u00c9RISTIQUES<\/h3>\n<div>Mettez de la couleur dans votre quotidien.<\/div>\n<p>L\u00b4extravagante pratique. Cette laisse ne se distingue pas seulement par une optique hors de commun, elle offre en m\u00eame temps tout le confort dont vous avez besoin lors de vos promenade.<img decoding=\"async\" style=\"color: #333333;\" src=\"https:\/\/flexi.de\/fr\/flexi-fr\/wp-content\/uploads\/2017\/11\/flexi_New_Classic_Bremstaste_Animation_11_2017.gif\" alt=\"Syst\u00e8me de freinage confortable\" \/><\/p>\n<div class=\"col-12 col-md-6 col-xl-12\">\n<div class=\"group-item\">\n<div class=\"group-item-title\"><strong>Syst\u00e8me de freinage confortable<\/strong><\/div>\n<p>Il y a des moments o\u00f9 tout se joue en une fraction de seconde. Le syst\u00e8me de freinage flexi n\u00b4est pas seulement intuitif, il r\u00e9agit au quart de seconde.<\/p>\n<\/div>\n<\/div>\n<div class=\"col-12 col-md-6 col-xl-12\">\n<div class=\"group-item\">\n<p><img decoding=\"async\" src=\"https:\/\/flexi.de\/fr\/flexi-fr\/wp-content\/uploads\/2024\/01\/New_Classic_Gurtauslauf-L_540x360.jpg\" alt=\"Syst\u00e8me de guidage perfectionn\u00e9\" \/><\/p>\n<div class=\"group-item-title\"><strong>Syst\u00e8me de guidage perfectionn\u00e9<\/strong><\/div>\n<p>Syst\u00e8me de guidage perfectionn\u00e9 par d\u2019innombrables tests\u00a0: la sangle peut \u00eatre d\u00e9roul\u00e9e dans toutes les directions sans se coincer.<\/p>\n<\/div>\n<\/div>\n<p><a href=\"https:\/\/wa.me\/212708052510\" target=\"_blank\" rel=\"noopener noreferrer\"><img loading=\"lazy\" decoding=\"async\" class=\"fr-fic fr-dib aligncenter\" src=\"https:\/\/cdn.youcan.shop\/stores\/d0742d556df94ddbc7ae4c9810aff04b\/others\/p1bcHFEUNKaQGrHIpmqAfIoFYPmQpUY8MBwR3RLh.png\" width=\"273\" height=\"72\" data-name=\"stores\/d0742d556df94ddbc7ae4c9810aff04b\/others\/p1bcHFEUNKaQGrHIpmqAfIoFYPmQpUY8MBwR3RLh.png\" \/><\/a><\/p>\n<\/div>\n","protected":false},"excerpt":{"rendered":"<ul>\n<li>Taille S: Jusqu&rsquo;\u00e0 15kg<\/li>\n<li>Taille M: Jusqu&rsquo;\u00e0 25kg<\/li>\n<\/ul>\n","protected":false},"featured_media":39669,"template":"","meta":{"jetpack_publicize_message":"","jetpack_publicize_feature_enabled":true,"jetpack_social_post_already_shared":true,"jetpack_social_options":{"image_generator_settings":{"template":"highway","default_image_id":0,"font":"","enabled":false},"version":2}},"product_brand":[],"product_cat":[92],"product_tag":[],"class_list":{"0":"post-39666","1":"product","2":"type-product","3":"status-publish","4":"has-post-thumbnail","6":"product_cat-harnais-et-laisses-pour-chien","8":"first","9":"instock","10":"taxable","11":"shipping-taxable","12":"purchasable","13":"product-type-variable"},"supplier_id":33247,"supplier_sku":"","barcode":null,"atum_controlled":true,"out_stock_date":null,"out_stock_threshold":null,"inheritable":true,"inbound_stock":0,"stock_on_hold":0,"sold_today":null,"sales_last_days":null,"reserved_stock":0,"customer_returns":0,"warehouse_damage":0,"lost_in_post":0,"other_logs":0,"out_stock_days":null,"lost_sales":null,"has_location":false,"update_date":"2026-04-15T16:27:02","atum_locations":[],"atum_stock_status":"instock","restock_status":false,"low_stock_amount":"","sales_update_date":"2026-04-15T16:27:02","calc_backorders":null,"jetpack_publicize_connections":[],"jetpack_sharing_enabled":true,"batches":[],"_links":{"self":[{"href":"https:\/\/petworld.ma\/index.php\/wp-json\/wp\/v2\/product\/39666","targetHints":{"allow":["GET"]}}],"collection":[{"href":"https:\/\/petworld.ma\/index.php\/wp-json\/wp\/v2\/product"}],"about":[{"href":"https:\/\/petworld.ma\/index.php\/wp-json\/wp\/v2\/types\/product"}],"wp:featuredmedia":[{"embeddable":true,"href":"https:\/\/petworld.ma\/index.php\/wp-json\/wp\/v2\/media\/39669"}],"wp:attachment":[{"href":"https:\/\/petworld.ma\/index.php\/wp-json\/wp\/v2\/media?parent=39666"}],"wp:term":[{"taxonomy":"product_brand","embeddable":true,"href":"https:\/\/petworld.ma\/index.php\/wp-json\/wp\/v2\/product_brand?post=39666"},{"taxonomy":"product_cat","embeddable":true,"href":"https:\/\/petworld.ma\/index.php\/wp-json\/wp\/v2\/product_cat?post=39666"},{"taxonomy":"product_tag","embeddable":true,"href":"https:\/\/petworld.ma\/index.php\/wp-json\/wp\/v2\/product_tag?post=39666"}],"curies":[{"name":"wp","href":"https:\/\/api.w.org\/{rel}","templated":true}]}}