{"id":40871,"date":"2026-04-28T11:18:09","date_gmt":"2026-04-28T11:18:09","guid":{"rendered":"https:\/\/petworld.ma\/?post_type=product&#038;p=40871"},"modified":"2026-04-28T11:29:12","modified_gmt":"2026-04-28T11:29:12","slug":"royal-canin-yorkshire-terrier-adulte-1-5-kg-promo-2","status":"publish","type":"product","link":"https:\/\/petworld.ma\/index.php\/produit\/royal-canin-yorkshire-terrier-adulte-1-5-kg-promo-2\/","title":{"rendered":"Royal Canin Yorkshire Terrier Adulte 1.5 Kg Promo*"},"content":{"rendered":"<div class=\"product-section description-section\">\n<div class=\"single-description fr-view\">\n<div>\n<div>\n<h2>Aliment complet pour chiens \u00a0&#8211; Sp\u00e9cialement con\u00e7u pour Yorkshire Terrier adulte, \u00e0 partir de 10 mois.<\/h2>\n<\/div>\n<\/div>\n<div>ROYAL CANIN\u00ae Yorkshire Terrier Adult est sp\u00e9cialement formul\u00e9 pour r\u00e9pondre \u00e0 tous les besoins nutritionnels de votre chien adulte et convient aux Yorkshire Terriers de plus de 10 mois. \u00a0 ROYAL CANIN\u00ae Yorkshire Terrier Adult contribue \u00e0 pr\u00e9server et \u00e0 entretenir la sant\u00e9 du pelage de votre Yorkshire gr\u00e2ce \u00e0 un apport adapt\u00e9 en acides gras om\u00e9ga-3 (EPA et DHA), en acides gras om\u00e9ga-6, en huile de bourrache et en biotine. \u00a0 De plus, ROYAL CANIN\u00ae Yorkshire Terrier Adult satisfait les app\u00e9tits les plus exigeants gr\u00e2ce \u00e0 un m\u00e9lange de saveurs exceptionnelles auquel votre chien ne pourra r\u00e9sister ! \u00a0 Une bonne hygi\u00e8ne bucco-dentaire est un facteur important dans le choix de la nourriture de votre chien. ROYAL CANIN\u00ae Yorkshire Terrier Adult aide \u00e0 maintenir la vitalit\u00e9 du Yorkshire Terrier face aux premiers signes de vieillissement gr\u00e2ce \u00e0 une s\u00e9lection de nutriments. \u00a0 Pour r\u00e9pondre aux pr\u00e9f\u00e9rences individuelles de chaque chien, ROYAL CANIN\u00ae Yorkshire Terrier Adult est \u00e9galement disponible sous forme d\u2019aliment humide en mousse. Si vous envisagez une alimentation mixte, il vous suffit de suivre nos instructions pour vous assurer que votre chien re\u00e7oit la quantit\u00e9 d\u2019aliments humides et secs ad\u00e9quate pour un b\u00e9n\u00e9fice optimal.<\/div>\n<div><\/div>\n<div><strong>\u00a0 \u00a0BENEFICES :<\/strong><\/div>\n<div>\n<ul>\n<li>\n<div>Sant\u00e9 du pelage<\/div>\n<div>Cette formule exclusive encourage la bonne sant\u00e9 du long pelage du Yorkshire. Enrichi d\u2019une teneur adapt\u00e9e en acides gras om\u00e9ga 3 (EPA &amp; DHA), acides gras om\u00e9ga 6, huile de bourrache et biotine.<\/div>\n<\/li>\n<li>\n<div>Satisfait les app\u00e9tits difficiles<\/div>\n<div>Cette formule aide \u00e0 satisfaire les app\u00e9tits les plus difficiles gr\u00e2ce \u00e0 une combinaison de saveurs et d\u2019ar\u00f4mes exceptionnels.<\/div>\n<\/li>\n<li>\n<div>Soutien pr\u00e9coce du vieillissement<\/div>\n<div>Cette formule fournit une s\u00e9lection de nutriments cibl\u00e9s, y compris des polyph\u00e9nols de th\u00e9 vert, de la vitamine C, et de l\u2019EPA et DHA, pour aider \u00e0 maintenir la vitalit\u00e9 du Yorkshire Terrier face aux premiers signes de vieillissement.<\/div>\n<\/li>\n<li>\n<div>Croquette de conception exclusive : sant\u00e9 dentaire<\/div>\n<div>Cette formule aide \u00e0 r\u00e9duire la formation de tartre gr\u00e2ce \u00e0 des ch\u00e9lateurs de calcium.<\/div>\n<\/li>\n<\/ul>\n<p><strong>\u00a0 \u00a0INFORMATIONS NUTRITIONELLES :<\/strong><\/p>\n<p>Composition : Farine de ma\u00efs, prot\u00e9ines de volaille d\u00e9shydrat\u00e9es, gluten de bl\u00e9, riz, graisses animales, ma\u00efs, gluten de ma\u00efs, hydrolysat de prot\u00e9ines animales, fibres v\u00e9g\u00e9tales, pulpe de betterave, sels min\u00e9raux, huile de poisson, huile de soja, produits d\u00e9riv\u00e9s de levures, pulpe de tomate s\u00e9ch\u00e9e (source de lycop\u00e8ne), fructo-oligosaccharides), huile de bourrache (0,1%), hydrolysat de crustac\u00e9 (source de glucosamine), extrait de rode d&rsquo;Inde (source de lut\u00e9ine), hydrolysat de cartilage (source de chondro\u00eftine).<\/p>\n<p>Additifs (au kg) : Additifs nutritionnels : Vitamine A : 29500 UI, Vitamine D3 : 800 UI, E3 (Fer) : 43 mg, E45 (Iode) : 4,3 mg, E5 (Cuivre) : 13 mg, E14 (Mangan\u00e8se) : 55 mg, E58 (Zinc) : 135 mg, E137 (S\u00e9l\u00e9nium) : 0,09 mg, Additifs technologiques : Clinoptilolite d&rsquo;origine s\u00e9dimentaire : 5g &#8211; Additifs sensoriels : Extrait de th\u00e9 (source de polyph\u00e9nols) : 150 mg &#8211; Conservateurs &#8211; Antioxyg\u00e8nes.<\/p>\n<p>Constituants analytiques : Prot\u00e9ines : 29.0% &#8211; Teneur en mati\u00e8res grasses : 18.0% &#8211; Cendres brutes : 5.1 % &#8211; Cellulose brute : 2.8 % &#8211; Au kg : Acides gras om\u00e9ga 6 : 33.8 g &#8211; Acides gras om\u00e9ga 3 : 6.8 g incluant EPA\/DHA : 3 g.<\/p>\n<p>*L.I.P.: prot\u00e9ine s\u00e9lectionn\u00e9e pour sa tr\u00e8s haute assimilation.<\/p>\n<p>Mode d\u2019emploi : voir tableau. Num\u00e9ro de lot et d\u2019identifiant usine, \u00e0 utiliser de pr\u00e9f\u00e9rence avant : voir sur l\u2019emballage. \u00c0 conserver dans un endroit sec et frais.<\/p>\n<p><a href=\"https:\/\/wa.me\/212708052510\" target=\"_blank\" rel=\"noopener noreferrer\"><img decoding=\"async\" class=\"fr-fic fr-dib aligncenter\" src=\"https:\/\/cdn.youcan.shop\/stores\/d0742d556df94ddbc7ae4c9810aff04b\/others\/qr4ewjIwGBxxMJdVWcqrcmhZ7V6Uvkw0nDrMvHss.png\" width=\"273\" height=\"72\" data-name=\"stores\/d0742d556df94ddbc7ae4c9810aff04b\/others\/qr4ewjIwGBxxMJdVWcqrcmhZ7V6Uvkw0nDrMvHss.png\" \/><\/a><\/p>\n<\/div>\n<\/div>\n<\/div>\n<div class=\"product-section add-to-cart-section\">\n<div class=\"quantity\"><\/div>\n<\/div>\n","protected":false},"excerpt":{"rendered":"<p>Aliment complet pour chiens \u00a0&#8211; Sp\u00e9cialement con\u00e7u pour Yorkshire Terrier adulte, \u00e0 partir de 10 mois. ROYAL CANIN\u00ae Yorkshire Terrier Adult est sp\u00e9cialement formul\u00e9 pour r\u00e9pondre \u00e0 tous les besoins nutritionnels de votre chien adulte et convient aux Yorkshire Terriers de plus de 10 mois. \u00a0 ROYAL CANIN\u00ae Yorkshire Terrier Adult contribue \u00e0 pr\u00e9server et [&#8230;]\n","protected":false},"featured_media":522,"template":"","meta":{"jetpack_publicize_message":"","jetpack_publicize_feature_enabled":true,"jetpack_social_post_already_shared":true,"jetpack_social_options":{"image_generator_settings":{"template":"highway","default_image_id":0,"font":"","enabled":false},"version":2}},"product_brand":[],"product_cat":[26],"product_tag":[],"class_list":{"0":"post-40871","1":"product","2":"type-product","3":"status-publish","4":"has-post-thumbnail","6":"product_cat-croquettes","8":"first","9":"instock","10":"sale","11":"taxable","12":"shipping-taxable","13":"purchasable","14":"product-type-simple"},"supplier_id":5587,"supplier_sku":"","barcode":null,"atum_controlled":true,"out_stock_date":null,"out_stock_threshold":null,"inheritable":false,"inbound_stock":0,"stock_on_hold":0,"sold_today":0,"sales_last_days":0,"reserved_stock":0,"customer_returns":0,"warehouse_damage":0,"lost_in_post":0,"other_logs":0,"out_stock_days":0,"lost_sales":0,"has_location":false,"update_date":"2026-04-28T11:58:22","atum_locations":[],"atum_stock_status":"instock","restock_status":false,"low_stock_amount":5,"sales_update_date":"2026-04-28T11:58:22","calc_backorders":null,"jetpack_publicize_connections":[],"jetpack_sharing_enabled":true,"batches":[{"id":"9138","date_created":"2026-04-28 11:24:43","date_expiry":"2027-05-30 00:00:00","user_id":"2461","batch_number":"RCyorkadult300527","location":"","quantity":"1.0000","quantity_available":"1.0000","units":"1","status":"active","order_ids":null,"supplier":"Royal Canin","po":{"id":"9061","date_created":"2026-04-28 11:24:43","batch_id":"9138","po_number":"","supplier":"Royal Canin","cost":null,"regular_price":null,"sale_price":null,"price_margin":null,"price_discount":null}},{"id":"9139","date_created":"2026-04-28 11:24:44","date_expiry":"2027-07-30 00:00:00","user_id":"2461","batch_number":"RCyorkadult300727","location":"","quantity":"7.0000","quantity_available":"7.0000","units":"1","status":"active","order_ids":null,"supplier":"Royal Canin","po":{"id":"9062","date_created":"2026-04-28 11:24:44","batch_id":"9139","po_number":"","supplier":"Royal Canin","cost":null,"regular_price":null,"sale_price":null,"price_margin":null,"price_discount":null}}],"_links":{"self":[{"href":"https:\/\/petworld.ma\/index.php\/wp-json\/wp\/v2\/product\/40871","targetHints":{"allow":["GET"]}}],"collection":[{"href":"https:\/\/petworld.ma\/index.php\/wp-json\/wp\/v2\/product"}],"about":[{"href":"https:\/\/petworld.ma\/index.php\/wp-json\/wp\/v2\/types\/product"}],"wp:featuredmedia":[{"embeddable":true,"href":"https:\/\/petworld.ma\/index.php\/wp-json\/wp\/v2\/media\/522"}],"wp:attachment":[{"href":"https:\/\/petworld.ma\/index.php\/wp-json\/wp\/v2\/media?parent=40871"}],"wp:term":[{"taxonomy":"product_brand","embeddable":true,"href":"https:\/\/petworld.ma\/index.php\/wp-json\/wp\/v2\/product_brand?post=40871"},{"taxonomy":"product_cat","embeddable":true,"href":"https:\/\/petworld.ma\/index.php\/wp-json\/wp\/v2\/product_cat?post=40871"},{"taxonomy":"product_tag","embeddable":true,"href":"https:\/\/petworld.ma\/index.php\/wp-json\/wp\/v2\/product_tag?post=40871"}],"curies":[{"name":"wp","href":"https:\/\/api.w.org\/{rel}","templated":true}]}}