{"id":40913,"date":"2026-04-28T16:41:29","date_gmt":"2026-04-28T16:41:29","guid":{"rendered":"https:\/\/petworld.ma\/?post_type=product&#038;p=40913"},"modified":"2026-04-28T16:46:46","modified_gmt":"2026-04-28T16:46:46","slug":"royal-canin-mini-puppy-sauce-pour-chiot-85g-promo","status":"publish","type":"product","link":"https:\/\/petworld.ma\/index.php\/produit\/royal-canin-mini-puppy-sauce-pour-chiot-85g-promo\/","title":{"rendered":"Royal Canin Mini Puppy Sauce Pour Chiot &#8211; 85G Promo*"},"content":{"rendered":"<div class=\"row details collapsible-xl active mb-3 \">\n<div class=\"col-12\">\n<h3 class=\"title heading-title section-heading\" aria-expanded=\"true\" aria-controls=\"collapsible-table-1\">Description<\/h3>\n<\/div>\n<div class=\"mt-4 mb-4 pl-3 pr-3\">\n<div id=\"collapsible-details-1\" class=\"col-sm-12 col-md-8 col-lg-9 value content\">\n<p>La p\u00e9riode de croissance est une \u00e9tape essentielle dans la vie de votre chiot : c\u2019est le moment des grands changements et des d\u00e9couvertes. Tandis que votre chiot continue \u00e0 grandir, il est important que son alimentation favorise une sant\u00e9 optimale.<\/p>\n<p><strong>ROYAL CANIN<\/strong>\u00a0Mini Puppy en sauce est formul\u00e9 pour r\u00e9pondre aux besoins nutritionnels de votre chiot, et convient aux chiots \u00e2g\u00e9s de 2 \u00e0 10 mois qui p\u00e8seront jusqu\u2019\u00e0 10 kg \u00e0 l\u2019\u00e2ge adulte.<\/p>\n<p><strong>ROYAL CANIN<\/strong>\u00a0Mini Puppy en sauce contient un complexe exclusif d\u2019antioxydants \u2013 dont la vitamine E pour aider \u00e0 construire ses d\u00e9fenses naturelles en plein d\u00e9veloppement. Il offre \u00e0 votre chiot de nombreux nutriments b\u00e9n\u00e9fiques qui aident \u00e0 renforcer sa sant\u00e9 digestive et l\u2019\u00e9quilibre de sa flore intestinale.<\/p>\n<p>De plus, le contenu \u00e9nerg\u00e9tique intense de\u00a0<strong>ROYAL CANIN<\/strong>\u00a0Mini Puppy en sauce correspond au niveau \u00e9lev\u00e9 d\u2019activit\u00e9 de votre chiot de race de petite taille. Pour r\u00e9pondre aux pr\u00e9f\u00e9rences individuelles de chaque chien,\u00a0<strong>ROYAL CANIN<\/strong>\u00a0Mini Puppy est \u00e9galement disponible sous forme de nourriture s\u00e8che en croquettes savoureuses et croquantes.<\/p>\n<p>Si vous envisagez une alimentation mixte, suivez simplement nos instructions pour vous assurer que votre chiot re\u00e7oive une quantit\u00e9 ad\u00e9quate d\u2019aliments secs et humides pour un b\u00e9n\u00e9fice optimal.<\/p>\n<ul>\n<li>Soutien du syst\u00e8me immunitaire<\/li>\n<li>Contenu \u00e9nerg\u00e9tique intense<\/li>\n<li>Sant\u00e9 digestive<\/li>\n<\/ul>\n<\/div>\n<\/div>\n<\/div>\n<div class=\"row details collapsible-xl mb-3 active\">\n<div id=\"collapsible-table-1\" class=\"value content ml-3 mr-5 w-100 mt-0\"><span style=\"font-size: 20.16px;\">Composition Royal Canin &#8211; Sachets Mini Puppy en Sauce pour Chiot &#8211; 12X85g<\/span><\/div>\n<\/div>\n<div class=\"row details collapsible-xl mb-3 active\">\n<div id=\"collapsible-table-1\" class=\"value content ml-3 mr-5 w-100 mt-0\">\n<table class=\"product-details__table mt-2 mb-4 ml-3\">\n<tbody>\n<tr>\n<th class=\"product-details__table-heading p-2 pl-3\">Composition<\/th>\n<td class=\"product-details__table-cell p-2 pl-3\">Composition: viandes et sous-produits animaux, cereales, sous-produits d\u2019origine vegetale, huiles et graisses, substance minerale, levures, sucres.<\/td>\n<\/tr>\n<tr>\n<th class=\"product-details__table-heading p-2 pl-3\">Additifs nutritionnels<\/th>\n<td class=\"product-details__table-cell p-2 pl-3\">Additifs (au kg) Additifs nutritionnels : Vitamine D3 : 140 UI, E1 (Fer) : 5 mg, E2 (Iode) : 0,3 mg, E4 (Cuivre) : 2,4 mg, E5 (Mangan\u00e8se) : 1,6 mg, E6 (Zinc) : 16 mg &#8211; Additifs technologiques : Clinoptilolite d\u2019origine s\u00e9dimentaire : 2 g.<\/td>\n<\/tr>\n<tr>\n<th class=\"product-details__table-heading p-2 pl-3\">Constituants analytiques<\/th>\n<td class=\"product-details__table-cell p-2 pl-3\">Prot\u00e9ines 8% Mati\u00e8res grasses 6% Cellulose brute 1% Cendres Brutes 2% ENA 4%<\/td>\n<\/tr>\n<\/tbody>\n<\/table>\n<\/div>\n<\/div>\n","protected":false},"excerpt":{"rendered":"<div class=\"short-description__container\">\n<div id=\"collapsible-description-1\" class=\"short-description col-sm-12 value content\">Aliment Chiot de petite taille. Poids adulte de moins de 10 kg Jusqu&rsquo;\u00e0 10 mois. Soutien du syst\u00e8me immunitaire, sant\u00e9 digestive, contenu \u00e9nerg\u00e9tique intense.<\/div>\n<\/div>\n","protected":false},"featured_media":6852,"template":"","meta":{"jetpack_publicize_message":"","jetpack_publicize_feature_enabled":true,"jetpack_social_post_already_shared":true,"jetpack_social_options":{"image_generator_settings":{"template":"highway","default_image_id":0,"font":"","enabled":false},"version":2}},"product_brand":[],"product_cat":[26,39],"product_tag":[],"class_list":{"0":"post-40913","1":"product","2":"type-product","3":"status-publish","4":"has-post-thumbnail","6":"product_cat-croquettes","7":"product_cat-friandises-et-pates-pour-chien","9":"first","10":"instock","11":"sale","12":"taxable","13":"shipping-taxable","14":"purchasable","15":"product-type-simple"},"supplier_id":5587,"supplier_sku":"","barcode":null,"atum_controlled":true,"out_stock_date":null,"out_stock_threshold":null,"inheritable":false,"inbound_stock":0,"stock_on_hold":0,"sold_today":0,"sales_last_days":0,"reserved_stock":0,"customer_returns":0,"warehouse_damage":0,"lost_in_post":0,"other_logs":0,"out_stock_days":0,"lost_sales":0,"has_location":false,"update_date":"2026-04-28T16:50:38","atum_locations":[],"atum_stock_status":"instock","restock_status":false,"low_stock_amount":12,"sales_update_date":"2026-04-28T16:50:38","calc_backorders":null,"jetpack_publicize_connections":[],"jetpack_sharing_enabled":true,"batches":[{"id":"9162","date_created":"2026-04-28 16:46:45","date_expiry":"2027-06-06 00:00:00","user_id":"2461","batch_number":"RCMiniP85GRQ060627","location":"","quantity":"45.0000","quantity_available":"45.0000","units":"1","status":"active","order_ids":null,"supplier":"Royal Canin","po":{"id":"9086","date_created":"2026-04-28 16:46:46","batch_id":"9162","po_number":"","supplier":"Royal Canin","cost":null,"regular_price":null,"sale_price":null,"price_margin":null,"price_discount":null}}],"_links":{"self":[{"href":"https:\/\/petworld.ma\/index.php\/wp-json\/wp\/v2\/product\/40913","targetHints":{"allow":["GET"]}}],"collection":[{"href":"https:\/\/petworld.ma\/index.php\/wp-json\/wp\/v2\/product"}],"about":[{"href":"https:\/\/petworld.ma\/index.php\/wp-json\/wp\/v2\/types\/product"}],"wp:featuredmedia":[{"embeddable":true,"href":"https:\/\/petworld.ma\/index.php\/wp-json\/wp\/v2\/media\/6852"}],"wp:attachment":[{"href":"https:\/\/petworld.ma\/index.php\/wp-json\/wp\/v2\/media?parent=40913"}],"wp:term":[{"taxonomy":"product_brand","embeddable":true,"href":"https:\/\/petworld.ma\/index.php\/wp-json\/wp\/v2\/product_brand?post=40913"},{"taxonomy":"product_cat","embeddable":true,"href":"https:\/\/petworld.ma\/index.php\/wp-json\/wp\/v2\/product_cat?post=40913"},{"taxonomy":"product_tag","embeddable":true,"href":"https:\/\/petworld.ma\/index.php\/wp-json\/wp\/v2\/product_tag?post=40913"}],"curies":[{"name":"wp","href":"https:\/\/api.w.org\/{rel}","templated":true}]}}