{"id":40999,"date":"2026-04-29T15:13:20","date_gmt":"2026-04-29T15:13:20","guid":{"rendered":"https:\/\/petworld.ma\/?post_type=product&#038;p=40999"},"modified":"2026-04-29T15:28:34","modified_gmt":"2026-04-29T15:28:34","slug":"royal-canin-chat-indoor-7-3-5kg-promo","status":"publish","type":"product","link":"https:\/\/petworld.ma\/index.php\/produit\/royal-canin-chat-indoor-7-3-5kg-promo\/","title":{"rendered":"Royal Canin Chat Indoor 7+ 3.5kg Promo*"},"content":{"rendered":"<div class=\"rc-template__benefit-item rc-margin-x--none rc-padding-bottom--md--desktop rc-padding-bottom--md--mobile rc-padding-x--sm--desktop \">\n<div class=\"rc-padding-x--none--mobile \">\n<h3>Les chats d\u2019int\u00e9rieur adultes comme le v\u00f4tre ont besoin d\u2019une alimentation compl\u00e8te et \u00e9quilibr\u00e9e pour conserver une sant\u00e9 optimale d\u00e8s les premiers signes de l\u2019\u00e2ge. ROYAL CANIN\u00ae Indoor 7+ est sp\u00e9cialement formul\u00e9 pour r\u00e9pondre \u00e0 tous les besoins nutritionnels de votre chat d\u2019int\u00e9rieur adulte, et convient aux chats de 7 ans et plus. ROYAL CANIN\u00ae Indoor 7+ est enrichi en nutriments cibl\u00e9s tels que les polyph\u00e9nols de th\u00e9 vert, la vitamine C et les acides gras EPA et DHA. Ces nutriments aident \u00e0 renforcer la sant\u00e9 de votre chat \u00e0 mesure qu\u2019il fait face aux premiers signes de l\u2019\u00e2ge. Des prot\u00e9ines sp\u00e9cifiques (dont les L.I.P.) ont \u00e9t\u00e9 choisies pour leur haute digestibilit\u00e9. Les prot\u00e9ines \u00e0 haute digestibilit\u00e9 permettent non seulement de r\u00e9duire la quantit\u00e9 des selles de votre chat, mais aussi leur odeur. Il est essentiel que votre chat adulte re\u00e7oive les nutriments contribuant au maintien du bon fonctionnement de son syst\u00e8me urinaire. ROYAL CANIN\u00ae Indoor 7+ est sp\u00e9cialement formul\u00e9 \u00e0 cet effet. Gr\u00e2ce \u00e0 ce renforcement de sa sant\u00e9 urinaire, votre chat peut confortablement affronter les premiers signes de l\u2019\u00e2ge. Des variantes de la nourriture s\u00e8che ROYAL CANIN\u00ae Indoor sont \u00e9galement disponibles en fonction du mode de vie, de la silhouette et de l\u2019\u00e2ge de votre chat : \u2022 Indoor 27 \u2022 Indoor Appetite Control \u2022 Indoor Long Hair<\/h3>\n<h3 class=\"rc-delta rc-margin-y--none rc-padding-bottom--sm--mobile rc-padding-bottom--xs--desktop\">Complexe vitalit\u00e9<\/h3>\n<p class=\"rc-margin-y--none\">Pour aider les chats \u00e0 faire face aux premiers effets de l\u2019\u00e2ge et pour maintenir leur vitalit\u00e9 apr\u00e8s l\u2019\u00e2ge de 7 ans, Indoor 7+ est formul\u00e9 avec un \u00e9quilibre ad\u00e9quat de vitamines et de min\u00e9raux. Il est enrichi en nutriments sp\u00e9cifiques dont des polyph\u00e9nols de th\u00e9 vert, de la vitamine C et des acides gras EPA et DHA.<\/p>\n<\/div>\n<\/div>\n<div class=\"rc-template__benefit-item rc-margin-x--none rc-padding-bottom--md--desktop rc-padding-bottom--md--mobile rc-padding-x--sm--desktop \">\n<div class=\"rc-padding-x--none--mobile \">\n<h3 class=\"rc-delta rc-margin-y--none rc-padding-bottom--sm--mobile rc-padding-bottom--xs--desktop\">R\u00e9duction des odeurs de selles<\/h3>\n<p class=\"rc-margin-y--none\">Le manque d\u2019exercice peut entra\u00eener un ralentissement du transit intestinal et la production de selles malodorantes. Indoor 7+ contient des prot\u00e9ines hautement digestibles (L.I.P.)* et aide \u00e0 r\u00e9duire le volume et les odeurs des selles. *L.I.P.\u00a0: prot\u00e9ines s\u00e9lectionn\u00e9es pour leur tr\u00e8s haute digestibilit\u00e9.<\/p>\n<\/div>\n<\/div>\n<div class=\"rc-template__benefit-item rc-margin-x--none rc-padding-bottom--md--desktop rc-padding-bottom--md--mobile rc-padding-x--sm--desktop \">\n<div class=\"rc-padding-x--none--mobile \">\n<h3 class=\"rc-delta rc-margin-y--none rc-padding-bottom--sm--mobile rc-padding-bottom--xs--desktop\">Sant\u00e9 r\u00e9nale<\/h3>\n<p class=\"rc-margin-y--none\">Le d\u00e9clin de la fonction r\u00e9nale est fr\u00e9quent chez les chats \u00e2g\u00e9s. Indoor 7+ contient un niveau de phosphore adapt\u00e9 pour contribuer \u00e0 la bonne sant\u00e9 r\u00e9nale.<\/p>\n<\/div>\n<\/div>\n<div class=\"rc-template__benefit-item rc-margin-x--none rc-padding-bottom--md--desktop rc-padding-bottom--md--mobile rc-padding-x--sm--desktop \">\n<div class=\"rc-padding-x--none--mobile \">\n<h3 class=\"rc-delta rc-margin-y--none rc-padding-bottom--sm--mobile rc-padding-bottom--xs--desktop\">Sant\u00e9 urinaire<\/h3>\n<p class=\"rc-margin-y--none\">Formul\u00e9 pour contribuer \u00e0 la bonne sant\u00e9 du syst\u00e8me urinaire du chat adulte.<\/p>\n<p><strong>Composition<\/strong> : ma\u00efs, prot\u00e9ines de volaille d\u00e9shydrat\u00e9es, orge, farine de ma\u00efs, bl\u00e9, isolat de prot\u00e9ines v\u00e9g\u00e9tales*, graisses animales, gluten de ma\u00efs, hydrolysat de prot\u00e9ines animales, fibres v\u00e9g\u00e9tales, pulpe de betterave, sels min\u00e9raux, huile de soja, levures et composants de levures, huile de poisson, fructo-oligo-saccharides, t\u00e9gu-ments et graines de psyllium, hydrolysat de crustac\u00e9 (source de glucosamine), extrait de rose d\u2019inde (source de lut\u00e9ine), hydrolysat de cartilage (source de chondro\u00eftine).<\/p>\n<p><strong>Additifs (au kg)\u00a0:<\/strong> Additifs nutritionnels\u00a0: Vitamine A\u00a0: 22500\u00a0UI, Vitamine D3\u00a0: 900\u00a0UI, Vitamine C\u00a0: 290\u00a0UI, E1 (Fer)\u00a0: 34\u00a0mg, E2 (Iode)\u00a0: 3,4\u00a0mg, E4 (Cuivre)\u00a0: 10\u00a0mg, E5 (Mangan\u00e8se)\u00a0: 44\u00a0mg, E6 (Zinc)\u00a0: 131\u00a0mg, E8 (S\u00e9l\u00e9nium)\u00a0: 0,05\u00a0mg\u00a0&#8211; Additifs technologiques\u00a0: Clinoptilolite d\u2019origine s\u00e9dimentaire\u00a0: 5\u00a0g\u00a0&#8211; Additifs sensoriels\u00a0: Extrait de th\u00e9 (source de polyph\u00e9nols)\u00a0: 0,6\u00a0g\u00a0&#8211; Additifs zootechniques\u00a0: Chlorure d\u2019ammonium\u00a0: 5\u00a0g\u00a0&#8211; Conservateurs\u00a0&#8211; Antioxyg\u00e8nes.<\/p>\n<p><strong>Constituants analytiques\u00a0:<\/strong> Prot\u00e9ine\u00a0: 27\u00a0%\u00a0&#8211; Mati\u00e8res grasses brutes\u00a0: 13\u00a0%\u00a0&#8211; Cendres brutes\u00a0: 6,9\u00a0%\u00a0&#8211; Cellulose brute\u00a0: 3,6\u00a0%\u00a0&#8211; Phosphore\u00a0: 0,75\u00a0%\u00a0&#8211; EPA\/DHA\u00a0: 3,8\u00a0g\/kg.<\/p>\n<p>*L.I.P.\u00a0: prot\u00e9ine s\u00e9lectionn\u00e9e pour sa tr\u00e8s haute digestibilit\u00e9.<\/p>\n<\/div>\n<\/div>\n","protected":false},"excerpt":{"rendered":"<p>Aliment complet et \u00e9quilibr\u00e9 pour chats matures (de 7 \u00e0 12 ans).<\/p>\n","protected":false},"featured_media":7556,"template":"","meta":{"jetpack_publicize_message":"","jetpack_publicize_feature_enabled":true,"jetpack_social_post_already_shared":true,"jetpack_social_options":{"image_generator_settings":{"template":"highway","default_image_id":0,"font":"","enabled":false},"version":2}},"product_brand":[],"product_cat":[40,187],"product_tag":[],"class_list":{"0":"post-40999","1":"product","2":"type-product","3":"status-publish","4":"has-post-thumbnail","6":"product_cat-coquettes-pour-chat","7":"product_cat-destockage","9":"first","10":"instock","11":"sale","12":"taxable","13":"shipping-taxable","14":"purchasable","15":"product-type-simple"},"supplier_id":5587,"supplier_sku":"","barcode":null,"atum_controlled":true,"out_stock_date":null,"out_stock_threshold":null,"inheritable":false,"inbound_stock":0,"stock_on_hold":0,"sold_today":0,"sales_last_days":0,"reserved_stock":0,"customer_returns":0,"warehouse_damage":0,"lost_in_post":0,"other_logs":0,"out_stock_days":0,"lost_sales":0,"has_location":false,"update_date":"2026-04-29T16:30:01","atum_locations":[],"atum_stock_status":"instock","restock_status":false,"low_stock_amount":4,"sales_update_date":"2026-04-29T16:30:01","calc_backorders":null,"jetpack_publicize_connections":[],"jetpack_sharing_enabled":true,"batches":[{"id":"9184","date_created":"2026-04-29 15:19:50","date_expiry":"2026-10-15 00:00:00","user_id":"2461","batch_number":"RCIndoor3.5KG151026","location":"","quantity":"2.0000","quantity_available":"2.0000","units":"1","status":"active","order_ids":null,"supplier":"Royal Canin","po":{"id":"9107","date_created":"2026-04-29 15:19:50","batch_id":"9184","po_number":"","supplier":"Royal Canin","cost":null,"regular_price":null,"sale_price":null,"price_margin":null,"price_discount":null}},{"id":"9185","date_created":"2026-04-29 15:19:51","date_expiry":"2027-03-30 00:00:00","user_id":"2461","batch_number":"RCIndoor3.5KG300327","location":"","quantity":"1.0000","quantity_available":"1.0000","units":"1","status":"active","order_ids":null,"supplier":"Royal Canin","po":{"id":"9108","date_created":"2026-04-29 15:19:51","batch_id":"9185","po_number":"","supplier":"Royal Canin","cost":null,"regular_price":null,"sale_price":null,"price_margin":null,"price_discount":null}},{"id":"9186","date_created":"2026-04-29 15:19:52","date_expiry":"2027-07-30 00:00:00","user_id":"2461","batch_number":"RCIndoor3.5KG300727","location":"","quantity":"2.0000","quantity_available":"2.0000","units":"1","status":"active","order_ids":null,"supplier":"Royal Canin","po":{"id":"9109","date_created":"2026-04-29 15:19:52","batch_id":"9186","po_number":"","supplier":"Royal Canin","cost":null,"regular_price":null,"sale_price":null,"price_margin":null,"price_discount":null}}],"_links":{"self":[{"href":"https:\/\/petworld.ma\/index.php\/wp-json\/wp\/v2\/product\/40999","targetHints":{"allow":["GET"]}}],"collection":[{"href":"https:\/\/petworld.ma\/index.php\/wp-json\/wp\/v2\/product"}],"about":[{"href":"https:\/\/petworld.ma\/index.php\/wp-json\/wp\/v2\/types\/product"}],"wp:featuredmedia":[{"embeddable":true,"href":"https:\/\/petworld.ma\/index.php\/wp-json\/wp\/v2\/media\/7556"}],"wp:attachment":[{"href":"https:\/\/petworld.ma\/index.php\/wp-json\/wp\/v2\/media?parent=40999"}],"wp:term":[{"taxonomy":"product_brand","embeddable":true,"href":"https:\/\/petworld.ma\/index.php\/wp-json\/wp\/v2\/product_brand?post=40999"},{"taxonomy":"product_cat","embeddable":true,"href":"https:\/\/petworld.ma\/index.php\/wp-json\/wp\/v2\/product_cat?post=40999"},{"taxonomy":"product_tag","embeddable":true,"href":"https:\/\/petworld.ma\/index.php\/wp-json\/wp\/v2\/product_tag?post=40999"}],"curies":[{"name":"wp","href":"https:\/\/api.w.org\/{rel}","templated":true}]}}