{"id":41040,"date":"2026-04-29T19:29:46","date_gmt":"2026-04-29T19:29:46","guid":{"rendered":"https:\/\/petworld.ma\/?post_type=product&#038;p=41040"},"modified":"2026-04-29T19:38:14","modified_gmt":"2026-04-29T19:38:14","slug":"royal-canin-maine-coon-adulte-2-kg-promo","status":"publish","type":"product","link":"https:\/\/petworld.ma\/index.php\/produit\/royal-canin-maine-coon-adulte-2-kg-promo\/","title":{"rendered":"Royal Canin Maine Coon Adulte 2 Kg Promo*"},"content":{"rendered":"<div class=\"product-section description-section\">\n<div class=\"single-description fr-view\">\n<div>\n<div>\n<div>\n<h2>Aliment complet et \u00e9quilibr\u00e9 pour chats- Sp\u00e9cial chats adultes Maine Coon &#8211; \u00c0 partir de 15 mois.<\/h2>\n<\/div>\n<\/div>\n<\/div>\n<div>\n<div>\n<div>La formule ROYAL CANIN\u00ae Maine Coon Adult est sp\u00e9cialement con\u00e7ue en fonction des besoins de cette race si particuli\u00e8re. Vous pouvez \u00eatre certain que r\u00e9pondre aux besoins nutritionnels de votre Maine Coon est aussi important pour nous que pour vous. \u00a0 Le Maine Coon est le plus grand chat domestique au monde, et il se caract\u00e9rise \u00e0 la fois par sa stature imposante et sa nature tr\u00e8s douce. Son ossature solide et son corps musculeux peuvent le rendre jusqu\u2019\u00e0 trois fois plus lourd qu\u2019un chat moyen. \u00a0 En raison de sa grande taille et de sa structure osseuse, il est essentiel d\u2019accorder une attention toute particuli\u00e8re \u00e0 son \u00e9tat de sant\u00e9 g\u00e9n\u00e9ral et \u00e0 ses articulations. \u00a0 ROYAL CANIN\u00ae Maine Coon Adult est enrichi en taurine, en DHA et EPA (des acides gras om\u00e9ga-3) pour contribuer au renforcement d\u2019un bon fonctionnement cardiaque. \u00a0 La grande m\u00e2choire du Maine Coon lui fait saisir et m\u00e2cher sa nourriture de fa\u00e7on bien particuli\u00e8re. C\u2019est pourquoi les croquettes ROYAL CANIN\u00ae Maine Coon Adult sont assez grosses et de forme cubique, afin de favoriser une mastication prolong\u00e9e ainsi qu\u2019une bonne hygi\u00e8ne buccale. \u00a0 Pour r\u00e9pondre aux pr\u00e9f\u00e9rences individuelles de chaque chat, ROYAL CANIN\u00ae Maine Coon Adult est \u00e9galement disponible sous forme d&rsquo;aliment humide en \u00e9minc\u00e9es en sauce. Si vous envisagez une alimentation mixte, suivez simplement nos instructions pour vous assurer que votre chat re\u00e7oit une quantit\u00e9 ad\u00e9quate d\u2019aliments secs et humides pour un b\u00e9n\u00e9fice optimal.<\/div>\n<h3>\u00a0Informations Nutritionnelles :<\/h3>\n<div>\n<div>Additifs (au kg)\u00a0: Additifs nutritionnels\u00a0: Vitamine A\u00a0: 30500\u00a0UI, Vitamine D3\u00a0: 800\u00a0UI, E1 (Fer)\u00a0: 40\u00a0mg, E2 (Iode)\u00a0: 4\u00a0mg, E4 (Cuivre)\u00a0: 12\u00a0mg, E5 (Mangan\u00e8se)\u00a0: 51\u00a0mg, E6 (Zinc)\u00a0: 154\u00a0mg, E8 (S\u00e9l\u00e9-nium)\u00a0: 0,08\u00a0mg, Taurine\u00a0: 2,58\u00a0g\u00a0&#8211; Additifs technologiques\u00a0: Clinoptilolite d\u2019origine s\u00e9dimentaire\u00a0: 10\u00a0g\u00a0&#8211; Additifs sensoriels\u00a0: Extrait de th\u00e9 (source de polyph\u00e9nols)\u00a0: 0,6\u00a0g\u00a0&#8211; Conservateurs\u00a0&#8211; Antioxyg\u00e8nes.<\/div>\n<div>Composition : prot\u00e9ines de volaille d\u00e9shydrat\u00e9es, riz, ma\u00efs, graisses animales, gluten de ma\u00efs, isolat de prot\u00e9ines v\u00e9g\u00e9tales*, fibres v\u00e9g\u00e9tales, hydrolysat de prot\u00e9ines animales, pulpe de betterave, sels min\u00e9raux, huile de poisson, huile de soja, t\u00e9guments et graines de psyllium, levures et composants de levures, fructo-oligosaccharides, hydrolysat de levure (source de mannan-oligosaccharides), huile de bourrache, hydrolysat de crustac\u00e9 (source de glucosamine), extrait de rose d\u2019Inde (source de lut\u00e9ine), hydrolysat de cartilage (source de chondro\u00eftine). *L.I.P.: prot\u00e9ines s\u00e9lectionn\u00e9es pour leur tr\u00e8s haute digestibilit\u00e9.<\/div>\n<div>Mode d\u2019emploi\u00a0: voir tableau. Num\u00e9ro de lot et d\u2019identifiant usine, \u00e0 utiliser de pr\u00e9f\u00e9rence avant\u00a0: voir sur l\u2019emballage. \u00c0 conserver dans un endroit sec et frais.<\/div>\n<h3>\u00a0B\u00e9n\u00e9fices :<\/h3>\n<div>\n<ul>\n<li>\n<div>Sp\u00e9cial grande m\u00e2choire<\/div>\n<div>Cette croquette exclusive \u00ab King size \u00bb en forme de cube est adapt\u00e9e \u00e0 la grande m\u00e2choire carr\u00e9e du chat Maine Coon. Elle encourage la mastication pour favoriser l\u2019hygi\u00e8ne bucco-dentaire.<\/div>\n<\/li>\n<li>\n<div>Soutien des articulations<\/div>\n<div>La grande taille et la stature imposante du chat Maine Coon peuvent solliciter les articulations tout au long de sa vie. Formul\u00e9 pour maintenir la sant\u00e9 des os et des articulations. Enrichi en EPA et DHA.<\/div>\n<\/li>\n<li>\n<div>Sant\u00e9 cardiaque<\/div>\n<div>Enrichi en nutriments comme la taurine, l\u2019EPA et le DHA pour aider \u00e0 maintenir la sant\u00e9 de la fonction cardiaque.<\/div>\n<\/li>\n<li>\n<div>Sant\u00e9 de la peau et du pelage<\/div>\n<div>Le chat Maine Coon a un pelage dense mi-long avec un sous-poil fin et doux. Contient une combinaison de nutriments sp\u00e9cifiques comprenant des acides amin\u00e9s, des vitamines, des acides gras om\u00e9ga-3 et om\u00e9ga-6 pour aider \u00e0 maintenir la sant\u00e9 de la peau et du pelage.<\/div>\n<\/li>\n<li>\n<div>Sant\u00e9 urinaire<\/div>\n<div>Formul\u00e9 avec un \u00e9quilibre de min\u00e9raux pour contribuer \u00e0 la sant\u00e9 du syst\u00e8me urinaire du chat adulte.<\/div>\n<\/li>\n<\/ul>\n<h3>\u00a0Rations :<\/h3>\n<table>\n<thead>\n<tr>\n<th>Poids du chat<\/th>\n<th>Activit\u00e9 faible (Aliment sec)<\/th>\n<th>Activit\u00e9 faible (Aliment sec + humide)<\/th>\n<th>Activit\u00e9 mod\u00e9r\u00e9e (Aliment sec)<\/th>\n<th>Activit\u00e9 mod\u00e9r\u00e9e (Aliment sec + humide)<\/th>\n<\/tr>\n<\/thead>\n<tbody>\n<tr>\n<td>4 \u00e0 5 kg<\/td>\n<td>41 &#8211; 48 g<\/td>\n<td>20 &#8211; 27 g + 1 sachet<\/td>\n<td>52 &#8211; 60 g<\/td>\n<td>30 &#8211; 39 g + 1 sachet<\/td>\n<\/tr>\n<tr>\n<td>6 \u00e0 7 kg<\/td>\n<td>55 &#8211; 61 g<\/td>\n<td>34 &#8211; 40 g + 1 sachet<\/td>\n<td>69 &#8211; 77 g<\/td>\n<td>47 &#8211; 55 g + 1 sachet<\/td>\n<\/tr>\n<tr>\n<td>8 \u00e0 9 kg<\/td>\n<td>67 &#8211; 73 g<\/td>\n<td>46 &#8211; 52 g + 1 sachet<\/td>\n<td>84 &#8211; 92 g<\/td>\n<td>63 &#8211; 70g + 1 sachet<\/td>\n<\/tr>\n<tr>\n<td>10 kg<\/td>\n<td>79 g<\/td>\n<td>58 g + 1 sachet<\/td>\n<td>99 g<\/td>\n<td>78 g + 1 sachet<\/td>\n<\/tr>\n<\/tbody>\n<\/table>\n<p><a href=\"https:\/\/wa.me\/212708052510\" target=\"_blank\" rel=\"noopener noreferrer\"><img decoding=\"async\" class=\"fr-fic fr-dib aligncenter\" src=\"https:\/\/cdn.youcan.shop\/stores\/d0742d556df94ddbc7ae4c9810aff04b\/others\/1bBuFJgjFZmF4IF3FqeCrUnyZKc1AjqgFRPd3ll0.png\" width=\"307\" height=\"81\" data-name=\"stores\/d0742d556df94ddbc7ae4c9810aff04b\/others\/1bBuFJgjFZmF4IF3FqeCrUnyZKc1AjqgFRPd3ll0.png\" \/><\/a><\/p>\n<\/div>\n<\/div>\n<\/div>\n<\/div>\n<\/div>\n<\/div>\n<div class=\"product-section add-to-cart-section\">\n<div class=\"quantity\"><\/div>\n<\/div>\n","protected":false},"excerpt":{"rendered":"<p>Aliment complet et \u00e9quilibr\u00e9 pour chats- Sp\u00e9cial chats adultes Maine Coon &#8211; \u00c0 partir de 15 mois. La formule ROYAL CANIN\u00ae Maine Coon Adult est sp\u00e9cialement con\u00e7ue en fonction des besoins de cette race si particuli\u00e8re. Vous pouvez \u00eatre certain que r\u00e9pondre aux besoins nutritionnels de votre Maine Coon est aussi important pour nous que [&#8230;]\n","protected":false},"featured_media":797,"template":"","meta":{"jetpack_publicize_message":"","jetpack_publicize_feature_enabled":true,"jetpack_social_post_already_shared":true,"jetpack_social_options":{"image_generator_settings":{"template":"highway","default_image_id":0,"font":"","enabled":false},"version":2}},"product_brand":[],"product_cat":[40,187],"product_tag":[],"class_list":{"0":"post-41040","1":"product","2":"type-product","3":"status-publish","4":"has-post-thumbnail","6":"product_cat-coquettes-pour-chat","7":"product_cat-destockage","9":"first","10":"instock","11":"sale","12":"taxable","13":"shipping-taxable","14":"purchasable","15":"product-type-simple"},"supplier_id":5587,"supplier_sku":"","barcode":null,"atum_controlled":true,"out_stock_date":null,"out_stock_threshold":null,"inheritable":false,"inbound_stock":0,"stock_on_hold":0,"sold_today":0,"sales_last_days":0,"reserved_stock":0,"customer_returns":0,"warehouse_damage":0,"lost_in_post":0,"other_logs":0,"out_stock_days":0,"lost_sales":0,"has_location":false,"update_date":"2026-04-29T19:51:39","atum_locations":[],"atum_stock_status":"instock","restock_status":false,"low_stock_amount":6,"sales_update_date":"2026-04-29T19:51:39","calc_backorders":null,"jetpack_publicize_connections":[],"jetpack_sharing_enabled":true,"batches":[{"id":"9194","date_created":"2026-04-29 19:38:11","date_expiry":"2027-03-02 00:00:00","user_id":"2461","batch_number":"RCmaineCoonA2KG020327","location":"","quantity":"4.0000","quantity_available":"4.0000","units":"1","status":"active","order_ids":null,"supplier":"Royal Canin","po":{"id":"9117","date_created":"2026-04-29 19:38:12","batch_id":"9194","po_number":"","supplier":"Royal Canin","cost":null,"regular_price":null,"sale_price":null,"price_margin":null,"price_discount":null}},{"id":"9195","date_created":"2026-04-29 19:38:12","date_expiry":"2027-05-30 00:00:00","user_id":"2461","batch_number":"RCmaineCoonA2KG300527","location":"","quantity":"2.0000","quantity_available":"2.0000","units":"1","status":"active","order_ids":null,"supplier":"Royal Canin","po":{"id":"9118","date_created":"2026-04-29 19:38:12","batch_id":"9195","po_number":"","supplier":"Royal Canin","cost":null,"regular_price":null,"sale_price":null,"price_margin":null,"price_discount":null}},{"id":"9196","date_created":"2026-04-29 19:38:13","date_expiry":"2027-07-30 00:00:00","user_id":"2461","batch_number":"RCmaineCoonA2KG300727","location":"","quantity":"1.0000","quantity_available":"1.0000","units":"1","status":"active","order_ids":null,"supplier":"Royal Canin","po":{"id":"9119","date_created":"2026-04-29 19:38:14","batch_id":"9196","po_number":"","supplier":"Royal Canin","cost":null,"regular_price":null,"sale_price":null,"price_margin":null,"price_discount":null}}],"_links":{"self":[{"href":"https:\/\/petworld.ma\/index.php\/wp-json\/wp\/v2\/product\/41040","targetHints":{"allow":["GET"]}}],"collection":[{"href":"https:\/\/petworld.ma\/index.php\/wp-json\/wp\/v2\/product"}],"about":[{"href":"https:\/\/petworld.ma\/index.php\/wp-json\/wp\/v2\/types\/product"}],"wp:featuredmedia":[{"embeddable":true,"href":"https:\/\/petworld.ma\/index.php\/wp-json\/wp\/v2\/media\/797"}],"wp:attachment":[{"href":"https:\/\/petworld.ma\/index.php\/wp-json\/wp\/v2\/media?parent=41040"}],"wp:term":[{"taxonomy":"product_brand","embeddable":true,"href":"https:\/\/petworld.ma\/index.php\/wp-json\/wp\/v2\/product_brand?post=41040"},{"taxonomy":"product_cat","embeddable":true,"href":"https:\/\/petworld.ma\/index.php\/wp-json\/wp\/v2\/product_cat?post=41040"},{"taxonomy":"product_tag","embeddable":true,"href":"https:\/\/petworld.ma\/index.php\/wp-json\/wp\/v2\/product_tag?post=41040"}],"curies":[{"name":"wp","href":"https:\/\/api.w.org\/{rel}","templated":true}]}}