{"id":41044,"date":"2026-04-29T20:19:59","date_gmt":"2026-04-29T20:19:59","guid":{"rendered":"https:\/\/petworld.ma\/?post_type=product&#038;p=41044"},"modified":"2026-04-29T20:24:02","modified_gmt":"2026-04-29T20:24:02","slug":"royal-canin-bengal-adulte-2-kg-promo-2","status":"publish","type":"product","link":"https:\/\/petworld.ma\/index.php\/produit\/royal-canin-bengal-adulte-2-kg-promo-2\/","title":{"rendered":"Royal Canin Bengal Adulte 2 Kg Promo*"},"content":{"rendered":"<p><strong>Aliment complet et \u00e9quilibr\u00e9 pour chats &#8211; Sp\u00e9cial chats adultes Bengal &#8211; \u00c0 partir de 12 mois.<\/strong><\/p>\n<p>ROYAL CANIN\u00ae Bengal Adult a \u00e9t\u00e9 exclusivement formul\u00e9 pour r\u00e9pondre aux besoins nutritionnels de votre chat Bengal. Gr\u00e2ce \u00e0 sa forte teneur en prot\u00e9ines et sa teneur en mati\u00e8res grasses adapt\u00e9e, cette formule contribue \u00e0 entretenir la masse musculaire de votre chat Bengal afin de pr\u00e9server son mode de vie actif. \u00a0 Afin de favoriser la bonne digestion de votre chat Bengal, il est conseill\u00e9 de lui offrir un alimentation hautement digeste et riche en prot\u00e9ines. C\u2019est pourquoi ROYAL CANIN\u00ae Bengal Adult contient des prot\u00e9ines L.I.P. (prot\u00e9ines hyperdigestibles) sp\u00e9cialement s\u00e9lectionn\u00e9es pour leur forte digestibilit\u00e9. Cette formule inclut \u00e9galement des pr\u00e9biotiques qui favorisent le bon \u00e9quilibre de la flore intestinale. \u00a0 L\u2019extraordinaire pelage de votre chat Bengal exige une attention et des soins particuliers afin de le maintenir en excellente condition. La formule ROYAL CANIN\u00ae Bengal Adult contient des acides amin\u00e9s, des vitamines ainsi que des acides gras om\u00e9ga-3 et om\u00e9ga-6 sp\u00e9cifiques pour contribuer \u00e0 garder son pelage brillant et sa peau en pleine sant\u00e9.<\/p>\n<p>Composition : prot\u00e9ines de volaille d\u00e9shydrat\u00e9es, isolat de prot\u00e9ines v\u00e9g\u00e9tales*, bl\u00e9, graisses animales, gluten de ma\u00efs, ma\u00efs, hydrolysat de prot\u00e9ines animales, riz, fibres v\u00e9g\u00e9tales, pulpe de chicor\u00e9e, sels min\u00e9raux, huile de poisson, huile de soja, levures et composants de levures, fructo-oligosaccharides, huile de bourrache, extrait de rose d\u2019Inde (source de lut\u00e9ine).<\/p>\n<p>Additifs (au kg)\u00a0: Additifs nutritionnels\u00a0: Vitamine A\u00a0: 31000\u00a0UI, Vitamine D3\u00a0: 800\u00a0UI, E1 (Fer)\u00a0: 32\u00a0mg, E2 (Iode)\u00a0: 3,2\u00a0mg, E4 (Cuivre)\u00a0: 10\u00a0mg, E5 (Mangan\u00e8se)\u00a0: 42\u00a0mg, E6 (Zinc)\u00a0: 126\u00a0mg, E8 (S\u00e9l\u00e9nium)\u00a0: 0,07\u00a0mg\u00a0&#8211; Additifs technologiques\u00a0: Clinoptilolite d\u2019origine s\u00e9dimentaire\u00a0: 10\u00a0g\u00a0&#8211; Conservateurs\u00a0&#8211; Antioxyg\u00e8nes.<\/p>\n<p>Constituants analytiques : Prot\u00e9ine : 40 % &#8211; Teneur en mati\u00e8res grasses : 18 % &#8211; Cendres brutes : 7,7 % &#8211; Cellulose brute : 3,8 % &#8211; Au kg : Acides gras om\u00e9ga 6 : 43,1 g &#8211; Acides gras om\u00e9ga 3 : 10,1 g.<\/p>\n<table class=\" aligncenter\">\n<thead>\n<tr>\n<th>Poids du chat<\/th>\n<th>Chat s\u00e9dentaire<\/th>\n<th>Chat actif<\/th>\n<\/tr>\n<\/thead>\n<tbody>\n<tr>\n<td>3-4 kg<\/td>\n<td>34-41 g (ou 1 sachet +12-20 g)<\/td>\n<td>42-51 g (ou 1 sachet +21-30 g)<\/td>\n<\/tr>\n<tr>\n<td>5-6 kg<\/td>\n<td>48-55 g (ou 1 sachet + 27-34 g)<\/td>\n<td>60-69 g (ou 1 sachet + 39-48 g)<\/td>\n<\/tr>\n<tr>\n<td>7-8 kg<\/td>\n<td>61-67 g (ou 1 sachet + 40-46 g)<\/td>\n<td>77-84 g (ou 1 sachet + 55-63 g)<\/td>\n<\/tr>\n<\/tbody>\n<\/table>\n","protected":false},"excerpt":{"rendered":"<p>Aliment complet et \u00e9quilibr\u00e9 pour chats &#8211; Sp\u00e9cial chats adultes Bengal &#8211; \u00c0 partir de 12 mois. ROYAL CANIN\u00ae Bengal Adult a \u00e9t\u00e9 exclusivement formul\u00e9 pour r\u00e9pondre aux besoins nutritionnels de votre chat Bengal. Gr\u00e2ce \u00e0 sa forte teneur en prot\u00e9ines et sa teneur en mati\u00e8res grasses adapt\u00e9e, cette formule contribue \u00e0 entretenir la masse [&#8230;]\n","protected":false},"featured_media":264,"template":"","meta":{"jetpack_publicize_message":"","jetpack_publicize_feature_enabled":true,"jetpack_social_post_already_shared":true,"jetpack_social_options":{"image_generator_settings":{"template":"highway","default_image_id":0,"font":"","enabled":false},"version":2}},"product_brand":[],"product_cat":[40],"product_tag":[],"class_list":{"0":"post-41044","1":"product","2":"type-product","3":"status-publish","4":"has-post-thumbnail","6":"product_cat-coquettes-pour-chat","8":"first","9":"instock","10":"sale","11":"taxable","12":"shipping-taxable","13":"purchasable","14":"product-type-simple"},"supplier_id":5587,"supplier_sku":"","barcode":null,"atum_controlled":true,"out_stock_date":null,"out_stock_threshold":null,"inheritable":false,"inbound_stock":0,"stock_on_hold":0,"sold_today":0,"sales_last_days":0,"reserved_stock":0,"customer_returns":0,"warehouse_damage":0,"lost_in_post":0,"other_logs":0,"out_stock_days":0,"lost_sales":0,"has_location":false,"update_date":"2026-04-29T20:30:16","atum_locations":[],"atum_stock_status":"instock","restock_status":false,"low_stock_amount":2,"sales_update_date":"2026-04-29T20:30:16","calc_backorders":null,"jetpack_publicize_connections":[],"jetpack_sharing_enabled":true,"batches":[{"id":"9198","date_created":"2026-04-29 20:24:01","date_expiry":"2027-06-20 00:00:00","user_id":"2461","batch_number":"RCBengal020627","location":"","quantity":"1.0000","quantity_available":"1.0000","units":"1","status":"active","order_ids":null,"supplier":"Royal Canin","po":{"id":"9121","date_created":"2026-04-29 20:24:02","batch_id":"9198","po_number":"","supplier":"Royal Canin","cost":null,"regular_price":null,"sale_price":null,"price_margin":null,"price_discount":null}}],"_links":{"self":[{"href":"https:\/\/petworld.ma\/index.php\/wp-json\/wp\/v2\/product\/41044","targetHints":{"allow":["GET"]}}],"collection":[{"href":"https:\/\/petworld.ma\/index.php\/wp-json\/wp\/v2\/product"}],"about":[{"href":"https:\/\/petworld.ma\/index.php\/wp-json\/wp\/v2\/types\/product"}],"wp:featuredmedia":[{"embeddable":true,"href":"https:\/\/petworld.ma\/index.php\/wp-json\/wp\/v2\/media\/264"}],"wp:attachment":[{"href":"https:\/\/petworld.ma\/index.php\/wp-json\/wp\/v2\/media?parent=41044"}],"wp:term":[{"taxonomy":"product_brand","embeddable":true,"href":"https:\/\/petworld.ma\/index.php\/wp-json\/wp\/v2\/product_brand?post=41044"},{"taxonomy":"product_cat","embeddable":true,"href":"https:\/\/petworld.ma\/index.php\/wp-json\/wp\/v2\/product_cat?post=41044"},{"taxonomy":"product_tag","embeddable":true,"href":"https:\/\/petworld.ma\/index.php\/wp-json\/wp\/v2\/product_tag?post=41044"}],"curies":[{"name":"wp","href":"https:\/\/api.w.org\/{rel}","templated":true}]}}