{"id":41052,"date":"2026-04-29T22:00:26","date_gmt":"2026-04-29T22:00:26","guid":{"rendered":"https:\/\/petworld.ma\/?post_type=product&#038;p=41052"},"modified":"2026-04-29T22:04:17","modified_gmt":"2026-04-29T22:04:17","slug":"royal-canin-chat-ageing-11-2-kg-promo","status":"publish","type":"product","link":"https:\/\/petworld.ma\/index.php\/produit\/royal-canin-chat-ageing-11-2-kg-promo\/","title":{"rendered":"Royal Canin Chat Ageing 11+ 2 Kg Promo*"},"content":{"rendered":"<div>\n<div class=\"sc-jXbUNg heEmZS\" data-qa=\"product-benefits-item\">\n<div class=\"sc-dhKdcB bOsUiC\">\n<h3 class=\"sc-kpDqfm gjDbHH\" data-qa=\"product-benefits-item-subtitle\">Stimulation de l\u2019app\u00e9tit<\/h3>\n<p class=\"sc-dAlyuH djnyql\" data-qa=\"product-benefits-item-text\">Chez les chats seniors, les sens du go\u00fbt et de l\u2019odorat diminuent avec l\u2019\u00e2ge, ce qui se traduit par une r\u00e9duction de la prise alimentaire et une perte de poids. ROYAL CANIN\u00ae Senior Ageing 12+ aide \u00e0 stimuler l\u2019app\u00e9tit des chats seniors gr\u00e2ce \u00e0 une croquette tr\u00e8s app\u00e9tente \u00e0 double texture, facile \u00e0 m\u00e2cher.<\/p>\n<\/div>\n<\/div>\n<div class=\"sc-jXbUNg heEmZS\" data-qa=\"product-benefits-item\">\n<div class=\"sc-dhKdcB bOsUiC\">\n<h3 class=\"sc-kpDqfm gjDbHH\" data-qa=\"product-benefits-item-subtitle\">Aide \u00e0 bien vieillir<\/h3>\n<p class=\"sc-dAlyuH djnyql\" data-qa=\"product-benefits-item-text\">Un complexe d\u2019antioxydants comprenant du lycop\u00e8ne et des acides gras om\u00e9ga 3 aide l\u2019organisme \u00e0 faire face aux effets de l\u2019\u00e2ge.<\/p>\n<\/div>\n<\/div>\n<div class=\"sc-jXbUNg heEmZS\" data-qa=\"product-benefits-item\">\n<div class=\"sc-dhKdcB bOsUiC\">\n<h3 class=\"sc-kpDqfm gjDbHH\" data-qa=\"product-benefits-item-subtitle\">Sant\u00e9 r\u00e9nale<\/h3>\n<p class=\"sc-dAlyuH djnyql\" data-qa=\"product-benefits-item-text\">Aide \u00e0 maintenir la bonne sant\u00e9 r\u00e9nale gr\u00e2ce \u00e0 un niveau de phosphore mod\u00e9r\u00e9.<\/p>\n<\/div>\n<\/div>\n<div class=\"sc-jXbUNg heEmZS\" data-qa=\"product-benefits-item\">\n<div class=\"sc-dhKdcB bOsUiC\">\n<h3 class=\"sc-kpDqfm gjDbHH\" data-qa=\"product-benefits-item-subtitle\">Sant\u00e9 urinaire<\/h3>\n<p class=\"sc-dAlyuH djnyql\" data-qa=\"product-benefits-item-text\">Formul\u00e9 pour contribuer \u00e0 la bonne sant\u00e9 du syst\u00e8me urinaire du chat adulte.<\/p>\n<\/div>\n<p data-qa=\"product-benefits-item-text\">ROYAL CANIN\u00ae Senior Ageing 12+ convient aux chats de plus de 12 ans et est sp\u00e9cialement formul\u00e9 pour r\u00e9pondre aux besoins nutritionnels des chats \u00e2g\u00e9s comme le v\u00f4tre. Cet aliment contient des croquettes tr\u00e8s app\u00e9tissantes \u00e0 double texture (croquantes \u00e0 l\u2019ext\u00e9rieur et moelleuses \u00e0 l\u2019int\u00e9rieur) qui aident \u00e0 stimuler l\u2019app\u00e9tit de votre chat \u00e2g\u00e9. \u00a0 ROYAL CANIN\u00ae Senior Ageing 12+ contient un complexe d\u2019antioxydants qui soutient les chats \u00e2g\u00e9s tout au long de leur processus de vieillissement. \u00a0 Gr\u00e2ce \u00e0 une teneur mod\u00e9r\u00e9e en phosphore, ROYAL CANIN\u00ae Senior Ageing 12+ aide \u00e9galement \u00e0 maintenir un bon fonctionnement r\u00e9nal, ce qui est essentiel pour les chats plus \u00e2g\u00e9s. \u00a0 Pour r\u00e9pondre aux pr\u00e9f\u00e9rences individuelles de chaque chat, ROYAL CANIN\u00ae Senior Ageing 12+ est \u00e9galement disponible sous forme d\u2019\u00e9minc\u00e9 en sauce ou en gel\u00e9e. Si vous envisagez une alimentation mixte, il vous suffit de suivre nos instructions pour vous assurer que votre chat re\u00e7oit la quantit\u00e9 de nourriture s\u00e8che et humide n\u00e9cessaire pour un b\u00e9n\u00e9fice optimal.<\/p>\n<p data-qa=\"product-benefits-item-text\"><strong>Composition<\/strong> : isolat de prot\u00e9ines v\u00e9g\u00e9tales*, farine de bl\u00e9 pr\u00e9cuite, graisses animales, prot\u00e9ines de volaille d\u00e9shydrat\u00e9es, riz, ma\u00efs, fibres v\u00e9g\u00e9tales, hydrolysat de prot\u00e9ines animales, pulpe de chicor\u00e9e, sels min\u00e9raux, huile de poisson, huile de soja, levures et composants de levures, tomate (source de lycop\u00e8ne), fructo-oligosaccharides, t\u00e9guments et graines de psyllium, hydrolysat de levure (source de manno-oligosaccharides), hydrolysat de crustac\u00e9 (source de glucosamine), huile de bourrache, extrait de rose d\u2019Inde (source de lut\u00e9ine), hydrolysat de cartilage (source de chondro\u00eftine).<\/p>\n<table>\n<thead>\n<tr>\n<th>Poids du chat<\/th>\n<th>Poids id\u00e9al<\/th>\n<th>Embonpoint<\/th>\n<\/tr>\n<\/thead>\n<tbody>\n<tr>\n<td>3 kg<\/td>\n<td>42 g (ou 23 g + 1 sachet)<\/td>\n<td>33 g (ou 15 g + 1 sachet)<\/td>\n<\/tr>\n<tr>\n<td>4 kg<\/td>\n<td>51 g (ou 33g + 1 sachet)<\/td>\n<td>41 g (ou 22 g + 1 sachet)<\/td>\n<\/tr>\n<tr>\n<td>5 kg<\/td>\n<td>60 g (41 g + 1 sachet)<\/td>\n<td>48 g (ou 29 g + 1 sachet)<\/td>\n<\/tr>\n<tr>\n<td>6 kg<\/td>\n<td>68 g (ou 50 g + 1 sachet)<\/td>\n<td>54 g (ou 36 g + 1 sachet)<\/td>\n<\/tr>\n<\/tbody>\n<\/table>\n<\/div>\n<\/div>\n<div>\n<div>\n<div>\n<div><\/div>\n<\/div>\n<\/div>\n<\/div>\n","protected":false},"excerpt":{"rendered":"<p>Les chats qui vieillissent ont des besoins nutritionnels diff\u00e9rents de ceux de leurs cong\u00e9n\u00e8res plus jeunes, aussi est-il important de modifier l\u2019alimentation de votre chat au fur et \u00e0 mesure qu\u2019il vieillit, pour s\u2019assurer de r\u00e9pondre au mieux \u00e0 ces besoins sp\u00e9cifiques.<\/p>\n","protected":false},"featured_media":39083,"template":"","meta":{"jetpack_publicize_message":"","jetpack_publicize_feature_enabled":true,"jetpack_social_post_already_shared":true,"jetpack_social_options":{"image_generator_settings":{"template":"highway","default_image_id":0,"font":"","enabled":false},"version":2}},"product_brand":[],"product_cat":[40],"product_tag":[],"class_list":{"0":"post-41052","1":"product","2":"type-product","3":"status-publish","4":"has-post-thumbnail","6":"product_cat-coquettes-pour-chat","8":"first","9":"instock","10":"sale","11":"taxable","12":"shipping-taxable","13":"purchasable","14":"product-type-simple"},"supplier_id":5587,"supplier_sku":"","barcode":null,"atum_controlled":true,"out_stock_date":null,"out_stock_threshold":null,"inheritable":false,"inbound_stock":0,"stock_on_hold":0,"sold_today":0,"sales_last_days":0,"reserved_stock":0,"customer_returns":0,"warehouse_damage":0,"lost_in_post":0,"other_logs":0,"out_stock_days":0,"lost_sales":0,"has_location":false,"update_date":"2026-04-29T22:49:06","atum_locations":[],"atum_stock_status":"instock","restock_status":false,"low_stock_amount":5,"sales_update_date":"2026-04-29T22:49:06","calc_backorders":null,"jetpack_publicize_connections":[],"jetpack_sharing_enabled":true,"batches":[{"id":"9214","date_created":"2026-04-29 22:04:17","date_expiry":"2027-01-12 00:00:00","user_id":"2461","batch_number":"RCChatA12+2KG120127","location":"","quantity":"3.0000","quantity_available":"3.0000","units":"1","status":"active","order_ids":null,"supplier":"Royal Canin","po":{"id":"9137","date_created":"2026-04-29 22:04:17","batch_id":"9214","po_number":"","supplier":"Royal Canin","cost":null,"regular_price":null,"sale_price":null,"price_margin":null,"price_discount":null}}],"_links":{"self":[{"href":"https:\/\/petworld.ma\/index.php\/wp-json\/wp\/v2\/product\/41052","targetHints":{"allow":["GET"]}}],"collection":[{"href":"https:\/\/petworld.ma\/index.php\/wp-json\/wp\/v2\/product"}],"about":[{"href":"https:\/\/petworld.ma\/index.php\/wp-json\/wp\/v2\/types\/product"}],"wp:featuredmedia":[{"embeddable":true,"href":"https:\/\/petworld.ma\/index.php\/wp-json\/wp\/v2\/media\/39083"}],"wp:attachment":[{"href":"https:\/\/petworld.ma\/index.php\/wp-json\/wp\/v2\/media?parent=41052"}],"wp:term":[{"taxonomy":"product_brand","embeddable":true,"href":"https:\/\/petworld.ma\/index.php\/wp-json\/wp\/v2\/product_brand?post=41052"},{"taxonomy":"product_cat","embeddable":true,"href":"https:\/\/petworld.ma\/index.php\/wp-json\/wp\/v2\/product_cat?post=41052"},{"taxonomy":"product_tag","embeddable":true,"href":"https:\/\/petworld.ma\/index.php\/wp-json\/wp\/v2\/product_tag?post=41052"}],"curies":[{"name":"wp","href":"https:\/\/api.w.org\/{rel}","templated":true}]}}