{"id":4130,"date":"2023-09-26T09:31:13","date_gmt":"2023-09-26T09:31:13","guid":{"rendered":"https:\/\/petworld.ma\/?post_type=product&#038;p=4130"},"modified":"2026-05-13T14:20:42","modified_gmt":"2026-05-13T14:20:42","slug":"ownat-classic-energy-chien-20kg","status":"publish","type":"product","link":"https:\/\/petworld.ma\/index.php\/produit\/ownat-classic-energy-chien-20kg\/","title":{"rendered":"Ownat Classic Energy (chien) 20Kg"},"content":{"rendered":"<p>Particuli\u00e8rement indiqu\u00e9 pour les chiens ayant un haut niveau d\u2019activit\u00e9 physique, chiens de travail et sportifs. Avec un taux de mati\u00e8res grasses \u00e9lev\u00e9 qui fournissent une source d\u2019\u00e9nergie concentr\u00e9e et \u00e9quilibr\u00e9e et d\u2019assimilation facile. Ainsi, le haut niveau de prot\u00e9ines permet d\u2019assurer le maintien de la musculature en parfaites conditions et \u00e9vite la perte de masse musculaire par l\u2019exercice physique.<\/p>\n<p><strong>Composition:<\/strong><\/p>\n<p>Viande 40% (viande d\u00e9shydrat\u00e9e 30%, poulet frais* 10% avant l&rsquo;extrusion), bl\u00e9 complet* (12%), graisse de poulet, riz complet* (8%), orge complet* (8%), ma\u00efs complet* (8%), petits pois entiers* (4%), son de bl\u00e9* (3%), caroube* (2%), pomme* (1%), huile de saumon, graines de lin* (1%), pulpe de betterave, fructo-oligosaccharides et mannane-oligosaccharides, levure de bi\u00e8re* (0,5%), plantes aromatiques 0,02% (fenouil*, \u00e9chinac\u00e9e*, thym*), yucca schidigera. *INGR\u00c9DIENTS NATURELS<\/p>\n<p><strong>Constituants analytiques:<\/strong><\/p>\n<div class=\"container-fluid\">\n<div class=\"row\">\n<div class=\"col-12 col-lg-7 product-bottom-tabs\">\n<div class=\"tab-content\">\n<div id=\"product-tab-custom-2\" class=\"tab-pane active\" role=\"tabpanel\">\n<div id=\"collap-prod-custom-2\" class=\"product-bottom-tab-content collapse\">\n<div class=\"inset-bottom-tab clearfix\">\n<div class=\"html-output\">Prot\u00e9ines : 29%, teneur en mati\u00e8res grasses : 15%, cellulose brute : 2,5%, mati\u00e8re inorganique : 7,5%, humidit\u00e9 : 8%, calcium : 1,5%, phosphore : 1%.<\/div>\n<\/div>\n<\/div>\n<\/div>\n<\/div>\n<\/div>\n<\/div>\n<\/div>\n<p><strong>Tableau des rations:<\/strong><\/p>\n<table>\n<tbody>\n<tr>\n<td>Poids chien (kg)<\/td>\n<td>Gr.\/ jour<\/td>\n<\/tr>\n<tr>\n<td>1-5<\/td>\n<td>40-125<\/td>\n<\/tr>\n<tr>\n<td>5-10<\/td>\n<td>125-200<\/td>\n<\/tr>\n<tr>\n<td>10-20<\/td>\n<td>200-300<\/td>\n<\/tr>\n<tr>\n<td>20-30<\/td>\n<td>300-425<\/td>\n<\/tr>\n<tr>\n<td>30-40<\/td>\n<td>425-520<\/td>\n<\/tr>\n<tr>\n<td>+40<\/td>\n<td>520-650<\/td>\n<\/tr>\n<\/tbody>\n<\/table>\n","protected":false},"excerpt":{"rendered":"<p>Particuli\u00e8rement indiqu\u00e9 pour les chiens ayant un haut niveau d\u2019activit\u00e9 physique, chiens de travail et sportifs. Avec un taux de mati\u00e8res grasses \u00e9lev\u00e9 qui fournissent une source d\u2019\u00e9nergie concentr\u00e9e et \u00e9quilibr\u00e9e et d\u2019assimilation facile. Ainsi, le haut niveau de prot\u00e9ines permet d\u2019assurer le maintien de la musculature en parfaites conditions et \u00e9vite la perte de [&#8230;]\n","protected":false},"featured_media":4389,"template":"","meta":{"jetpack_publicize_message":"","jetpack_publicize_feature_enabled":true,"jetpack_social_post_already_shared":false,"jetpack_social_options":{"image_generator_settings":{"template":"highway","default_image_id":0,"font":"","enabled":false},"version":2}},"product_brand":[],"product_cat":[26],"product_tag":[],"class_list":{"0":"post-4130","1":"product","2":"type-product","3":"status-publish","4":"has-post-thumbnail","6":"product_cat-croquettes","8":"first","9":"instock","10":"taxable","11":"shipping-taxable","12":"purchasable","13":"product-type-simple"},"supplier_id":5595,"supplier_sku":"49","barcode":null,"atum_controlled":true,"out_stock_date":null,"out_stock_threshold":null,"inheritable":false,"inbound_stock":0,"stock_on_hold":0,"sold_today":0,"sales_last_days":3,"reserved_stock":0,"customer_returns":0,"warehouse_damage":0,"lost_in_post":0,"other_logs":0,"out_stock_days":5,"lost_sales":785,"has_location":false,"update_date":"2026-05-13T14:20:44","atum_locations":[],"atum_stock_status":"instock","restock_status":false,"low_stock_amount":5,"sales_update_date":"2026-05-13T00:22:24","calc_backorders":null,"jetpack_publicize_connections":[],"jetpack_sharing_enabled":true,"batches":[{"id":"384","date_created":"2024-09-29 19:16:19","date_expiry":"2025-06-30 00:00:00","user_id":"2760","batch_number":"OwnatClassicEnergy(chien)20Kg0625","location":"","quantity":"1.0000","quantity_available":"0.0000","units":"1","status":"archived","order_ids":"[12165]","supplier":"Ownat","po":{"id":"374","date_created":"2024-09-29 19:16:20","batch_id":"384","po_number":"","supplier":"Ownat","cost":null,"regular_price":null,"sale_price":null,"price_margin":null,"price_discount":null}},{"id":"385","date_created":"2024-09-29 19:16:20","date_expiry":"2025-07-31 00:00:00","user_id":"2760","batch_number":"OwnatClassicEnergy(chien)20Kg0725","location":"","quantity":"1.0000","quantity_available":"0.0000","units":"1","status":"archived","order_ids":"[12214]","supplier":"Ownat","po":{"id":"375","date_created":"2024-09-29 19:16:20","batch_id":"385","po_number":"","supplier":"Ownat","cost":null,"regular_price":null,"sale_price":null,"price_margin":null,"price_discount":null}},{"id":"386","date_created":"2024-09-29 19:16:20","date_expiry":"2025-12-31 00:00:00","user_id":"2760","batch_number":"OwnatClassicEnergy(chien)20Kg1225","location":"","quantity":"1.0000","quantity_available":"0.0000","units":"1","status":"archived","order_ids":"[12727]","supplier":"Ownat","po":{"id":"376","date_created":"2024-09-29 19:16:20","batch_id":"386","po_number":"","supplier":"Ownat","cost":null,"regular_price":null,"sale_price":null,"price_margin":null,"price_discount":null}},{"id":"681","date_created":"2024-10-24 10:22:12","date_expiry":"2026-03-31 00:00:00","user_id":"2760","batch_number":"OwnatClassicEnergy(chien)20Kg0326","location":"","quantity":"10.0000","quantity_available":"0.0000","units":"1","status":"archived","order_ids":"[14667,14949,16292,16615,17516,18536,18731,18906,19594,19848,20080,20446]","supplier":"Ownat","po":{"id":"662","date_created":"2024-10-24 10:22:13","batch_id":"681","po_number":"","supplier":"Ownat","cost":null,"regular_price":null,"sale_price":null,"price_margin":null,"price_discount":null}},{"id":"2357","date_created":"2025-03-13 22:52:56","date_expiry":"2026-05-31 00:00:00","user_id":"2760","batch_number":"OwnatClassicEnergy(chien)20Kg0526","location":"","quantity":"1.0000","quantity_available":"0.0000","units":"1","status":"archived","order_ids":"[20446]","supplier":"Ownat","po":{"id":"2325","date_created":"2025-03-13 22:52:58","batch_id":"2357","po_number":"","supplier":"Ownat","cost":null,"regular_price":null,"sale_price":null,"price_margin":null,"price_discount":null}},{"id":"2691","date_created":"2025-04-04 22:24:12","date_expiry":"2026-05-31 00:00:00","user_id":"2760","batch_number":"OwnatClassicEnergy(chien)20Kg0526","location":"","quantity":"2.0000","quantity_available":"0.0000","units":"1","status":"archived","order_ids":"[21879,21946]","supplier":"Ownat","po":{"id":"2660","date_created":"2025-04-04 22:24:17","batch_id":"2691","po_number":"","supplier":"Ownat","cost":null,"regular_price":null,"sale_price":null,"price_margin":null,"price_discount":null}},{"id":"2982","date_created":"2025-04-11 20:52:06","date_expiry":"2026-05-31 00:00:00","user_id":"2760","batch_number":"OwnatClassicEnergy(chien)20Kg0526","location":"","quantity":"1.0000","quantity_available":"0.0000","units":"1","status":"archived","order_ids":"[21245]","supplier":"Ownat","po":{"id":"2950","date_created":"2025-04-11 20:52:12","batch_id":"2982","po_number":"","supplier":"Ownat","cost":null,"regular_price":null,"sale_price":null,"price_margin":null,"price_discount":null}},{"id":"3098","date_created":"2025-04-21 20:59:15","date_expiry":"2026-05-31 00:00:00","user_id":"2760","batch_number":"OwnatClassicEnergy(chien)20Kg0526","location":"","quantity":"2.0000","quantity_available":"0.0000","units":"1","status":"archived","order_ids":"[22474,23790]","supplier":"Ownat","po":{"id":"3065","date_created":"2025-04-21 20:59:16","batch_id":"3098","po_number":"","supplier":"Ownat","cost":null,"regular_price":null,"sale_price":null,"price_margin":null,"price_discount":null}},{"id":"3346","date_created":"2025-05-08 00:36:48","date_expiry":"2026-05-31 00:00:00","user_id":"2760","batch_number":"OwnatClassicEnergy(chien)20Kg0526","location":"","quantity":"1.0000","quantity_available":"0.0000","units":"1","status":"archived","order_ids":"[21878]","supplier":"Ownat","po":{"id":"3312","date_created":"2025-05-08 00:36:49","batch_id":"3346","po_number":"","supplier":"Ownat","cost":null,"regular_price":null,"sale_price":null,"price_margin":null,"price_discount":null}},{"id":"3495","date_created":"2025-05-19 18:31:17","date_expiry":"2026-05-31 00:00:00","user_id":"2760","batch_number":"OwnatClassicEnergy(chien)20Kg0526","location":"","quantity":"2.0000","quantity_available":"0.0000","units":"1","status":"archived","order_ids":"[23795]","supplier":"Ownat","po":{"id":"3463","date_created":"2025-05-19 18:31:20","batch_id":"3495","po_number":"","supplier":"Ownat","cost":null,"regular_price":null,"sale_price":null,"price_margin":null,"price_discount":null}},{"id":"3579","date_created":"2025-05-23 15:39:36","date_expiry":"2026-05-31 00:00:00","user_id":"2760","batch_number":"OwnatClassicEnergy(chien)20Kg0526","location":"","quantity":"1.0000","quantity_available":"0.0000","units":"1","status":"archived","order_ids":"[22474]","supplier":"Ownat","po":{"id":"3546","date_created":"2025-05-23 15:39:37","batch_id":"3579","po_number":"","supplier":"Ownat","cost":null,"regular_price":null,"sale_price":null,"price_margin":null,"price_discount":null}},{"id":"3769","date_created":"2025-06-03 20:29:46","date_expiry":"2026-05-31 00:00:00","user_id":"2760","batch_number":"OwnatClassicEnergy(chien)20Kg0526","location":"","quantity":"2.0000","quantity_available":"0.0000","units":"1","status":"archived","order_ids":"[23975,24117]","supplier":"Ownat","po":{"id":"3734","date_created":"2025-06-03 20:29:47","batch_id":"3769","po_number":"","supplier":"Ownat","cost":null,"regular_price":null,"sale_price":null,"price_margin":null,"price_discount":null}},{"id":"4180","date_created":"2025-06-30 21:15:08","date_expiry":"2026-11-30 00:00:00","user_id":"2760","batch_number":"OwnatClassicEnergy(chien)20Kg1126","location":"","quantity":"3.0000","quantity_available":"0.0000","units":"1","status":"archived","order_ids":"[24235,25087]","supplier":"Ownat","po":{"id":"4143","date_created":"2025-06-30 21:15:09","batch_id":"4180","po_number":"","supplier":"Ownat","cost":null,"regular_price":null,"sale_price":null,"price_margin":null,"price_discount":null}},{"id":"4278","date_created":"2025-07-08 20:21:37","date_expiry":"2026-11-30 00:00:00","user_id":"2760","batch_number":"OwnatClassicEnergy(chien)20Kg1126","location":"","quantity":"1.0000","quantity_available":"0.0000","units":"1","status":"archived","order_ids":"[24802]","supplier":"Ownat","po":{"id":"4241","date_created":"2025-07-08 20:21:38","batch_id":"4278","po_number":"","supplier":"Ownat","cost":null,"regular_price":null,"sale_price":null,"price_margin":null,"price_discount":null}},{"id":"4370","date_created":"2025-07-14 20:37:17","date_expiry":"2026-11-30 00:00:00","user_id":"2760","batch_number":"OwnatClassicEnergy(chien)20Kg1126","location":"","quantity":"2.0000","quantity_available":"0.0000","units":"1","status":"archived","order_ids":"[25576,26076]","supplier":"Ownat","po":{"id":"4334","date_created":"2025-07-14 20:37:17","batch_id":"4370","po_number":"","supplier":"Ownat","cost":null,"regular_price":null,"sale_price":null,"price_margin":null,"price_discount":null}},{"id":"4552","date_created":"2025-07-21 20:58:52","date_expiry":"2026-11-30 00:00:00","user_id":"2760","batch_number":"OwnatClassicEnergy(chien)20Kg1126","location":"","quantity":"1.0000","quantity_available":"0.0000","units":"1","status":"archived","order_ids":"[25080]","supplier":"Ownat","po":{"id":"4516","date_created":"2025-07-21 20:58:53","batch_id":"4552","po_number":"","supplier":"Ownat","cost":null,"regular_price":null,"sale_price":null,"price_margin":null,"price_discount":null}},{"id":"4651","date_created":"2025-08-01 09:09:45","date_expiry":"2026-11-30 00:00:00","user_id":"2760","batch_number":"OwnatClassicEnergy(chien)20Kg1126","location":"","quantity":"3.0000","quantity_available":"0.0000","units":"1","status":"archived","order_ids":"[27262,28185,28471]","supplier":"Ownat","po":{"id":"4615","date_created":"2025-08-01 09:09:46","batch_id":"4651","po_number":"","supplier":"Ownat","cost":null,"regular_price":null,"sale_price":null,"price_margin":null,"price_discount":null}},{"id":"4915","date_created":"2025-08-16 08:39:14","date_expiry":"2026-11-30 00:00:00","user_id":"2760","batch_number":"OwnatClassicEnergy(chien)20Kg1126","location":"","quantity":"1.0000","quantity_available":"0.0000","units":"1","status":"archived","order_ids":"[26553]","supplier":"Ownat","po":{"id":"4879","date_created":"2025-08-16 08:39:14","batch_id":"4915","po_number":"","supplier":"Ownat","cost":null,"regular_price":null,"sale_price":null,"price_margin":null,"price_discount":null}},{"id":"5023","date_created":"2025-08-29 11:47:37","date_expiry":"2026-11-30 00:00:00","user_id":"2760","batch_number":"OwnatClassicEnergy(chien)20Kg1126","location":"","quantity":"1.0000","quantity_available":"0.0000","units":"1","status":"archived","order_ids":"[26616]","supplier":"Ownat","po":{"id":"4987","date_created":"2025-08-29 11:47:38","batch_id":"5023","po_number":"","supplier":"Ownat","cost":null,"regular_price":null,"sale_price":null,"price_margin":null,"price_discount":null}},{"id":"5222","date_created":"2025-09-08 15:41:21","date_expiry":"2026-11-30 00:00:00","user_id":"2760","batch_number":"OwnatClassicEnergy(chien)20Kg1126","location":"","quantity":"2.0000","quantity_available":"0.0000","units":"1","status":"archived","order_ids":"[27262]","supplier":"Ownat","po":{"id":"5179","date_created":"2025-09-08 15:41:22","batch_id":"5222","po_number":"","supplier":"Ownat","cost":null,"regular_price":null,"sale_price":null,"price_margin":null,"price_discount":null}},{"id":"5470","date_created":"2025-09-23 10:27:31","date_expiry":"2026-11-30 00:00:00","user_id":"2760","batch_number":"OwnatClassicEnergy(chien)20Kg1126","location":"","quantity":"2.0000","quantity_available":"0.0000","units":"1","status":"archived","order_ids":"[28900,29148]","supplier":"Ownat","po":{"id":"5426","date_created":"2025-09-23 10:27:37","batch_id":"5470","po_number":"","supplier":"Ownat","cost":null,"regular_price":null,"sale_price":null,"price_margin":null,"price_discount":null}},{"id":"5629","date_created":"2025-10-03 14:30:49","date_expiry":"2026-11-30 00:00:00","user_id":"2760","batch_number":"OwnatClassicEnergy(chien)20Kg1126","location":"","quantity":"2.0000","quantity_available":"0.0000","units":"1","status":"archived","order_ids":"[29227,29385]","supplier":"Ownat","po":{"id":"5583","date_created":"2025-10-03 14:30:50","batch_id":"5629","po_number":"","supplier":"Ownat","cost":null,"regular_price":null,"sale_price":null,"price_margin":null,"price_discount":null}},{"id":"5710","date_created":"2025-10-13 20:33:44","date_expiry":"2026-11-30 00:00:00","user_id":"2760","batch_number":"OwnatClassicEnergy(chien)20Kg1126","location":"","quantity":"1.0000","quantity_available":"0.0000","units":"1","status":"archived","order_ids":"[29227]","supplier":"Ownat","po":{"id":"5664","date_created":"2025-10-13 20:33:44","batch_id":"5710","po_number":"","supplier":"Ownat","cost":null,"regular_price":null,"sale_price":null,"price_margin":null,"price_discount":null}},{"id":"5907","date_created":"2025-10-30 11:44:04","date_expiry":"2026-12-31 00:00:00","user_id":"2760","batch_number":"OwnatClassicEnergy(chien)20Kg1226","location":"","quantity":"4.0000","quantity_available":"0.0000","units":"1","status":"archived","order_ids":"[29660,29856,30903]","supplier":"Ownat","po":{"id":"5890","date_created":"2025-10-31 00:28:21","batch_id":"5907","po_number":"","supplier":"Ownat","cost":null,"regular_price":null,"sale_price":null,"price_margin":null,"price_discount":null}},{"id":"6114","date_created":"2025-11-11 22:39:28","date_expiry":"2027-02-28 00:00:00","user_id":"2760","batch_number":"OwnatClassicEnergy(chien)20Kg280227","location":"","quantity":"2.0000","quantity_available":"0.0000","units":"1","status":"archived","order_ids":"[31261,31279]","supplier":"Ownat","po":{"id":"6061","date_created":"2025-11-11 22:39:28","batch_id":"6114","po_number":"","supplier":"Ownat","cost":null,"regular_price":null,"sale_price":null,"price_margin":null,"price_discount":null}},{"id":"6225","date_created":"2025-11-16 12:10:38","date_expiry":"2027-02-28 00:00:00","user_id":"2760","batch_number":"OwnatClassicEnergy(chien)20Kg280227","location":"","quantity":"1.0000","quantity_available":"0.0000","units":"1","status":"archived","order_ids":"[31145]","supplier":"Ownat","po":{"id":"6171","date_created":"2025-11-16 12:10:39","batch_id":"6225","po_number":"","supplier":"Ownat","cost":null,"regular_price":null,"sale_price":null,"price_margin":null,"price_discount":null}},{"id":"6958","date_created":"2025-12-27 10:02:05","date_expiry":"2027-05-30 00:00:00","user_id":"2760","batch_number":"OwnatClassicEnergy(chien)20Kg300527","location":"","quantity":"5.0000","quantity_available":"0.0000","units":"1","status":"archived","order_ids":"[33198,33272,35081]","supplier":"Ownat","po":{"id":"6897","date_created":"2025-12-27 10:02:06","batch_id":"6958","po_number":"","supplier":"Ownat","cost":null,"regular_price":null,"sale_price":null,"price_margin":null,"price_discount":null}},{"id":"7134","date_created":"2026-01-13 09:37:48","date_expiry":"2027-05-30 00:00:00","user_id":"2760","batch_number":"OwnatClassicEnergy(chien)20Kg300527","location":"","quantity":"1.0000","quantity_available":"0.0000","units":"1","status":"archived","order_ids":"[34712]","supplier":"Ownat","po":{"id":"7070","date_created":"2026-01-13 09:37:51","batch_id":"7134","po_number":"","supplier":"Ownat","cost":null,"regular_price":null,"sale_price":null,"price_margin":null,"price_discount":null}},{"id":"7233","date_created":"2026-01-19 13:32:04","date_expiry":"2027-05-30 00:00:00","user_id":"2760","batch_number":"OwnatClassicEnergy(chien)20Kg300527","location":"","quantity":"1.0000","quantity_available":"0.0000","units":"1","status":"archived","order_ids":"[35012]","supplier":"Ownat","po":{"id":"7169","date_created":"2026-01-19 13:32:05","batch_id":"7233","po_number":"","supplier":"Ownat","cost":null,"regular_price":null,"sale_price":null,"price_margin":null,"price_discount":null}},{"id":"7577","date_created":"2026-02-07 18:48:37","date_expiry":"2027-05-30 00:00:00","user_id":"2760","batch_number":"OwnatClassicEnergy(chien)20Kg300527","location":"","quantity":"1.0000","quantity_available":"0.0000","units":"1","status":"archived","order_ids":"[35764]","supplier":"Ownat","po":{"id":"7512","date_created":"2026-02-07 18:48:38","batch_id":"7577","po_number":"","supplier":"Ownat","cost":null,"regular_price":null,"sale_price":null,"price_margin":null,"price_discount":null}},{"id":"7645","date_created":"2026-02-12 11:01:04","date_expiry":"2027-06-30 00:00:00","user_id":"2760","batch_number":"OwnatClassicEnergy(chien)20Kg300627","location":"","quantity":"4.0000","quantity_available":"0.0000","units":"1","status":"archived","order_ids":"[38805,40184,40306,41389]","supplier":"Ownat","po":{"id":"7580","date_created":"2026-02-12 11:01:05","batch_id":"7645","po_number":"","supplier":"Ownat","cost":null,"regular_price":null,"sale_price":null,"price_margin":null,"price_discount":null}},{"id":"7828","date_created":"2026-02-22 11:52:14","date_expiry":"2027-06-30 00:00:00","user_id":"2760","batch_number":"OwnatClassicEnergy(chien)20Kg300627","location":"","quantity":"1.0000","quantity_available":"0.0000","units":"1","status":"archived","order_ids":"[36847]","supplier":"Ownat","po":{"id":"7763","date_created":"2026-02-22 11:52:15","batch_id":"7828","po_number":"","supplier":"Ownat","cost":null,"regular_price":null,"sale_price":null,"price_margin":null,"price_discount":null}},{"id":"8131","date_created":"2026-03-07 12:06:52","date_expiry":"2027-06-30 00:00:00","user_id":"2760","batch_number":"OwnatClassicEnergy(chien)20Kg300627","location":"","quantity":"1.0000","quantity_available":"0.0000","units":"1","status":"archived","order_ids":"[37319]","supplier":"Ownat","po":{"id":"8070","date_created":"2026-03-07 12:06:53","batch_id":"8131","po_number":"","supplier":"Ownat","cost":null,"regular_price":null,"sale_price":null,"price_margin":null,"price_discount":null}},{"id":"8199","date_created":"2026-03-13 01:44:30","date_expiry":"2027-06-30 00:00:00","user_id":"2760","batch_number":"OwnatClassicEnergy(chien)20Kg300627","location":"","quantity":"1.0000","quantity_available":"0.0000","units":"1","status":"archived","order_ids":"[38216]","supplier":"Ownat","po":{"id":"8137","date_created":"2026-03-13 01:44:30","batch_id":"8199","po_number":"","supplier":"Ownat","cost":null,"regular_price":null,"sale_price":null,"price_margin":null,"price_discount":null}},{"id":"8528","date_created":"2026-03-26 14:13:49","date_expiry":"2027-06-30 00:00:00","user_id":"2760","batch_number":"OwnatClassicEnergy(chien)20Kg300627","location":"","quantity":"1.0000","quantity_available":"0.0000","units":"1","status":"archived","order_ids":"[38371]","supplier":"Ownat","po":{"id":"8456","date_created":"2026-03-26 14:13:50","batch_id":"8528","po_number":"","supplier":"Ownat","cost":null,"regular_price":null,"sale_price":null,"price_margin":null,"price_discount":null}},{"id":"8638","date_created":"2026-04-03 17:33:09","date_expiry":"2027-06-30 00:00:00","user_id":"2760","batch_number":"OwnatClassicEnergy(chien)20Kg300627","location":"","quantity":"5.0000","quantity_available":"0.0000","units":"1","status":"archived","order_ids":"[40770,41020,41550]","supplier":"Ownat","po":{"id":"8566","date_created":"2026-04-03 17:33:10","batch_id":"8638","po_number":"","supplier":"Ownat","cost":null,"regular_price":null,"sale_price":null,"price_margin":null,"price_discount":null}},{"id":"9403","date_created":"2026-05-13 14:20:41","date_expiry":"2027-04-30 00:00:00","user_id":"2760","batch_number":"OwnatClassicEnergy(chien)20Kg300427","location":"","quantity":"4.0000","quantity_available":"4.0000","units":"1","status":"active","order_ids":null,"supplier":"Ownat","po":{"id":"9318","date_created":"2026-05-13 14:20:42","batch_id":"9403","po_number":"","supplier":"Ownat","cost":null,"regular_price":null,"sale_price":null,"price_margin":null,"price_discount":null}}],"_links":{"self":[{"href":"https:\/\/petworld.ma\/index.php\/wp-json\/wp\/v2\/product\/4130","targetHints":{"allow":["GET"]}}],"collection":[{"href":"https:\/\/petworld.ma\/index.php\/wp-json\/wp\/v2\/product"}],"about":[{"href":"https:\/\/petworld.ma\/index.php\/wp-json\/wp\/v2\/types\/product"}],"wp:featuredmedia":[{"embeddable":true,"href":"https:\/\/petworld.ma\/index.php\/wp-json\/wp\/v2\/media\/4389"}],"wp:attachment":[{"href":"https:\/\/petworld.ma\/index.php\/wp-json\/wp\/v2\/media?parent=4130"}],"wp:term":[{"taxonomy":"product_brand","embeddable":true,"href":"https:\/\/petworld.ma\/index.php\/wp-json\/wp\/v2\/product_brand?post=4130"},{"taxonomy":"product_cat","embeddable":true,"href":"https:\/\/petworld.ma\/index.php\/wp-json\/wp\/v2\/product_cat?post=4130"},{"taxonomy":"product_tag","embeddable":true,"href":"https:\/\/petworld.ma\/index.php\/wp-json\/wp\/v2\/product_tag?post=4130"}],"curies":[{"name":"wp","href":"https:\/\/api.w.org\/{rel}","templated":true}]}}