{"id":41884,"date":"2026-05-13T19:32:47","date_gmt":"2026-05-13T19:32:47","guid":{"rendered":"https:\/\/petworld.ma\/?post_type=product&#038;p=41884"},"modified":"2026-05-13T19:55:19","modified_gmt":"2026-05-13T19:55:19","slug":"monge-maxi-puppy-poulet-croquettes-15kg","status":"publish","type":"product","link":"https:\/\/petworld.ma\/index.php\/produit\/monge-maxi-puppy-poulet-croquettes-15kg\/","title":{"rendered":"Monge Maxi Adulte Poulet Croquettes 15kg"},"content":{"rendered":"<p>Monge Natural Super Premium Dog Chunks Maxi Adult Rich in Chicken est un aliment complet pour chiens de taille maxi (32-80kg). Ces croquettes ont \u00e9t\u00e9 sp\u00e9cialement d\u00e9velopp\u00e9es dans notre usine en Italie avec des nutriments de haute qualit\u00e9. Nous pouvons ainsi garantir le bien-\u00eatre et la sant\u00e9 de votre chien. La meilleure nourriture pour chiens de grande taille \u00e0 l&rsquo;\u00e2ge adulte. L&rsquo;ingr\u00e9dient principal est le poulet. Les morceaux pour chiens sont tr\u00e8s digestes gr\u00e2ce \u00e0 l&rsquo;utilisation de viande fra\u00eeche de qualit\u00e9. La recette est enrichie d&rsquo;ingr\u00e9dients qui favorisent la sensibilit\u00e9 intestinale, les articulations, les muscles, le c\u0153ur et un poids optimal.<\/p>\n<p><strong>Composition :\u00a0<\/strong><\/p>\n<p>poulet (s\u00e9ch\u00e9 30%, viande fra\u00eeche 10%), riz, ma\u00efs, graisse animale (huile de poulet purifi\u00e9e 99,5%), pulpe de betterave s\u00e9ch\u00e9e, levure de bi\u00e8re, gluten de ma\u00efs, prot\u00e9ines animales hydrolys\u00e9es (foie), poisson (saumon s\u00e9ch\u00e9), huile de poisson (huile de saumon), min\u00e9raux, produits de levure (mannano-oligosaccharides MOS 1%), xylo-oligosaccharides (XOS 0. 3%), yucca schidigera (0.3%), farine d&rsquo;algues (spiruline &#8211; Arthrospira platensis 0.3%), glucosamine (0.057%), sulfate de chondro\u00eftine (0.04%).<\/p>\n<p><strong><br \/>\nComposants analytiques :<\/strong><\/p>\n<p>Prot\u00e9ines brutes : 27%, fibres brutes : 2,5%, mati\u00e8res grasses brutes : 12,5%, cendres brutes : 6,2%, calcium : 1,5%, phosphore : 1,1%, acides gras n-3 : 0,5%, acides gras n-6 : 3,5%. \u00c9nergie transform\u00e9e : 4 000 kcal\/kg.<\/p>\n<p>&nbsp;<\/p>\n<p><strong>ADDITIFS<\/strong>:<\/p>\n<p>Additifs nutritionnels\/kg : Vitamine A (ac\u00e9tate de r\u00e9tinyle) 30 770 UI, Vitamine D3 1.610 UI, Vitamine E (ac\u00e9tate de tout-rac-alpha-tocoph\u00e9rol) 72 mg, S\u00e9l\u00e9nium (s\u00e9l\u00e9nite de sodium 0,4 mg) 0,2 mg, Mangan\u00e8se (sulfate de mangan\u00e8se monohydrat\u00e9 96 mg) 31 mg, Zinc (oxyde de zinc 183 mg) 147 mg cuivre (sulfate de cuivre(II) pentahydrat\u00e9 49 mg) 12 mg, fer (sulfate de fer(II) monohydrat\u00e9 319 mg) 105 mg, iode (iodate de calcium anhydre 2,5 mg) 1,68 mg, L-carnitine 110 mg, DL-M\u00e9thionine (qualit\u00e9 technique) 1.500 mg.<br \/>\nADDITIONS TECHNOLOGIQUES : Antioxydants : Extraits de tocoph\u00e9rols d&rsquo;huiles v\u00e9g\u00e9tales. ADDITIFS SENSORIELS : Extrait de ch\u00e2taigne (Castanea sativa) 20 mg\/kg.<\/p>\n<p><strong>INSTRUCTIONS POUR L&rsquo;ALIMENTATION<\/strong>:<br \/>\nL&rsquo;apport nutritionnel journalier recommand\u00e9 peut \u00eatre r\u00e9parti en deux repas quotidiens. Les besoins nutritionnels individuels peuvent varier en fonction de la taille, de l&rsquo;\u00e2ge et de l&rsquo;activit\u00e9 de l&rsquo;animal. Lorsque cet aliment remplace un autre type d&rsquo;aliment et\/ou de r\u00e9gime, il est conseill\u00e9 de l&rsquo;introduire progressivement sur une p\u00e9riode d&rsquo;au moins une semaine. Aliment pour animaux uniquement, ne convient pas \u00e0 la consommation humaine.<\/p>\n","protected":false},"excerpt":{"rendered":"<p>Aliment pour chien riche en poulet de Monge Natural Super Premium. Convient aux chiens adultes de taille maxi. La meilleure nourriture pour chiens de grande taille.<\/p>\n","protected":false},"featured_media":41885,"template":"","meta":{"jetpack_publicize_message":"","jetpack_publicize_feature_enabled":true,"jetpack_social_post_already_shared":true,"jetpack_social_options":{"image_generator_settings":{"template":"highway","default_image_id":0,"font":"","enabled":false},"version":2}},"product_brand":[],"product_cat":[26],"product_tag":[],"class_list":{"0":"post-41884","1":"product","2":"type-product","3":"status-publish","4":"has-post-thumbnail","6":"product_cat-croquettes","8":"first","9":"instock","10":"taxable","11":"shipping-taxable","12":"purchasable","13":"product-type-simple"},"supplier_id":31321,"supplier_sku":"","barcode":"8009470006132","atum_controlled":true,"out_stock_date":null,"out_stock_threshold":null,"inheritable":false,"inbound_stock":0,"stock_on_hold":0,"sold_today":0,"sales_last_days":0,"reserved_stock":0,"customer_returns":0,"warehouse_damage":0,"lost_in_post":0,"other_logs":0,"out_stock_days":0,"lost_sales":0,"has_location":false,"update_date":"2026-05-13T19:55:21","atum_locations":[],"atum_stock_status":"instock","restock_status":false,"low_stock_amount":1,"sales_update_date":"2026-05-13T19:37:04","calc_backorders":null,"jetpack_publicize_connections":[],"jetpack_sharing_enabled":true,"batches":[{"id":"9408","date_created":"2026-05-13 19:36:17","date_expiry":"2027-08-05 00:00:00","user_id":"2461","batch_number":"MONGEMAXIPUPPY15KG050827","location":"","quantity":"1.0000","quantity_available":"1.0000","units":"1","status":"active","order_ids":null,"supplier":"Monge","po":{"id":"9324","date_created":"2026-05-13 19:36:17","batch_id":"9408","po_number":"","supplier":"Monge","cost":null,"regular_price":null,"sale_price":null,"price_margin":null,"price_discount":null}}],"_links":{"self":[{"href":"https:\/\/petworld.ma\/index.php\/wp-json\/wp\/v2\/product\/41884","targetHints":{"allow":["GET"]}}],"collection":[{"href":"https:\/\/petworld.ma\/index.php\/wp-json\/wp\/v2\/product"}],"about":[{"href":"https:\/\/petworld.ma\/index.php\/wp-json\/wp\/v2\/types\/product"}],"wp:featuredmedia":[{"embeddable":true,"href":"https:\/\/petworld.ma\/index.php\/wp-json\/wp\/v2\/media\/41885"}],"wp:attachment":[{"href":"https:\/\/petworld.ma\/index.php\/wp-json\/wp\/v2\/media?parent=41884"}],"wp:term":[{"taxonomy":"product_brand","embeddable":true,"href":"https:\/\/petworld.ma\/index.php\/wp-json\/wp\/v2\/product_brand?post=41884"},{"taxonomy":"product_cat","embeddable":true,"href":"https:\/\/petworld.ma\/index.php\/wp-json\/wp\/v2\/product_cat?post=41884"},{"taxonomy":"product_tag","embeddable":true,"href":"https:\/\/petworld.ma\/index.php\/wp-json\/wp\/v2\/product_tag?post=41884"}],"curies":[{"name":"wp","href":"https:\/\/api.w.org\/{rel}","templated":true}]}}