{"id":41887,"date":"2026-05-13T19:38:13","date_gmt":"2026-05-13T19:38:13","guid":{"rendered":"https:\/\/petworld.ma\/?post_type=product&#038;p=41887"},"modified":"2026-05-13T20:31:51","modified_gmt":"2026-05-13T20:31:51","slug":"monge-croquettes-superpremium-au-saumon-pour-chiens-1dultes-12kg","status":"publish","type":"product","link":"https:\/\/petworld.ma\/index.php\/produit\/monge-croquettes-superpremium-au-saumon-pour-chiens-1dultes-12kg\/","title":{"rendered":"Monge Croquettes Superpremium au saumon pour Chiens Adultes 12Kg"},"content":{"rendered":"<p>La formule \u00ab\u202fMonoprotein\u202f\u00bb est con\u00e7ue avec une seule source de prot\u00e9ine animale\u202f: le saumon est premier ingr\u00e9dient, et la recette inclut du poisson frais pour une digestibilit\u00e9 et une app\u00e9tence optimales.\u00a0Elle est enrichie en pr\u00e9biotiques de derni\u00e8re g\u00e9n\u00e9ration, les xilo\u2011oligosaccharides (XOS), pour favoriser le bien\u2011\u00eatre intestinal.\u00a0La formulation contient aussi des ingr\u00e9dients et extraits v\u00e9g\u00e9taux (racine d\u2019\u00e9chinac\u00e9e, origan, ail, extrait d\u2019artichaut) ainsi que de la glucosamine et du sulfate de chondro\u00eftine pour soutenir les articulations et les os. Sans colorants ni conservateurs artificiels ajout\u00e9s.<\/p>\n<p><strong>Composition\u202f<\/strong>:<\/p>\n<p>Poisson (saumon d\u00e9shydrat\u00e9 26\u202f%, frais 10\u202f%), riz (15\u202f%), pulpe de betterave s\u00e9ch\u00e9e, levures de bi\u00e8re inactiv\u00e9es, huile de poisson (huile de saumon), prot\u00e9ines animales hydrolys\u00e9es (foie), min\u00e9raux, produits du levure (mannano\u2011oligosaccharides MOS 1\u202f%), xilo\u2011oligosaccharide (XOS 0,3\u202f%), yucca schidigera (0,3\u202f%), farine d\u2019algues (spiruline \u2013\u202fArthrospira platensis 0,3\u202f%), produits issus de v\u00e9g\u00e9taux (racine d\u2019Echinacea purpurea 0,2\u202f%, Origanum Vulgare 0,1\u202f%), ail s\u00e9ch\u00e9 (0,2\u202f%), glucosamine (0,057\u202f%), sulfate de chondro\u00eftine (0,04\u202f%).<\/p>\n<p><strong>Composants analytiques\u202f:<\/strong><\/p>\n<p>Prot\u00e9ine brute\u202f: 25\u202f%<\/p>\n<p>Mati\u00e8res grasses\u202f: 14\u202f%<\/p>\n<p>Fibres brutes\u202f: 2,5\u202f%<\/p>\n<p>Cendres\u202f: 6,5\u202f%<\/p>\n<p>Calcium\u202f: 1,2 %<\/p>\n<p>Phosphore\u202f: 0,9\u202f%<\/p>\n<p>Acides gras Om\u00e9ga\u20113\u202f: 0,9\u202f%<\/p>\n<p>Acides gras Om\u00e9ga\u20116\u202f: 4\u202f%<\/p>\n<p>\u00c9nergie m\u00e9tabolisable\u202f: 4\u202f020\u202fkcal\/kg.<\/p>\n<p><strong>Additifs nutritionnels (par kg)\u202f:<\/strong><\/p>\n<p>Vitamine\u202fA (ac\u00e9tate de r\u00e9tinyle)\u202f30\u202f770\u202fUI, Vitamine\u202fD3\u202f1\u202f610\u202fUI, Vitamine\u202fE\u202f72\u202fmg, S\u00e9l\u00e9nium\u202f0,2\u202fmg, Mangan\u00e8se\u202f30\u202fmg, Zinc\u202f140\u202fmg, Cuivre\u202f12\u202fmg, Fer\u202f100\u202fmg, Iode\u202f1,6\u202fmg, L\u2011Carnitine\u202f100\u202fmg, DL\u2011M\u00e9thionine\u202f1\u202f500\u202fmg.<\/p>\n<p><strong>Additifs technologiques\u202f<\/strong>: Antioxydants : extraits de tocoph\u00e9rols d\u2019huiles v\u00e9g\u00e9tales.<\/p>\n<p><strong>Additifs organoleptiques\u202f<\/strong>: Extrait de ch\u00e2taigne 20\u202fmg\/kg, extrait d\u2019artichaut 300\u202fmg\/kg.<\/p>\n<p><strong>Conseils d\u2019utilisation\u202f:<\/strong><\/p>\n<p>La ration journali\u00e8re recommand\u00e9e (voir tableau) peut \u00eatre divis\u00e9e en 2 repas par jour. Les quantit\u00e9s peuvent \u00eatre ajust\u00e9es en fonction de la taille, de l\u2019\u00e2ge et de l\u2019activit\u00e9 physique de l\u2019animal. Veiller \u00e0 ce que de l\u2019eau fra\u00eeche et propre soit toujours disponible. Lorsqu\u2019on introduit ce produit \u00e0 la place d\u2019un autre, il est conseill\u00e9 de le faire progressivement sur au moins 1\u202fsemaine. Peut contenir des traces d\u2019autres sources de prot\u00e9ines. Aliment pour chiens \u2014 non destin\u00e9 \u00e0 la consommation humaine.<\/p>\n","protected":false},"excerpt":{"rendered":"<p><strong>MONGE Speciality\u202fLine \u2013 Croquettes Superpremium au saumon pour chiens adultes.<\/strong><\/p>\n<p>La formule \u00ab\u202fMonoprotein\u202f\u00bb utilise une seule prot\u00e9ine animale : le saumon, associ\u00e9 \u00e0 du poisson frais pour une meilleure digestibilit\u00e9 et app\u00e9tence. Enrichie en pr\u00e9biotiques XOS, extraits v\u00e9g\u00e9taux et glucosamine\/chondro\u00eftine, elle soutient la digestion, les articulations et les os, sans colorants ni conservateurs artificiels.<\/p>\n","protected":false},"featured_media":41888,"template":"","meta":{"jetpack_publicize_message":"","jetpack_publicize_feature_enabled":true,"jetpack_social_post_already_shared":true,"jetpack_social_options":{"image_generator_settings":{"template":"highway","default_image_id":0,"font":"","enabled":false},"version":2}},"product_brand":[],"product_cat":[26],"product_tag":[],"class_list":{"0":"post-41887","1":"product","2":"type-product","3":"status-publish","4":"has-post-thumbnail","6":"product_cat-croquettes","8":"first","9":"instock","10":"taxable","11":"shipping-taxable","12":"purchasable","13":"product-type-simple"},"supplier_id":31321,"supplier_sku":"","barcode":"8009470011211","atum_controlled":true,"out_stock_date":null,"out_stock_threshold":null,"inheritable":false,"inbound_stock":null,"stock_on_hold":null,"sold_today":null,"sales_last_days":null,"reserved_stock":null,"customer_returns":null,"warehouse_damage":null,"lost_in_post":null,"other_logs":null,"out_stock_days":null,"lost_sales":null,"has_location":false,"update_date":"2026-05-13T20:31:52","atum_locations":[],"atum_stock_status":"instock","restock_status":false,"low_stock_amount":1,"sales_update_date":"2026-05-13T19:37:04","calc_backorders":null,"jetpack_publicize_connections":[],"jetpack_sharing_enabled":true,"batches":[{"id":"9410","date_created":"2026-05-13 19:41:25","date_expiry":"2027-08-28 00:00:00","user_id":"2461","batch_number":"MongeSaumon12kg280827","location":"","quantity":"1.0000","quantity_available":"1.0000","units":"1","status":"active","order_ids":null,"supplier":"Monge","po":{"id":"9326","date_created":"2026-05-13 19:41:26","batch_id":"9410","po_number":"","supplier":"Monge","cost":null,"regular_price":null,"sale_price":null,"price_margin":null,"price_discount":null}}],"_links":{"self":[{"href":"https:\/\/petworld.ma\/index.php\/wp-json\/wp\/v2\/product\/41887","targetHints":{"allow":["GET"]}}],"collection":[{"href":"https:\/\/petworld.ma\/index.php\/wp-json\/wp\/v2\/product"}],"about":[{"href":"https:\/\/petworld.ma\/index.php\/wp-json\/wp\/v2\/types\/product"}],"wp:featuredmedia":[{"embeddable":true,"href":"https:\/\/petworld.ma\/index.php\/wp-json\/wp\/v2\/media\/41888"}],"wp:attachment":[{"href":"https:\/\/petworld.ma\/index.php\/wp-json\/wp\/v2\/media?parent=41887"}],"wp:term":[{"taxonomy":"product_brand","embeddable":true,"href":"https:\/\/petworld.ma\/index.php\/wp-json\/wp\/v2\/product_brand?post=41887"},{"taxonomy":"product_cat","embeddable":true,"href":"https:\/\/petworld.ma\/index.php\/wp-json\/wp\/v2\/product_cat?post=41887"},{"taxonomy":"product_tag","embeddable":true,"href":"https:\/\/petworld.ma\/index.php\/wp-json\/wp\/v2\/product_tag?post=41887"}],"curies":[{"name":"wp","href":"https:\/\/api.w.org\/{rel}","templated":true}]}}