{"id":4414,"date":"2023-10-09T13:47:38","date_gmt":"2023-10-09T13:47:38","guid":{"rendered":"https:\/\/petworld.ma\/?post_type=product&#038;p=4414"},"modified":"2026-04-30T14:52:23","modified_gmt":"2026-04-30T14:52:23","slug":"ownat-classic-lamb-rice-agneau-riz-adulte-chien-20kg","status":"publish","type":"product","link":"https:\/\/petworld.ma\/index.php\/produit\/ownat-classic-lamb-rice-agneau-riz-adulte-chien-20kg\/","title":{"rendered":"Ownat Classic Lamb Rice Agneau Riz adulte (chien) 20Kg"},"content":{"rendered":"<div class=\"html-output\">\n<div class=\"html-output\">\u00c9labor\u00e9 avec de l\u2019agneau comme source alternative de prot\u00e9ine de grande app\u00e9tence et avec du riz comme premi\u00e8re source d\u2019hydrates de carbone, ce qui apporte une haute tol\u00e9rance digestive.<\/div>\n<\/div>\n<div class=\"row product-row-info-middle\">\n<div><\/div>\n<div class=\"col\"><strong style=\"color: #555555; font-size: 14.4px;\">Composition:<\/strong><\/div>\n<\/div>\n<div class=\"container-fluid\">\n<div class=\"row\">\n<div class=\"col-12 col-lg-7 product-bottom-tabs\">\n<div class=\"tab-content\">\n<div id=\"product-tab-custom-1\" class=\"tab-pane active \" role=\"tabpanel\">\n<div id=\"collap-prod-custom-1\" class=\"product-bottom-tab-content collapse\">\n<div class=\"inset-bottom-tab clearfix\">\n<div class=\"html-output\">Viande 30% (viande d\u00e9shydrat\u00e9e 20%, agneau frais* 10% avant l&rsquo;extrusion), riz complet* (15%), orge complet* (10%), graisse de poulet, bl\u00e9 complet* (9%), ma\u00efs complet* (8%), petits pois entiers* (5%), son de bl\u00e9* (5%), caroube* (2%), pomme* (1%), huile de saumon, graines de lin* (1%), pulpe de betterave, fructo-oligosaccharides et mannane-oligosaccharides, levure de bi\u00e8re* (0,5%), plantes aromatiques 0,02% (fenouil*, \u00e9chinac\u00e9e*, thym*), yucca schidigera.*INGR\u00c9DIENTS NATURELS<\/div>\n<\/div>\n<\/div>\n<\/div>\n<\/div>\n<\/div>\n<\/div>\n<\/div>\n<div class=\"product-bottom-ct-advantages container-fluid\">\n<div class=\"row\">\n<div class=\"col-12 col-advantages\">\n<div class=\"swiper swiper-initialized swiper-horizontal swiper-pointer-events swiper-backface-hidden\">\n<div id=\"swiper-wrapper-73a7716afa4e9f71\" class=\"swiper-wrapper\" aria-live=\"polite\">\n<div class=\"d-none d-lg-block col-title\">\n<div><\/div>\n<div class=\"title-inset\"><strong style=\"color: #555555; font-size: 14.4px;\">Constituants analytiques:<\/strong><\/div>\n<\/div>\n<\/div>\n<\/div>\n<\/div>\n<\/div>\n<\/div>\n<div class=\"container-fluid\">\n<div class=\"row\">\n<div class=\"col-12 col-lg-7 product-bottom-tabs\">\n<div class=\"tab-content\">\n<div id=\"product-tab-custom-2\" class=\"tab-pane active\" role=\"tabpanel\">\n<div id=\"collap-prod-custom-2\" class=\"product-bottom-tab-content collapse\">\n<div class=\"inset-bottom-tab clearfix\">\n<div class=\"html-output\">Prot\u00e9ines : 25%, teneur en mati\u00e8res grasses : 14%, cellulose brute : 3%, mati\u00e8re inorganique : 7,5%, humidit\u00e9 : 8%, calcium : 1,5%, phosphore : 1,1%.<\/div>\n<\/div>\n<\/div>\n<\/div>\n<\/div>\n<\/div>\n<\/div>\n<\/div>\n<div class=\"product-bottom-ct-advantages container-fluid\">\n<div class=\"row\">\n<div class=\"col-12 col-advantages\">\n<div class=\"swiper swiper-initialized swiper-horizontal swiper-pointer-events swiper-backface-hidden\">\n<div id=\"swiper-wrapper-73a7716afa4e9f71\" class=\"swiper-wrapper\" aria-live=\"polite\">\n<div class=\"d-none d-lg-block col-title\">\n<div><\/div>\n<div class=\"title-inset\"><strong style=\"color: #555555; font-size: 14.4px;\">Tableau des rations<\/strong><\/div>\n<\/div>\n<\/div>\n<\/div>\n<\/div>\n<\/div>\n<\/div>\n<div><\/div>\n<div>\n<table class=\"table table-bordered table-striped\">\n<thead>\n<tr>\n<th colspan=\"20\">\u00c2ge : Adulte<\/th>\n<\/tr>\n<\/thead>\n<tbody>\n<tr class=\"hidden-xs\">\n<td class=\"text-center\">1-5 kg<\/td>\n<td class=\"text-center\">5-10 kg<\/td>\n<td class=\"text-center\">10-20 kg<\/td>\n<td class=\"text-center\">20-30 kg<\/td>\n<td class=\"text-center\">30-40 kg<\/td>\n<td class=\"text-center\">40+ kg<\/td>\n<\/tr>\n<tr>\n<td class=\"text-center\" data-label=\"Poids : 1-5 kg\">40-130 gr\/j<\/td>\n<td class=\"text-center\" data-label=\"Poids : 5-10 kg\">130-200 gr\/j<\/td>\n<td class=\"text-center\" data-label=\"Poids : 10-20 kg\">200-305 gr\/j<\/td>\n<td class=\"text-center\" data-label=\"Poids : 20-30 kg\">305-430 gr\/j<\/td>\n<td class=\"text-center\" data-label=\"Poids : 30-40 kg\">430-525 gr\/j<\/td>\n<td class=\"text-center\" data-label=\"Poids : 40+ kg\">525-650 gr\/j<\/td>\n<\/tr>\n<\/tbody>\n<\/table>\n<\/div>\n","protected":false},"excerpt":{"rendered":"<p>\u00c9labor\u00e9 avec de l\u2019agneau comme source alternative de prot\u00e9ine de grande app\u00e9tence et avec du riz comme premi\u00e8re source d\u2019hydrates de carbone, ce qui apporte une haute tol\u00e9rance digestive. Composition: Viande 30% (viande d\u00e9shydrat\u00e9e 20%, agneau frais* 10% avant l&rsquo;extrusion), riz complet* (15%), orge complet* (10%), graisse de poulet, bl\u00e9 complet* (9%), ma\u00efs complet* (8%), [&#8230;]\n","protected":false},"featured_media":4416,"template":"","meta":{"jetpack_publicize_message":"","jetpack_publicize_feature_enabled":true,"jetpack_social_post_already_shared":false,"jetpack_social_options":{"image_generator_settings":{"template":"highway","default_image_id":0,"font":"","enabled":false},"version":2}},"product_brand":[],"product_cat":[26],"product_tag":[],"class_list":{"0":"post-4414","1":"product","2":"type-product","3":"status-publish","4":"has-post-thumbnail","6":"product_cat-croquettes","8":"first","9":"instock","10":"taxable","11":"shipping-taxable","12":"purchasable","13":"product-type-simple"},"supplier_id":5595,"supplier_sku":"53","barcode":null,"atum_controlled":true,"out_stock_date":null,"out_stock_threshold":null,"inheritable":false,"inbound_stock":0,"stock_on_hold":0,"sold_today":1,"sales_last_days":5,"reserved_stock":0,"customer_returns":0,"warehouse_damage":0,"lost_in_post":0,"other_logs":0,"out_stock_days":0,"lost_sales":0,"has_location":false,"update_date":"2026-04-30T14:52:25","atum_locations":[],"atum_stock_status":"instock","restock_status":true,"low_stock_amount":4,"sales_update_date":"2026-04-30T14:42:29","calc_backorders":0,"jetpack_publicize_connections":[],"jetpack_sharing_enabled":true,"batches":[{"id":"369","date_created":"2024-09-29 18:51:34","date_expiry":"2025-12-31 00:00:00","user_id":"2760","batch_number":"OwnatClassicLambRiceAgneauRizadulte(chien)20Kg1225","location":"","quantity":"3.0000","quantity_available":"0.0000","units":"1","status":"archived","order_ids":"[12776,14858]","supplier":"Ownat","po":{"id":"359","date_created":"2024-09-29 18:51:35","batch_id":"369","po_number":"","supplier":"Ownat","cost":null,"regular_price":null,"sale_price":null,"price_margin":null,"price_discount":null}},{"id":"859","date_created":"2024-11-15 18:31:01","date_expiry":"2026-04-30 00:00:00","user_id":"2760","batch_number":"OwnatClassicLambRiceAgneauRizadulte(chien)20Kg0426","location":"","quantity":"4.0000","quantity_available":"0.0000","units":"1","status":"archived","order_ids":"[15366,18324,18389,18999]","supplier":"Ownat","po":{"id":"835","date_created":"2024-11-15 18:31:02","batch_id":"859","po_number":"","supplier":"Ownat","cost":null,"regular_price":null,"sale_price":null,"price_margin":null,"price_discount":null}},{"id":"1348","date_created":"2024-12-20 22:04:59","date_expiry":"2026-04-30 00:00:00","user_id":"2760","batch_number":"OwnatClassicLambRiceAgneauRizadulte(chien)20Kg0426","location":"","quantity":"1.0000","quantity_available":"0.0000","units":"1","status":"archived","order_ids":"[16173]","supplier":"Ownat","po":{"id":"1322","date_created":"2024-12-20 22:05:02","batch_id":"1348","po_number":"","supplier":"Ownat","cost":null,"regular_price":null,"sale_price":null,"price_margin":null,"price_discount":null}},{"id":"1349","date_created":"2024-12-20 22:05:06","date_expiry":"2026-04-30 00:00:00","user_id":"2760","batch_number":"OwnatClassicLambRiceAgneauRizadulte(chien)20Kg0426","location":"","quantity":"1.0000","quantity_available":"0.0000","units":"1","status":"archived","order_ids":"[16242]","supplier":"Ownat","po":{"id":"1323","date_created":"2024-12-20 22:05:08","batch_id":"1349","po_number":"","supplier":"Ownat","cost":null,"regular_price":null,"sale_price":null,"price_margin":null,"price_discount":null}},{"id":"1498","date_created":"2025-01-03 19:16:52","date_expiry":"2026-04-30 00:00:00","user_id":"2760","batch_number":"OwnatClassicLambRiceAgneauRizadulte(chien)20Kg0426","location":"","quantity":"1.0000","quantity_available":"0.0000","units":"1","status":"archived","order_ids":"[16975]","supplier":"Ownat","po":{"id":"1472","date_created":"2025-01-03 19:16:55","batch_id":"1498","po_number":"","supplier":"Ownat","cost":null,"regular_price":null,"sale_price":null,"price_margin":null,"price_discount":null}},{"id":"1757","date_created":"2025-01-24 23:23:51","date_expiry":"2026-04-30 00:00:00","user_id":"2760","batch_number":"OwnatClassicLambRiceAgneauRizadulte(chien)20Kg0426","location":"","quantity":"1.0000","quantity_available":"0.0000","units":"1","status":"archived","order_ids":"[17762]","supplier":"Ownat","po":{"id":"1731","date_created":"2025-01-24 23:23:54","batch_id":"1757","po_number":"","supplier":"Ownat","cost":null,"regular_price":null,"sale_price":null,"price_margin":null,"price_discount":null}},{"id":"1914","date_created":"2025-02-10 21:14:50","date_expiry":"2025-12-31 00:00:00","user_id":"2760","batch_number":"OwnatClassicLambRiceAgneauRizadulte(chien)20Kg0426","location":"","quantity":"1.0000","quantity_available":"0.0000","units":"1","status":"archived","order_ids":"[18130]","supplier":"Ownat","po":{"id":"1886","date_created":"2025-02-10 21:14:52","batch_id":"1914","po_number":"","supplier":"Ownat","cost":null,"regular_price":null,"sale_price":null,"price_margin":null,"price_discount":null}},{"id":"2361","date_created":"2025-03-13 23:00:14","date_expiry":"2026-05-31 00:00:00","user_id":"2760","batch_number":"OwnatClassicLambRiceAgneauRizadulte(chien)20Kg0526","location":"","quantity":"6.0000","quantity_available":"0.0000","units":"1","status":"archived","order_ids":"[20103,20263,20359,20846,20943,21243]","supplier":"Ownat","po":{"id":"2330","date_created":"2025-03-13 23:00:17","batch_id":"2361","po_number":"","supplier":"Ownat","cost":null,"regular_price":null,"sale_price":null,"price_margin":null,"price_discount":null}},{"id":"2990","date_created":"2025-04-11 21:04:12","date_expiry":"2026-05-31 00:00:00","user_id":"2760","batch_number":"OwnatClassicLambRiceAgneauRizadulte(chien)20Kg0526","location":"","quantity":"1.0000","quantity_available":"0.0000","units":"1","status":"archived","order_ids":"[20833]","supplier":"Ownat","po":{"id":"2958","date_created":"2025-04-11 21:04:18","batch_id":"2990","po_number":"","supplier":"Ownat","cost":null,"regular_price":null,"sale_price":null,"price_margin":null,"price_discount":null}},{"id":"3170","date_created":"2025-04-24 21:54:13","date_expiry":"2026-06-30 00:00:00","user_id":"2760","batch_number":"OwnatClassicLambRiceAgneauRizadulte(chien)20Kg0626","location":"","quantity":"3.0000","quantity_available":"0.0000","units":"1","status":"archived","order_ids":"[21795,21800,23460]","supplier":"Ownat","po":{"id":"3138","date_created":"2025-04-24 21:54:14","batch_id":"3170","po_number":"","supplier":"Ownat","cost":null,"regular_price":null,"sale_price":null,"price_margin":null,"price_discount":null}},{"id":"3349","date_created":"2025-05-08 00:41:18","date_expiry":"2026-06-30 00:00:00","user_id":"2760","batch_number":"OwnatClassicLambRiceAgneauRizadulte(chien)20Kg0626","location":"","quantity":"1.0000","quantity_available":"0.0000","units":"1","status":"archived","order_ids":"[21795]","supplier":"Ownat","po":{"id":"3316","date_created":"2025-05-08 00:41:18","batch_id":"3349","po_number":"","supplier":"Ownat","cost":null,"regular_price":null,"sale_price":null,"price_margin":null,"price_discount":null}},{"id":"3501","date_created":"2025-05-19 18:40:48","date_expiry":"2026-06-30 00:00:00","user_id":"2760","batch_number":"OwnatClassicLambRiceAgneauRizadulte(chien)20Kg0626","location":"","quantity":"3.0000","quantity_available":"0.0000","units":"1","status":"archived","order_ids":"[23536,23996,24288]","supplier":"Ownat","po":{"id":"3468","date_created":"2025-05-19 18:40:48","batch_id":"3501","po_number":"","supplier":"Ownat","cost":null,"regular_price":null,"sale_price":null,"price_margin":null,"price_discount":null}},{"id":"4103","date_created":"2025-06-26 20:31:18","date_expiry":"2026-06-30 00:00:00","user_id":"2760","batch_number":"OwnatClassicLambRiceAgneauRizadulte(chien)20Kg0626","location":"","quantity":"1.0000","quantity_available":"0.0000","units":"1","status":"archived","order_ids":"[23924]","supplier":"Ownat","po":{"id":"4067","date_created":"2025-06-26 20:31:19","batch_id":"4103","po_number":"","supplier":"Ownat","cost":null,"regular_price":null,"sale_price":null,"price_margin":null,"price_discount":null}},{"id":"4183","date_created":"2025-06-30 21:22:03","date_expiry":"2026-06-30 00:00:00","user_id":"2760","batch_number":"OwnatClassicLambRiceAgneauRizadulte(chien)20Kg0626","location":"","quantity":"1.0000","quantity_available":"0.0000","units":"1","status":"archived","order_ids":"[23961]","supplier":"Ownat","po":{"id":"4146","date_created":"2025-06-30 21:22:04","batch_id":"4183","po_number":"","supplier":"Ownat","cost":null,"regular_price":null,"sale_price":null,"price_margin":null,"price_discount":null}},{"id":"4281","date_created":"2025-07-08 20:28:31","date_expiry":"2026-06-30 00:00:00","user_id":"2760","batch_number":"OwnatClassicLambRiceAgneauRizadulte(chien)20Kg0626","location":"","quantity":"3.0000","quantity_available":"0.0000","units":"1","status":"archived","order_ids":"[25071,25475,25514]","supplier":"Ownat","po":{"id":"4244","date_created":"2025-07-08 20:28:31","batch_id":"4281","po_number":"","supplier":"Ownat","cost":null,"regular_price":null,"sale_price":null,"price_margin":null,"price_discount":null}},{"id":"4373","date_created":"2025-07-14 20:43:01","date_expiry":"2026-11-30 00:00:00","user_id":"2760","batch_number":"OwnatClassicLambRiceAgneauRizadulte(chien)20Kg1126","location":"","quantity":"1.0000","quantity_available":"0.0000","units":"1","status":"archived","order_ids":"[25785]","supplier":"Ownat","po":{"id":"4337","date_created":"2025-07-14 20:43:01","batch_id":"4373","po_number":"","supplier":"Ownat","cost":null,"regular_price":null,"sale_price":null,"price_margin":null,"price_discount":null}},{"id":"4650","date_created":"2025-08-01 09:08:20","date_expiry":"2026-11-30 00:00:00","user_id":"2760","batch_number":"OwnatClassicLambRiceAgneauRizadulte(chien)20Kg1126","location":"","quantity":"1.0000","quantity_available":"0.0000","units":"1","status":"archived","order_ids":"[29160]","supplier":"Ownat","po":{"id":"4614","date_created":"2025-08-01 09:08:21","batch_id":"4650","po_number":"","supplier":"Ownat","cost":null,"regular_price":null,"sale_price":null,"price_margin":null,"price_discount":null}},{"id":"4793","date_created":"2025-08-08 17:44:22","date_expiry":"2026-11-30 00:00:00","user_id":"2760","batch_number":"OwnatClassicLambRiceAgneauRizadulte(chien)20Kg1126","location":"","quantity":"1.0000","quantity_available":"0.0000","units":"1","status":"archived","order_ids":"[29417]","supplier":"Ownat","po":{"id":"4757","date_created":"2025-08-08 17:44:23","batch_id":"4793","po_number":"","supplier":"Ownat","cost":null,"regular_price":null,"sale_price":null,"price_margin":null,"price_discount":null}},{"id":"4917","date_created":"2025-08-16 08:45:48","date_expiry":"2026-09-30 00:00:00","user_id":"2760","batch_number":"OwnatClassicLambRiceAgneauRizadulte(chien)20Kg0926","location":"","quantity":"1.0000","quantity_available":"0.0000","units":"1","status":"archived","order_ids":"[26426]","supplier":"Ownat","po":{"id":"4881","date_created":"2025-08-16 08:45:48","batch_id":"4917","po_number":"","supplier":"Ownat","cost":null,"regular_price":null,"sale_price":null,"price_margin":null,"price_discount":null}},{"id":"4982","date_created":"2025-08-22 17:26:25","date_expiry":"2026-09-30 00:00:00","user_id":"2760","batch_number":"OwnatClassicLambRiceAgneauRizadulte(chien)20Kg0926","location":"","quantity":"2.0000","quantity_available":"0.0000","units":"1","status":"archived","order_ids":"[26435,27632]","supplier":"Ownat","po":{"id":"4946","date_created":"2025-08-22 17:26:25","batch_id":"4982","po_number":"","supplier":"Ownat","cost":null,"regular_price":null,"sale_price":null,"price_margin":null,"price_discount":null}},{"id":"5226","date_created":"2025-09-08 15:46:38","date_expiry":"2026-09-30 00:00:00","user_id":"2760","batch_number":"OwnatClassicLambRiceAgneauRizadulte(chien)20Kg0926","location":"","quantity":"1.0000","quantity_available":"0.0000","units":"1","status":"archived","order_ids":"[28236]","supplier":"Ownat","po":{"id":"5183","date_created":"2025-09-08 15:46:39","batch_id":"5226","po_number":"","supplier":"Ownat","cost":null,"regular_price":null,"sale_price":null,"price_margin":null,"price_discount":null}},{"id":"5473","date_created":"2025-09-23 10:36:11","date_expiry":"2026-09-30 00:00:00","user_id":"2760","batch_number":"OwnatClassicLambRiceAgneauRizadulte(chien)20Kg0926","location":"","quantity":"1.0000","quantity_available":"0.0000","units":"1","status":"archived","order_ids":"[28418]","supplier":"Ownat","po":{"id":"5429","date_created":"2025-09-23 10:36:15","batch_id":"5473","po_number":"","supplier":"Ownat","cost":null,"regular_price":null,"sale_price":null,"price_margin":null,"price_discount":null}},{"id":"5712","date_created":"2025-10-13 20:36:06","date_expiry":"2026-09-30 00:00:00","user_id":"2760","batch_number":"OwnatClassicLambRiceAgneauRizadulte(chien)20Kg0926","location":"","quantity":"2.0000","quantity_available":"0.0000","units":"1","status":"archived","order_ids":"[28993,29112]","supplier":"Ownat","po":{"id":"5666","date_created":"2025-10-13 20:36:07","batch_id":"5712","po_number":"","supplier":"Ownat","cost":null,"regular_price":null,"sale_price":null,"price_margin":null,"price_discount":null}},{"id":"5917","date_created":"2025-10-30 14:03:41","date_expiry":"2026-09-30 00:00:00","user_id":"2760","batch_number":"OwnatClassicLambRiceAgneauRizadulte(chien)20Kg0926","location":"","quantity":"3.0000","quantity_available":"0.0000","units":"1","status":"archived","order_ids":"[29646,29708,29711]","supplier":"Ownat","po":{"id":"5913","date_created":"2025-11-03 22:22:39","batch_id":"5917","po_number":"","supplier":"Ownat","cost":null,"regular_price":null,"sale_price":null,"price_margin":null,"price_discount":null}},{"id":"6118","date_created":"2025-11-11 22:47:13","date_expiry":"2026-09-30 00:00:00","user_id":"2760","batch_number":"OwnatClassicLambRiceAgneauRizadulte(chien)20Kg0926","location":"","quantity":"4.0000","quantity_available":"0.0000","units":"1","status":"archived","order_ids":"[30502,30878,30971,31143]","supplier":"Ownat","po":{"id":"6065","date_created":"2025-11-11 22:47:13","batch_id":"6118","po_number":"","supplier":"Ownat","cost":null,"regular_price":null,"sale_price":null,"price_margin":null,"price_discount":null}},{"id":"6296","date_created":"2025-11-23 23:37:05","date_expiry":"2027-01-30 00:00:00","user_id":"2760","batch_number":"OwnatClassicLambRiceAgneauRizadulte(chien)20Kg0127","location":"","quantity":"1.0000","quantity_available":"0.0000","units":"1","status":"archived","order_ids":"[32596]","supplier":"Ownat","po":{"id":"6242","date_created":"2025-11-23 23:37:06","batch_id":"6296","po_number":"","supplier":"Ownat","cost":null,"regular_price":null,"sale_price":null,"price_margin":null,"price_discount":null}},{"id":"6446","date_created":"2025-12-03 22:07:54","date_expiry":"2027-01-30 00:00:00","user_id":"2760","batch_number":"OwnatClassicLambRiceAgneauRizadulte(chien)20Kg0127","location":"","quantity":"5.0000","quantity_available":"0.0000","units":"1","status":"archived","order_ids":"[33152,33630,34086,34271,34525]","supplier":"Ownat","po":{"id":"6392","date_created":"2025-12-03 22:07:55","batch_id":"6446","po_number":"","supplier":"Ownat","cost":null,"regular_price":null,"sale_price":null,"price_margin":null,"price_discount":null}},{"id":"7388","date_created":"2026-01-30 11:25:48","date_expiry":"2026-11-30 00:00:00","user_id":"2760","batch_number":"OwnatClassicLambRiceAgneauRizadulte(chien)20Kg1126","location":"","quantity":"3.0000","quantity_available":"0.0000","units":"1","status":"archived","order_ids":"[34994,35696,36720]","supplier":"Ownat","po":{"id":"7324","date_created":"2026-01-30 11:25:49","batch_id":"7388","po_number":"","supplier":"Ownat","cost":null,"regular_price":null,"sale_price":null,"price_margin":null,"price_discount":null}},{"id":"7647","date_created":"2026-02-12 11:11:21","date_expiry":"2027-05-30 00:00:00","user_id":"2760","batch_number":"OwnatClassicLambRiceAgneauRizadulte(chien)20Kg0527","location":"","quantity":"2.0000","quantity_available":"0.0000","units":"1","status":"archived","order_ids":"[38453,38700]","supplier":"Ownat","po":{"id":"7582","date_created":"2026-02-12 11:11:22","batch_id":"7647","po_number":"","supplier":"Ownat","cost":null,"regular_price":null,"sale_price":null,"price_margin":null,"price_discount":null}},{"id":"7832","date_created":"2026-02-22 11:56:38","date_expiry":"2027-05-30 00:00:00","user_id":"2760","batch_number":"OwnatClassicLambRiceAgneauRizadulte(chien)20Kg0527","location":"","quantity":"1.0000","quantity_available":"0.0000","units":"1","status":"archived","order_ids":"[37183]","supplier":"Ownat","po":{"id":"7767","date_created":"2026-02-22 11:56:38","batch_id":"7832","po_number":"","supplier":"Ownat","cost":null,"regular_price":null,"sale_price":null,"price_margin":null,"price_discount":null}},{"id":"8133","date_created":"2026-03-07 12:09:20","date_expiry":"2027-05-30 00:00:00","user_id":"2760","batch_number":"OwnatClassicLambRiceAgneauRizadulte(chien)20Kg0527","location":"","quantity":"1.0000","quantity_available":"0.0000","units":"1","status":"archived","order_ids":"[37754]","supplier":"Ownat","po":{"id":"8072","date_created":"2026-03-07 12:09:21","batch_id":"8133","po_number":"","supplier":"Ownat","cost":null,"regular_price":null,"sale_price":null,"price_margin":null,"price_discount":null}},{"id":"8203","date_created":"2026-03-13 01:46:36","date_expiry":"2027-05-30 00:00:00","user_id":"2760","batch_number":"OwnatClassicLambRiceAgneauRizadulte(chien)20Kg0527","location":"","quantity":"1.0000","quantity_available":"0.0000","units":"1","status":"archived","order_ids":"[37886]","supplier":"Ownat","po":{"id":"8141","date_created":"2026-03-13 01:46:36","batch_id":"8203","po_number":"","supplier":"Ownat","cost":null,"regular_price":null,"sale_price":null,"price_margin":null,"price_discount":null}},{"id":"8381","date_created":"2026-03-19 12:10:30","date_expiry":"2027-05-30 00:00:00","user_id":"2760","batch_number":"OwnatClassicLambRiceAgneauRizadulte(chien)20Kg0527","location":"","quantity":"1.0000","quantity_available":"0.0000","units":"1","status":"archived","order_ids":"[38218]","supplier":"Ownat","po":{"id":"8309","date_created":"2026-03-19 12:10:31","batch_id":"8381","po_number":"","supplier":"Ownat","cost":null,"regular_price":null,"sale_price":null,"price_margin":null,"price_discount":null}},{"id":"8530","date_created":"2026-03-26 14:15:48","date_expiry":"2027-05-30 00:00:00","user_id":"2760","batch_number":"OwnatClassicLambRiceAgneauRizadulte(chien)20Kg0527","location":"","quantity":"2.0000","quantity_available":"0.0000","units":"1","status":"archived","order_ids":"[39920,40139]","supplier":"Ownat","po":{"id":"8458","date_created":"2026-03-26 14:15:49","batch_id":"8530","po_number":"","supplier":"Ownat","cost":null,"regular_price":null,"sale_price":null,"price_margin":null,"price_discount":null}},{"id":"8640","date_created":"2026-04-03 17:37:01","date_expiry":"2027-05-30 00:00:00","user_id":"2760","batch_number":"OwnatClassicLambRiceAgneauRizadulte(chien)20Kg0527","location":"","quantity":"1.0000","quantity_available":"0.0000","units":"1","status":"archived","order_ids":"[39223]","supplier":"Ownat","po":{"id":"8568","date_created":"2026-04-03 17:37:01","batch_id":"8640","po_number":"","supplier":"Ownat","cost":null,"regular_price":null,"sale_price":null,"price_margin":null,"price_discount":null}},{"id":"8804","date_created":"2026-04-13 14:53:31","date_expiry":"2027-06-30 00:00:00","user_id":"2760","batch_number":"OwnatClassicLambRiceAgneauRizadulte(chien)20Kg0627","location":"","quantity":"1.0000","quantity_available":"0.0000","units":"1","status":"archived","order_ids":"[40600]","supplier":"Ownat","po":{"id":"8731","date_created":"2026-04-13 14:53:32","batch_id":"8804","po_number":"","supplier":"Ownat","cost":null,"regular_price":null,"sale_price":null,"price_margin":null,"price_discount":null}},{"id":"8965","date_created":"2026-04-20 14:23:29","date_expiry":"2027-06-30 00:00:00","user_id":"2760","batch_number":"OwnatClassicLambRiceAgneauRizadulte(chien)20Kg0627","location":"","quantity":"1.0000","quantity_available":"0.0000","units":"1","status":"archived","order_ids":"[40634]","supplier":"Ownat","po":{"id":"8889","date_created":"2026-04-20 14:23:30","batch_id":"8965","po_number":"","supplier":"Ownat","cost":null,"regular_price":null,"sale_price":null,"price_margin":null,"price_discount":null}},{"id":"9093","date_created":"2026-04-25 11:23:27","date_expiry":"2027-06-30 00:00:00","user_id":"2760","batch_number":"OwnatClassicLambRiceAgneauRizadulte(chien)20Kg0627","location":"","quantity":"2.0000","quantity_available":"0.0000","units":"1","status":"archived","order_ids":"[40985,41084]","supplier":"Ownat","po":{"id":"9016","date_created":"2026-04-25 11:23:27","batch_id":"9093","po_number":"","supplier":"Ownat","cost":null,"regular_price":null,"sale_price":null,"price_margin":null,"price_discount":null}},{"id":"9252","date_created":"2026-04-30 14:52:23","date_expiry":"2027-06-30 00:00:00","user_id":"2760","batch_number":"OwnatClassicLambRiceAgneauRizadulte(chien)20Kg0627","location":"","quantity":"2.0000","quantity_available":"2.0000","units":"1","status":"active","order_ids":null,"supplier":"Ownat","po":{"id":"9175","date_created":"2026-04-30 14:52:23","batch_id":"9252","po_number":"","supplier":"Ownat","cost":null,"regular_price":null,"sale_price":null,"price_margin":null,"price_discount":null}}],"_links":{"self":[{"href":"https:\/\/petworld.ma\/index.php\/wp-json\/wp\/v2\/product\/4414","targetHints":{"allow":["GET"]}}],"collection":[{"href":"https:\/\/petworld.ma\/index.php\/wp-json\/wp\/v2\/product"}],"about":[{"href":"https:\/\/petworld.ma\/index.php\/wp-json\/wp\/v2\/types\/product"}],"wp:featuredmedia":[{"embeddable":true,"href":"https:\/\/petworld.ma\/index.php\/wp-json\/wp\/v2\/media\/4416"}],"wp:attachment":[{"href":"https:\/\/petworld.ma\/index.php\/wp-json\/wp\/v2\/media?parent=4414"}],"wp:term":[{"taxonomy":"product_brand","embeddable":true,"href":"https:\/\/petworld.ma\/index.php\/wp-json\/wp\/v2\/product_brand?post=4414"},{"taxonomy":"product_cat","embeddable":true,"href":"https:\/\/petworld.ma\/index.php\/wp-json\/wp\/v2\/product_cat?post=4414"},{"taxonomy":"product_tag","embeddable":true,"href":"https:\/\/petworld.ma\/index.php\/wp-json\/wp\/v2\/product_tag?post=4414"}],"curies":[{"name":"wp","href":"https:\/\/api.w.org\/{rel}","templated":true}]}}