{"id":4776,"date":"2023-10-27T21:15:48","date_gmt":"2023-10-27T21:15:48","guid":{"rendered":"https:\/\/petworld.ma\/?post_type=product&#038;p=4776"},"modified":"2026-04-22T18:49:20","modified_gmt":"2026-04-22T18:49:20","slug":"brit-care-grain-free-kitten-healthy-growth-development-2kg-chaton-sans-cereales","status":"publish","type":"product","link":"https:\/\/petworld.ma\/index.php\/produit\/brit-care-grain-free-kitten-healthy-growth-development-2kg-chaton-sans-cereales\/","title":{"rendered":"Brit care Kitten Grain Free healthy growth and development 2kg | 7kg (chaton sans c\u00e9r\u00e9ales)"},"content":{"rendered":"<div class=\"hidden-xs\">\n<div class=\"hidden-xs\">\n<div class=\"hidden-xs\"><strong>Aliment complet pour chatons et chattes gestantes ou allaitantes.<\/strong><\/div>\n<p>Une formule hypoallerg\u00e9nique, sans c\u00e9r\u00e9ales et hautement digestible, riche en nutriments essentiels pour satisfaire les besoins \u00e9nerg\u00e9tiques des chattes gestantes ou allaitantes et favoriser le bon d\u00e9veloppement du f\u0153tus.\u00a0La teneur \u00e9quilibr\u00e9e en calcium, phosphore, magn\u00e9sium, vitamine D et un complexe de vitamines, de min\u00e9raux et d&rsquo;acides gras essentiels assure la naissance de chatons en bonne sant\u00e9 et aide \u00e0 pr\u00e9venir le rachitisme.<\/p>\n<ul>\n<li>LES PROBIOTIQUES et PR\u00c9BIOTIQUES aident \u00e0 maintenir la sant\u00e9 du tractus gastro-intestinal et du syst\u00e8me immunitaire.<\/li>\n<li>COLOSTRUM contient des immunoglobulines, des anticorps qui aident les chatons \u00e0 d\u00e9velopper une forte immunit\u00e9.<\/li>\n<li>TAURINE soutient la sant\u00e9 oculaire et cardiaque.<\/li>\n<li>UNE TENEUR \u00c9LEV\u00c9E EN PROT\u00c9INES aide \u00e0 maintenir la croissance et le d\u00e9veloppement de la masse musculaire.<\/li>\n<li>Sans c\u00e9r\u00e9ales \u2013 SANS colorants \u2013 SANS conservateurs \u2013 SANS OGM \u2013 SANS soja.<\/li>\n<\/ul>\n<p class=\"composition\"><strong>Composition :<\/strong>\u00a0dinde d\u00e9shydrat\u00e9e (30%), viande fra\u00eeche de poulet (26%), graisse de volaille (conserv\u00e9e aux tocoph\u00e9rols, 12%), pois jaunes (12%), pois chiches (8%), huile de saumon (3%), poulet hydrolys\u00e9 foie (2%), graines de lin (2%), pommes s\u00e9ch\u00e9es (2%), levure de bi\u00e8re (1%), colostrum (0,5%), camomille s\u00e9ch\u00e9e (0,5%), min\u00e9raux, argousier s\u00e9ch\u00e9 (0,3%) , canneberges s\u00e9ch\u00e9es (0,2%), fructo-oligosaccharides (0,025%), mannan-oligosaccharides (0,02%), yucca Mojave (0,01%), Lactobacillus acidophilus HA \u2013 122 inactiv\u00e9 (15&#215;109 cellules\/kg).<\/p>\n<p><strong>Ingr\u00e9dients analytiques\u00a0:<\/strong>\u00a0prot\u00e9ines brutes 38,0\u00a0%, mati\u00e8res grasses brutes 18,0\u00a0%, fibres brutes 1,5\u00a0%, cendres brutes 7,2\u00a0%, humidit\u00e9 10,0\u00a0%, om\u00e9ga-3 0,5\u00a0%, om\u00e9ga-6 2,2\u00a0%, calcium 1,2\u00a0%, phosphore 0,9\u00a0%, sodium 0,5\u00a0% , magn\u00e9sium 0,1%.<\/p>\n<p><strong>Composition nutritionnelle :<\/strong>\u00a0vitamine A (3a672a) 23 000 UI, vitamine D3 (E671) 1 000 UI, vitamine E (3a700) 800 mg, vitamine C (3a312) 400 mg, taurine (3a370) 2 800 mg, L-carnitine (3a910 ) 100 mg, chlorure de choline (3a890) 2 800 mg, biotine (3a880) 2,5 mg, vitamine B1 (3a821) 12 mg, vitamine B2 15 mg, niacinamide (3a315) 60 mg, D-pantoth\u00e9nate de calcium (3a841) 50 mg , vitamine B6 (3a831) 12 mg, acide folique (3a316) 3 mg, vitamine B12 0,05 mg, zinc (3b606) 140 mg, fer (3b106) 55 mg, mangan\u00e8se (3b504) 65 mg, iodure de potassium (3b201) 4,5 mg , cuivre (3b406) 12 mg, s\u00e9l\u00e9nium (3b8.10) 0,2 mg, L-m\u00e9thionine (3c305) 2 500 mg.\u00a0Contient des antioxydants naturels approuv\u00e9s par l&rsquo;UE\u00a0: extraits de tocoph\u00e9rol d&rsquo;huile v\u00e9g\u00e9tale (1b306), palmitate d&rsquo;ascorbyle (1b304) et extrait de romarin.<\/p>\n<p><strong>\u00c9nergie m\u00e9tabolisable :<\/strong>\u00a04 000 kcal\/kg<\/p>\n<\/div>\n<\/div>\n","protected":false},"excerpt":{"rendered":"<p>Aliment complet pour chatons et chattes gestantes ou allaitantes. Une formule hypoallerg\u00e9nique, sans c\u00e9r\u00e9ales et hautement digestible, riche en nutriments essentiels pour satisfaire les besoins \u00e9nerg\u00e9tiques des chattes gestantes ou allaitantes et favoriser le bon d\u00e9veloppement du f\u0153tus.\u00a0La teneur \u00e9quilibr\u00e9e en calcium, phosphore, magn\u00e9sium, vitamine D et un complexe de vitamines, de min\u00e9raux et d&rsquo;acides [&#8230;]\n","protected":false},"featured_media":4779,"template":"","meta":{"jetpack_publicize_message":"","jetpack_publicize_feature_enabled":true,"jetpack_social_post_already_shared":false,"jetpack_social_options":{"image_generator_settings":{"template":"highway","default_image_id":0,"font":"","enabled":false},"version":2}},"product_brand":[],"product_cat":[40],"product_tag":[],"class_list":{"0":"post-4776","1":"product","2":"type-product","3":"status-publish","4":"has-post-thumbnail","6":"product_cat-coquettes-pour-chat","8":"first","9":"instock","10":"taxable","11":"shipping-taxable","12":"purchasable","13":"product-type-variable"},"supplier_id":5590,"supplier_sku":"","barcode":null,"atum_controlled":true,"out_stock_date":"2025-03-26 14:18:56","out_stock_threshold":null,"inheritable":true,"inbound_stock":0,"stock_on_hold":0,"sold_today":0,"sales_last_days":3,"reserved_stock":0,"customer_returns":0,"warehouse_damage":0,"lost_in_post":0,"other_logs":0,"out_stock_days":398,"lost_sales":0,"has_location":false,"update_date":"2026-04-29T00:15:34","atum_locations":[],"atum_stock_status":"instock","restock_status":false,"low_stock_amount":"","sales_update_date":"2026-04-29T00:15:34","calc_backorders":null,"jetpack_publicize_connections":[],"jetpack_sharing_enabled":true,"batches":[{"id":"414","date_created":"2024-09-29 22:35:49","date_expiry":"2025-11-30 00:00:00","user_id":"2461","batch_number":"BritGFKittenHealthyGrowth301125","location":"","quantity":"3.0000","quantity_available":"0.0000","units":"1","status":"archived","order_ids":"[12228,12265,12433]","supplier":"Brit","po":{"id":"404","date_created":"2024-09-29 22:35:49","batch_id":"414","po_number":"","supplier":"Brit","cost":null,"regular_price":null,"sale_price":null,"price_margin":null,"price_discount":null}},{"id":"856","date_created":"2024-11-15 17:20:25","date_expiry":"2026-02-04 00:00:00","user_id":"2461","batch_number":"BritGFKittenHealthyGrowth04022626","location":"","quantity":"12.0000","quantity_available":"0.0000","units":"1","status":"archived","order_ids":"[14617,14810,14894,14945,15060,15288,15601,15693,15722,15879,16039,16154]","supplier":"Brit","po":{"id":"832","date_created":"2024-11-15 17:20:26","batch_id":"856","po_number":"","supplier":"Brit","cost":null,"regular_price":null,"sale_price":null,"price_margin":null,"price_discount":null}},{"id":"1452","date_created":"2024-12-31 22:03:49","date_expiry":"2026-05-30 00:00:00","user_id":"2461","batch_number":"BritGFKittenHealthyGrowth300526","location":"","quantity":"6.0000","quantity_available":"0.0000","units":"1","status":"archived","order_ids":"[16390,19015,19035,19078,19122,19549,19613]","supplier":"Brit","po":{"id":"1425","date_created":"2024-12-31 22:03:51","batch_id":"1452","po_number":"","supplier":"Brit","cost":null,"regular_price":null,"sale_price":null,"price_margin":null,"price_discount":null}},{"id":"1560","date_created":"2025-01-09 21:14:55","date_expiry":"2026-03-30 00:00:00","user_id":"2461","batch_number":"BritGFKittenHealthyGrowth300326","location":"","quantity":"6.0000","quantity_available":"0.0000","units":"1","status":"archived","order_ids":"[16988,17543,17733,17851]","supplier":"Brit","po":{"id":"1534","date_created":"2025-01-09 21:14:57","batch_id":"1560","po_number":"","supplier":"Brit","cost":null,"regular_price":null,"sale_price":null,"price_margin":null,"price_discount":null}},{"id":"1947","date_created":"2025-02-11 21:19:47","date_expiry":"2026-05-25 00:00:00","user_id":"2461","batch_number":"BritGFKittenHealthyGrowth25052626","location":"","quantity":"6.0000","quantity_available":"0.0000","units":"1","status":"archived","order_ids":"[18021,18212,18344,18606,18620,18764,18874]","supplier":"Brit","po":{"id":"1919","date_created":"2025-02-11 21:19:50","batch_id":"1947","po_number":"","supplier":"Brit","cost":null,"regular_price":null,"sale_price":null,"price_margin":null,"price_discount":null}}],"_links":{"self":[{"href":"https:\/\/petworld.ma\/index.php\/wp-json\/wp\/v2\/product\/4776","targetHints":{"allow":["GET"]}}],"collection":[{"href":"https:\/\/petworld.ma\/index.php\/wp-json\/wp\/v2\/product"}],"about":[{"href":"https:\/\/petworld.ma\/index.php\/wp-json\/wp\/v2\/types\/product"}],"wp:featuredmedia":[{"embeddable":true,"href":"https:\/\/petworld.ma\/index.php\/wp-json\/wp\/v2\/media\/4779"}],"wp:attachment":[{"href":"https:\/\/petworld.ma\/index.php\/wp-json\/wp\/v2\/media?parent=4776"}],"wp:term":[{"taxonomy":"product_brand","embeddable":true,"href":"https:\/\/petworld.ma\/index.php\/wp-json\/wp\/v2\/product_brand?post=4776"},{"taxonomy":"product_cat","embeddable":true,"href":"https:\/\/petworld.ma\/index.php\/wp-json\/wp\/v2\/product_cat?post=4776"},{"taxonomy":"product_tag","embeddable":true,"href":"https:\/\/petworld.ma\/index.php\/wp-json\/wp\/v2\/product_tag?post=4776"}],"curies":[{"name":"wp","href":"https:\/\/api.w.org\/{rel}","templated":true}]}}