{"id":5421,"date":"2023-12-09T16:14:33","date_gmt":"2023-12-09T16:14:33","guid":{"rendered":"https:\/\/petworld.ma\/?post_type=product&#038;p=5421"},"modified":"2026-05-06T23:36:10","modified_gmt":"2026-05-06T23:36:10","slug":"reflex-kitten-poulet-15kg","status":"publish","type":"product","link":"https:\/\/petworld.ma\/index.php\/produit\/reflex-kitten-poulet-15kg\/","title":{"rendered":"Reflex Kitten Poulet (2 kg | 15kg)"},"content":{"rendered":"<p>Reflex Kitten Food with Chicken est une nourriture pour chat de qualit\u00e9 sup\u00e9rieure contenant des prot\u00e9ines de poulet, sp\u00e9cialement formul\u00e9e par des nutritionnistes pour chats\/chiens pour apporter tous les nutriments n\u00e9cessaires au d\u00e9veloppement des chatons.<\/p>\n<div class=\"container pt-30\">\n<div class=\"row\">\n<div class=\"col-12\">\n<p>L&rsquo;\u00e9quilibre des om\u00e9ga 3 et 6 est assur\u00e9 par l&rsquo;utilisation de graines de lin miracles naturelles.<\/p>\n<p>La plante de yucca dans son contenu assure un contr\u00f4le des odeurs et de l&rsquo;ammoniac, augmente l&rsquo;absorption des nutriments ;\u00a0renforce le syst\u00e8me immunitaire et am\u00e9liore la croissance et les performances des animaux.<\/p>\n<p>La sant\u00e9 et la performance intestinales sont soutenues par l&rsquo;oligosaccharide de mannane liant les agents pathog\u00e8nes, les b\u00eata-glucanes qui soutiennent le syst\u00e8me immunitaire et le CitriStim, une riche source de levure immuno-friendly.<\/p>\n<p>La levure de bi\u00e8re est utilis\u00e9e dans son contenu pour une peau saine et des cheveux brillants.<\/p>\n<p>Le syst\u00e8me immunitaire est renforc\u00e9 par l&rsquo;utilisation de poudre de lactos\u00e9rum ;\u00a0les muscles, les organes et les cellules nerveuses sont soutenus.<\/p>\n<p>Il est enrichi en vitamines et min\u00e9raux.<\/p>\n<\/div>\n<\/div>\n<\/div>\n<div class=\"container\">\n<div id=\"myTabContent\" class=\"tab-content\">\n<div id=\"home\" class=\"tab-pane fade show active\" role=\"tabpanel\" aria-labelledby=\"home-tab\">\n<div class=\"row py-20\">\n<div class=\"col-12 col-lg-12\">\n<div class=\"food-content-sec\">\n<p><strong>Ingr\u00e9dients :\u00a0<\/strong>\u00a0Prot\u00e9ines de poulet (d\u00e9shydrat\u00e9es) (45%), Son de bl\u00e9, Ar\u00f4me foie, Vitamines et min\u00e9raux, Graines de lin, C\u00e9r\u00e9ales (Riz (%10), Ma\u00efs), Graisse de poulet, Gluten de ma\u00efs, Pulpe de betterave s\u00e9ch\u00e9e, Levure de bi\u00e8re, Sel, MOS (mannane oligosaccharides), Yucca schidigera, Taurine (3A370) Conservateurs \u2013 antioxydants (E320 &amp; E321).<\/p>\n<p><strong>Min\u00e9raux :\u00a0<\/strong>\u00a0Zinc 140 mg\/kg S\u00e9l\u00e9nium 0,3 mg\/kg Fer 200 mg\/kg Iode 1,5 mg\/kg Cuivre 13 mg\/kg Mangan\u00e8se 50 mg\/kg<\/p>\n<p><strong>Vitamines :\u00a0<\/strong>\u00a0Vitamine A 18000 UI\/kg Vitamine D3 1500 UI\/kg Vitamine E 200 mg\/kg Vitamine C 400 mg\/kg Vitamine B1 Vitamine B2 B3 (niacine) B7 (biotine) B9 (acide folique) Vitamine B12 Vitamine K3 200 mg\/ kg Taurine 1500 mg\/kg<\/p>\n<\/div>\n<div class=\"row\">\n<div class=\"col-md-6\">\n<div class=\"food-content-sec mb-5\">\n<p class=\"food-content-title font-bold\">Composants nutritifs<\/p>\n<table class=\"table table-striped\">\n<tbody>\n<tr>\n<td>Prot\u00e9ine brute<\/td>\n<td>37%<\/td>\n<\/tr>\n<tr>\n<td>Gras \u00e9prude<\/td>\n<td>20%<\/td>\n<\/tr>\n<tr>\n<td>Cendres brutes<\/td>\n<td>8%<\/td>\n<\/tr>\n<tr>\n<td>Cellulose brute (fibre)<\/td>\n<td>3%<\/td>\n<\/tr>\n<\/tbody>\n<\/table>\n<p>&nbsp;<\/p>\n<\/div>\n<\/div>\n<div class=\"col-md-6\">\n<div class=\"food-content-sec\">\n<p class=\"food-content-title font-bold\">Compl\u00e9ments alimentaires<\/p>\n<table class=\"table table-striped\" width=\"451\">\n<tbody>\n<tr>\n<td>Vitamine A (3A672A)<\/td>\n<td>18 000 UI\/kg<\/td>\n<\/tr>\n<tr>\n<td>Vitamine D3 (3A671)<\/td>\n<td>1 500 UI\/kg<\/td>\n<\/tr>\n<tr>\n<td>Vitamine E (3A700)<\/td>\n<td>200mg\/kg<\/td>\n<\/tr>\n<tr>\n<td>Vitamine C (3A300)<\/td>\n<td>400mg\/kg<\/td>\n<\/tr>\n<tr>\n<td>Taurine (3A370)<\/td>\n<td>1 500 mg\/kg<\/td>\n<\/tr>\n<tr>\n<td>Vitamine K3 (3A710)<\/td>\n<td>200mg\/kg<\/td>\n<\/tr>\n<\/tbody>\n<\/table>\n<p>&nbsp;<\/p>\n<\/div>\n<\/div>\n<\/div>\n<\/div>\n<\/div>\n<\/div>\n<\/div>\n<\/div>\n","protected":false},"excerpt":{"rendered":"<p>Reflex Kitten Food with Chicken est une nourriture pour chat de qualit\u00e9 sup\u00e9rieure contenant des prot\u00e9ines de poulet, sp\u00e9cialement formul\u00e9e par des nutritionnistes pour chats\/chiens pour apporter tous les nutriments n\u00e9cessaires au d\u00e9veloppement des chatons.<\/p>\n","protected":false},"featured_media":11839,"template":"","meta":{"jetpack_publicize_message":"","jetpack_publicize_feature_enabled":true,"jetpack_social_post_already_shared":false,"jetpack_social_options":{"image_generator_settings":{"template":"highway","default_image_id":0,"font":"","enabled":false},"version":2}},"product_brand":[],"product_cat":[40],"product_tag":[],"class_list":{"0":"post-5421","1":"product","2":"type-product","3":"status-publish","4":"has-post-thumbnail","6":"product_cat-coquettes-pour-chat","8":"first","9":"instock","10":"taxable","11":"shipping-taxable","12":"purchasable","13":"product-type-variable"},"supplier_id":5593,"supplier_sku":"REF027","barcode":null,"atum_controlled":true,"out_stock_date":null,"out_stock_threshold":null,"inheritable":true,"inbound_stock":0,"stock_on_hold":1,"sold_today":0,"sales_last_days":6,"reserved_stock":0,"customer_returns":0,"warehouse_damage":0,"lost_in_post":0,"other_logs":0,"out_stock_days":0,"lost_sales":0,"has_location":false,"update_date":"2026-05-07T19:07:18","atum_locations":[],"atum_stock_status":"instock","restock_status":false,"low_stock_amount":1,"sales_update_date":"2026-05-06T00:17:58","calc_backorders":0,"jetpack_publicize_connections":[],"jetpack_sharing_enabled":true,"batches":[{"id":"1137","date_created":"2024-12-09 23:48:35","date_expiry":"2026-01-09 00:00:00","user_id":"9","batch_number":"Reflex KitteNPoulet15kg09012056WO","location":"","quantity":"2.0000","quantity_available":"0.0000","units":"1","status":"archived","order_ids":"[17000,17137]","supplier":"Zooluxe","po":{"id":"1113","date_created":"2024-12-09 23:48:35","batch_id":"1137","po_number":"","supplier":"Zooluxe","cost":null,"regular_price":null,"sale_price":null,"price_margin":null,"price_discount":null}},{"id":"1824","date_created":"2025-01-30 14:33:09","date_expiry":"2025-09-22 00:00:00","user_id":"9","batch_number":"ReflexKitteNPoulet15kg220925","location":"","quantity":"2.0000","quantity_available":"0.0000","units":"1","status":"archived","order_ids":"[17334,17549]","supplier":"Rabat","po":{"id":"1798","date_created":"2025-01-30 14:33:13","batch_id":"1824","po_number":"","supplier":"Rabat","cost":null,"regular_price":null,"sale_price":null,"price_margin":null,"price_discount":null}},{"id":"1895","date_created":"2025-02-07 11:13:22","date_expiry":"2026-04-17 00:00:00","user_id":"9","batch_number":"ReflexKitteNPoulet15kg170426","location":"","quantity":"3.0000","quantity_available":"0.0000","units":"1","status":"archived","order_ids":"[17622,17894,18021]","supplier":"Rabat","po":{"id":"1869","date_created":"2025-02-07 11:13:25","batch_id":"1895","po_number":"","supplier":"Rabat","cost":null,"regular_price":null,"sale_price":null,"price_margin":null,"price_discount":null}},{"id":"2381","date_created":"2025-03-17 21:17:13","date_expiry":"2026-04-17 00:00:00","user_id":"9","batch_number":"ReflexKitteNPoulet15kg170426","location":"","quantity":"2.0000","quantity_available":"0.0000","units":"1","status":"archived","order_ids":"[19250,19588]","supplier":"Rabat","po":{"id":"2350","date_created":"2025-03-17 21:17:16","batch_id":"2381","po_number":"","supplier":"Rabat","cost":null,"regular_price":null,"sale_price":null,"price_margin":null,"price_discount":null}},{"id":"2382","date_created":"2025-03-17 21:18:35","date_expiry":"2025-09-22 00:00:00","user_id":"9","batch_number":"ReflexKitteNPoulet15kg220925","location":"","quantity":"1.0000","quantity_available":"0.0000","units":"1","status":"archived","order_ids":"[19247]","supplier":"Rabat","po":{"id":"2351","date_created":"2025-03-17 21:18:38","batch_id":"2382","po_number":"","supplier":"Rabat","cost":null,"regular_price":null,"sale_price":null,"price_margin":null,"price_discount":null}},{"id":"2561","date_created":"2025-03-29 21:27:04","date_expiry":"2026-05-30 00:00:00","user_id":"9","batch_number":"ReflexKitteNPoulet15kg30052026","location":"","quantity":"4.0000","quantity_available":"0.0000","units":"1","status":"archived","order_ids":"[19855,20016,20202,20722]","supplier":"Rabat","po":{"id":"2529","date_created":"2025-03-29 21:27:08","batch_id":"2561","po_number":"","supplier":"Rabat","cost":null,"regular_price":null,"sale_price":null,"price_margin":null,"price_discount":null}},{"id":"3015","date_created":"2025-04-12 21:18:53","date_expiry":"2026-05-30 00:00:00","user_id":"9","batch_number":"ReflexKitteNPoulet15kg30052026","location":"","quantity":"3.0000","quantity_available":"0.0000","units":"1","status":"archived","order_ids":"[20838,21057,21067]","supplier":"Casablanca","po":{"id":"2983","date_created":"2025-04-12 21:18:58","batch_id":"3015","po_number":"","supplier":"Casablanca","cost":null,"regular_price":null,"sale_price":null,"price_margin":null,"price_discount":null}},{"id":"3245","date_created":"2025-05-01 09:20:18","date_expiry":"2026-04-17 00:00:00","user_id":"9","batch_number":"ReflexKitteNPoulet15kg170426","location":"","quantity":"3.0000","quantity_available":"0.0000","units":"1","status":"archived","order_ids":"[21405,21919,22255]","supplier":"Casablanca","po":{"id":"3212","date_created":"2025-05-01 09:20:18","batch_id":"3245","po_number":"","supplier":"Casablanca","cost":null,"regular_price":null,"sale_price":null,"price_margin":null,"price_discount":null}},{"id":"3612","date_created":"2025-05-25 13:10:13","date_expiry":"2026-05-30 00:00:00","user_id":"9","batch_number":"ReflexKitteNPoulet15kg300526","location":"","quantity":"3.0000","quantity_available":"0.0000","units":"1","status":"archived","order_ids":"[22444,22775,22807]","supplier":"Casablanca","po":{"id":"3579","date_created":"2025-05-25 13:10:13","batch_id":"3612","po_number":"","supplier":"Casablanca","cost":null,"regular_price":null,"sale_price":null,"price_margin":null,"price_discount":null}},{"id":"4088","date_created":"2025-06-25 11:15:13","date_expiry":"2026-11-15 00:00:00","user_id":"9","batch_number":"ReflexKitteNPoulet15kg151126","location":"","quantity":"26.0000","quantity_available":"11.0000","units":"1","status":"active","order_ids":"[23971,24084,24317,24822,25048,25554,25819,26071,26123,26230,27003]","supplier":"RABAT","po":{"id":"4052","date_created":"2025-06-25 11:15:14","batch_id":"4088","po_number":"","supplier":"RABAT","cost":null,"regular_price":null,"sale_price":null,"price_margin":null,"price_discount":null}}],"_links":{"self":[{"href":"https:\/\/petworld.ma\/index.php\/wp-json\/wp\/v2\/product\/5421","targetHints":{"allow":["GET"]}}],"collection":[{"href":"https:\/\/petworld.ma\/index.php\/wp-json\/wp\/v2\/product"}],"about":[{"href":"https:\/\/petworld.ma\/index.php\/wp-json\/wp\/v2\/types\/product"}],"wp:featuredmedia":[{"embeddable":true,"href":"https:\/\/petworld.ma\/index.php\/wp-json\/wp\/v2\/media\/11839"}],"wp:attachment":[{"href":"https:\/\/petworld.ma\/index.php\/wp-json\/wp\/v2\/media?parent=5421"}],"wp:term":[{"taxonomy":"product_brand","embeddable":true,"href":"https:\/\/petworld.ma\/index.php\/wp-json\/wp\/v2\/product_brand?post=5421"},{"taxonomy":"product_cat","embeddable":true,"href":"https:\/\/petworld.ma\/index.php\/wp-json\/wp\/v2\/product_cat?post=5421"},{"taxonomy":"product_tag","embeddable":true,"href":"https:\/\/petworld.ma\/index.php\/wp-json\/wp\/v2\/product_tag?post=5421"}],"curies":[{"name":"wp","href":"https:\/\/api.w.org\/{rel}","templated":true}]}}