{"id":5578,"date":"2023-12-17T17:01:02","date_gmt":"2023-12-17T17:01:02","guid":{"rendered":"https:\/\/petworld.ma\/?post_type=product&#038;p=5578"},"modified":"2026-05-04T16:24:38","modified_gmt":"2026-05-04T16:24:38","slug":"barquette-100g-de-pate-au-cabillaud-convient-pour-chat-sterilise","status":"publish","type":"product","link":"https:\/\/petworld.ma\/index.php\/produit\/barquette-100g-de-pate-au-cabillaud-convient-pour-chat-sterilise\/","title":{"rendered":"Plaisir Barquette 100g de p\u00e2t\u00e9 au CABILLAUD (convient pour chat st\u00e9rilis\u00e9)"},"content":{"rendered":"<div class=\"product__description js-anim-sov\" data-anchor-name=\"description\">\n<div class=\"product__description-text\">Pour les chats adorant les recettes au poisson, voici une autre variante au Cabillaud. Les p\u00e2t\u00e9s Les Repas Plaisir sont formul\u00e9es avec l&rsquo;expertise de nos v\u00e9t\u00e9rinaires et avec des ingr\u00e9dients de qualit\u00e9, pour r\u00e9pondre aux besoins quotidiens de votre chat. Convient aux chats adultes st\u00e9rilis\u00e9s.<\/div>\n<\/div>\n<div class=\"product__characteristics js-anim-sov\">\n<div class=\"product__characteristics-title\"><\/div>\n<div class=\"product__characteristic\">\n<p><img decoding=\"async\" class=\"product__characteristic-image lazyautosizes lazyloaded\" src=\"https:\/\/lesrepasplaisir.fr\/cdn\/shop\/files\/vitamines_2_1x1_crop_center.png?v=10337970778314073779\" alt=\"\" data-widths=\"[80, 160]\" data-ratio=\"container\" data-sizes=\"auto\" data-srcset=\"\/\/lesrepasplaisir.fr\/cdn\/shop\/files\/vitamines_2_80x80_crop_center.png?v=10337970778314073779 80w, \/\/lesrepasplaisir.fr\/cdn\/shop\/files\/vitamines_2_160x160_crop_center.png?v=10337970778314073779 160w\" \/><\/p>\n<div class=\"product__characteristic-content\">\n<div class=\"product__characteristic-title\">Source de vitamines<\/div>\n<aside class=\"product__characteristic-text\">Nos p\u00e2t\u00e9s pour chat contiennent de la vitamine E, B1 et B8 qui aide chaque jour \u00e0 maintenir votre animal en pleine sant\u00e9.<\/aside>\n<\/div>\n<\/div>\n<div class=\"product__characteristic\">\n<p><img decoding=\"async\" class=\"product__characteristic-image lazyautosizes lazyloaded\" src=\"https:\/\/lesrepasplaisir.fr\/cdn\/shop\/files\/sans_colorants_3_1x1_crop_center.png?v=5200481212381423402\" alt=\"\" data-widths=\"[80, 160]\" data-ratio=\"container\" data-sizes=\"auto\" data-srcset=\"\/\/lesrepasplaisir.fr\/cdn\/shop\/files\/sans_colorants_3_80x80_crop_center.png?v=5200481212381423402 80w, \/\/lesrepasplaisir.fr\/cdn\/shop\/files\/sans_colorants_3_160x160_crop_center.png?v=5200481212381423402 160w\" \/><\/p>\n<div class=\"product__characteristic-content\">\n<div class=\"product__characteristic-title\">Sans colorants<\/div>\n<aside class=\"product__characteristic-text\">Parce qu&rsquo;ils m\u00e9ritent le meilleur, nos p\u00e2t\u00e9s pour chat ne contiennent ni colorants, ni conservateurs.<\/aside>\n<\/div>\n<\/div>\n<div class=\"product__characteristic\">\n<p><img decoding=\"async\" class=\"product__characteristic-image lazyautosizes lazyloaded\" src=\"https:\/\/lesrepasplaisir.fr\/cdn\/shop\/files\/sans_cereales_ajoutees_2_1x1_crop_center.png?v=15651731909160050976\" alt=\"\" data-widths=\"[80, 160]\" data-ratio=\"container\" data-sizes=\"auto\" data-srcset=\"\/\/lesrepasplaisir.fr\/cdn\/shop\/files\/sans_cereales_ajoutees_2_80x80_crop_center.png?v=15651731909160050976 80w, \/\/lesrepasplaisir.fr\/cdn\/shop\/files\/sans_cereales_ajoutees_2_160x160_crop_center.png?v=15651731909160050976 160w\" \/><\/p>\n<div class=\"product__characteristic-content\">\n<div class=\"product__characteristic-title\">Formul\u00e9 sans c\u00e9r\u00e9ales<\/div>\n<aside class=\"product__characteristic-text\">Pour une meilleure digestibilit\u00e9 de nos aliments, toutes nos recettes de p\u00e2t\u00e9 sont formul\u00e9es sans c\u00e9r\u00e9ales.<\/aside>\n<\/div>\n<\/div>\n<div class=\"product__characteristic\">\n<div class=\"product__characteristic-content\">\n<div class=\"product__characteristic-title\"><\/div>\n<aside class=\"product__characteristic-text\"><\/aside>\n<\/div>\n<\/div>\n<\/div>\n<div class=\"product__tabs js-anim-sov\">\n<div class=\"product__tab\" data-drawer=\"\">\n<h3 class=\"product__tab-header\">COMPOSITION<\/h3>\n<p>Viandes et sous-produits animaux 50%, Poissons et sous-produits de poissons (dont cabillaud 4%), Substances min\u00e9rales, Sucres.<\/p>\n<div class=\"product__tab-content\" data-drawer-content=\"\"><\/div>\n<\/div>\n<\/div>\n","protected":false},"excerpt":{"rendered":"<p>Pour les chats adorant les recettes au poisson, voici une autre variante au Cabillaud. Les p\u00e2t\u00e9s Les Repas Plaisir sont formul\u00e9es avec l&rsquo;expertise de nos v\u00e9t\u00e9rinaires et avec des ingr\u00e9dients de qualit\u00e9, pour r\u00e9pondre aux besoins quotidiens de votre chat. Convient aux chats adultes st\u00e9rilis\u00e9s. Source de vitamines Nos p\u00e2t\u00e9s pour chat contiennent de la [&#8230;]\n","protected":false},"featured_media":5579,"template":"","meta":{"jetpack_publicize_message":"","jetpack_publicize_feature_enabled":true,"jetpack_social_post_already_shared":false,"jetpack_social_options":{"image_generator_settings":{"template":"highway","default_image_id":0,"font":"","enabled":false},"version":2}},"product_brand":[],"product_cat":[41],"product_tag":[],"class_list":{"0":"post-5578","1":"product","2":"type-product","3":"status-publish","4":"has-post-thumbnail","6":"product_cat-friandises-et-pate-pour-chat","8":"first","9":"instock","10":"taxable","11":"shipping-taxable","12":"purchasable","13":"product-type-simple"},"supplier_id":5587,"supplier_sku":"6780","barcode":null,"atum_controlled":true,"out_stock_date":null,"out_stock_threshold":null,"inheritable":false,"inbound_stock":0,"stock_on_hold":2,"sold_today":0,"sales_last_days":4,"reserved_stock":0,"customer_returns":0,"warehouse_damage":0,"lost_in_post":0,"other_logs":0,"out_stock_days":0,"lost_sales":0,"has_location":false,"update_date":"2026-05-04T16:24:40","atum_locations":[],"atum_stock_status":"instock","restock_status":false,"low_stock_amount":320,"sales_update_date":"2026-05-04T16:24:40","calc_backorders":null,"jetpack_publicize_connections":[],"jetpack_sharing_enabled":true,"batches":[{"id":"1606","date_created":"2025-01-10 21:32:24","date_expiry":"2026-10-24 00:00:00","user_id":"2760","batch_number":"Barquette100gdep\u00e2t\u00e9auCABILLAUD241026","location":"","quantity":"320.0000","quantity_available":"0.0000","units":"1","status":"archived","order_ids":"[16688,16701,16724,16746,16776,16806,16982,17001,17103,17231,17364,17449,17537,17580,17661,17800,17820,17824,17883,17892,17940,18098,18137,18345,18454,18466,18520,18532,18916,18926,19067,19191,19201,19213,19471,20089,20214,20221,20539,20642,20658,21201,21224,21269,21358,21401,21457,21459,22031,22125]","supplier":"Royal Canin","po":{"id":"1580","date_created":"2025-01-10 21:32:27","batch_id":"1606","po_number":"","supplier":"Royal Canin","cost":null,"regular_price":null,"sale_price":null,"price_margin":null,"price_discount":null}},{"id":"3868","date_created":"2025-06-05 09:39:04","date_expiry":"2027-01-27 00:00:00","user_id":"2760","batch_number":"Barquette100gdep\u00e2t\u00e9auCABILLAUD270127","location":"","quantity":"106.0000","quantity_available":"0.0000","units":"1","status":"archived","order_ids":"[22989,23146,23278,23280,23336,23381,23470,23493,23580,23593,23666,23711,23744,23759,23797,23838,23996,24067,24171,24250,24283,24346,24620,24779,24792,25006,25158,25182,25234,25271,25276,25316,25400,25459,25496,25506]","supplier":"Royal Canin","po":{"id":"3832","date_created":"2025-06-05 09:39:04","batch_id":"3868","po_number":"","supplier":"Royal Canin","cost":null,"regular_price":null,"sale_price":null,"price_margin":null,"price_discount":null}},{"id":"3898","date_created":"2025-06-05 14:01:48","date_expiry":"2027-04-05 00:00:00","user_id":"2760","batch_number":"Barquette100gdep\u00e2t\u00e9auCABILLAUD050427","location":"","quantity":"128.0000","quantity_available":"0.0000","units":"1","status":"archived","order_ids":"[25506,25523,25537,25623,25662,25889,26019,26025,26033,26062,26294,26472,26480,26504,26742,26758,26965,27007,27434,27460,27767,27861,27911,32373,32421,32424,32991,33165,33168,33257,34863]","supplier":"Royal Canin","po":{"id":"3862","date_created":"2025-06-05 14:01:48","batch_id":"3898","po_number":"","supplier":"Royal Canin","cost":null,"regular_price":null,"sale_price":null,"price_margin":null,"price_discount":null}},{"id":"5335","date_created":"2025-09-16 10:42:52","date_expiry":"2027-06-05 00:00:00","user_id":"2760","batch_number":"Barquette100gdep\u00e2t\u00e9auCABILLAUD050627","location":"","quantity":"256.0000","quantity_available":"24.0000","units":"1","status":"active","order_ids":"[27911,27971,28076,28169,28311,28438,28742,28927,28957,29186,29201,29258,29275,29501,29507,29578,29602,29767,29821,29825,29879,30003,30052,30089,30251,30748,30858,30977,30998,31023,31075,31174,32004,32094,33573,33732,33868,34652,34705,34715,34743,34863,35418,35756,35998,36233,36455,36836,37173,37433,37728,37819,37985,38331,38553,38943,38998,39198,40051,40672,40792,41264]","supplier":"Royal Canin","po":{"id":"5292","date_created":"2025-09-16 10:42:53","batch_id":"5335","po_number":"","supplier":"Royal Canin","cost":null,"regular_price":null,"sale_price":null,"price_margin":null,"price_discount":null}}],"_links":{"self":[{"href":"https:\/\/petworld.ma\/index.php\/wp-json\/wp\/v2\/product\/5578","targetHints":{"allow":["GET"]}}],"collection":[{"href":"https:\/\/petworld.ma\/index.php\/wp-json\/wp\/v2\/product"}],"about":[{"href":"https:\/\/petworld.ma\/index.php\/wp-json\/wp\/v2\/types\/product"}],"wp:featuredmedia":[{"embeddable":true,"href":"https:\/\/petworld.ma\/index.php\/wp-json\/wp\/v2\/media\/5579"}],"wp:attachment":[{"href":"https:\/\/petworld.ma\/index.php\/wp-json\/wp\/v2\/media?parent=5578"}],"wp:term":[{"taxonomy":"product_brand","embeddable":true,"href":"https:\/\/petworld.ma\/index.php\/wp-json\/wp\/v2\/product_brand?post=5578"},{"taxonomy":"product_cat","embeddable":true,"href":"https:\/\/petworld.ma\/index.php\/wp-json\/wp\/v2\/product_cat?post=5578"},{"taxonomy":"product_tag","embeddable":true,"href":"https:\/\/petworld.ma\/index.php\/wp-json\/wp\/v2\/product_tag?post=5578"}],"curies":[{"name":"wp","href":"https:\/\/api.w.org\/{rel}","templated":true}]}}