{"id":5948,"date":"2024-01-07T18:31:18","date_gmt":"2024-01-07T18:31:18","guid":{"rendered":"https:\/\/petworld.ma\/?post_type=product&#038;p=5948"},"modified":"2026-04-20T21:20:49","modified_gmt":"2026-04-20T21:20:49","slug":"distributeur-de-croquettes-jouet-interactif-et-amusant","status":"publish","type":"product","link":"https:\/\/petworld.ma\/index.php\/produit\/distributeur-de-croquettes-jouet-interactif-et-amusant\/","title":{"rendered":"Jouet Distributeur de croquettes : interactif et amusant"},"content":{"rendered":"<p>Jouet tr\u00e8s amusant pour chat.<\/p>\n<p>Mode d&#8217;emploi:<\/p>\n<ul>\n<li>Remplir la roue avec les croquettes<\/li>\n<li>Le chat fait tourner la roue en 360 degr\u00e9<\/li>\n<li>Le chat r\u00e9cup\u00e8re sa r\u00e9compense<\/li>\n<\/ul>\n<p>Couleur: Bleu comme la photo ci-dessous<\/p>\n<p><img decoding=\"async\" class=\"alignnone size-medium wp-image-5950\" src=\"https:\/\/petworld.ma\/wp-content\/uploads\/2024\/01\/distributeur-de-croquettes-jouet-297x300.png\" alt=\"\" width=\"297\" height=\"300\" srcset=\"https:\/\/petworld.ma\/wp-content\/uploads\/2024\/01\/distributeur-de-croquettes-jouet-297x300.png 297w, https:\/\/petworld.ma\/wp-content\/uploads\/2024\/01\/distributeur-de-croquettes-jouet-510x515.png 510w, https:\/\/petworld.ma\/wp-content\/uploads\/2024\/01\/distributeur-de-croquettes-jouet-100x100.png 100w, https:\/\/petworld.ma\/wp-content\/uploads\/2024\/01\/distributeur-de-croquettes-jouet.png 667w\" sizes=\"(max-width: 297px) 100vw, 297px\" \/><\/p>\n","protected":false},"excerpt":{"rendered":"<p>Jouet tr\u00e8s amusant pour chat. Mode d&#8217;emploi: Remplir la roue avec les croquettes Le chat fait tourner la roue en 360 degr\u00e9 Le chat r\u00e9cup\u00e8re sa r\u00e9compense Couleur: Bleu comme la photo ci-dessous<\/p>\n","protected":false},"featured_media":5949,"template":"","meta":{"jetpack_publicize_message":"","jetpack_publicize_feature_enabled":true,"jetpack_social_post_already_shared":false,"jetpack_social_options":{"image_generator_settings":{"template":"highway","default_image_id":0,"font":"","enabled":false},"version":2}},"product_brand":[],"product_cat":[100],"product_tag":[],"class_list":{"0":"post-5948","1":"product","2":"type-product","3":"status-publish","4":"has-post-thumbnail","6":"product_cat-accessoires-jouets-et-colliers","8":"first","9":"instock","10":"taxable","11":"shipping-taxable","12":"purchasable","13":"product-type-simple"},"supplier_id":5592,"supplier_sku":"","barcode":null,"atum_controlled":true,"out_stock_date":null,"out_stock_threshold":null,"inheritable":false,"inbound_stock":0,"stock_on_hold":0,"sold_today":0,"sales_last_days":1,"reserved_stock":0,"customer_returns":0,"warehouse_damage":0,"lost_in_post":0,"other_logs":0,"out_stock_days":0,"lost_sales":0,"has_location":false,"update_date":"2026-04-27T00:15:06","atum_locations":[],"atum_stock_status":"instock","restock_status":false,"low_stock_amount":5,"sales_update_date":"2026-04-27T00:15:05","calc_backorders":null,"jetpack_publicize_connections":[],"jetpack_sharing_enabled":true,"batches":[],"_links":{"self":[{"href":"https:\/\/petworld.ma\/index.php\/wp-json\/wp\/v2\/product\/5948","targetHints":{"allow":["GET"]}}],"collection":[{"href":"https:\/\/petworld.ma\/index.php\/wp-json\/wp\/v2\/product"}],"about":[{"href":"https:\/\/petworld.ma\/index.php\/wp-json\/wp\/v2\/types\/product"}],"wp:featuredmedia":[{"embeddable":true,"href":"https:\/\/petworld.ma\/index.php\/wp-json\/wp\/v2\/media\/5949"}],"wp:attachment":[{"href":"https:\/\/petworld.ma\/index.php\/wp-json\/wp\/v2\/media?parent=5948"}],"wp:term":[{"taxonomy":"product_brand","embeddable":true,"href":"https:\/\/petworld.ma\/index.php\/wp-json\/wp\/v2\/product_brand?post=5948"},{"taxonomy":"product_cat","embeddable":true,"href":"https:\/\/petworld.ma\/index.php\/wp-json\/wp\/v2\/product_cat?post=5948"},{"taxonomy":"product_tag","embeddable":true,"href":"https:\/\/petworld.ma\/index.php\/wp-json\/wp\/v2\/product_tag?post=5948"}],"curies":[{"name":"wp","href":"https:\/\/api.w.org\/{rel}","templated":true}]}}