{"id":6146,"date":"2024-01-23T14:00:09","date_gmt":"2024-01-23T14:00:09","guid":{"rendered":"https:\/\/petworld.ma\/?post_type=product&#038;p=6146"},"modified":"2026-04-25T13:23:08","modified_gmt":"2026-04-25T13:23:08","slug":"shampoing-anti-parasites-hermax-chien-et-chat-250ml","status":"publish","type":"product","link":"https:\/\/petworld.ma\/index.php\/produit\/shampoing-anti-parasites-hermax-chien-et-chat-250ml\/","title":{"rendered":"Shampoing Anti-Parasites Hermax Chien et Chat (250ml)"},"content":{"rendered":"<p>Pour am\u00e9liorer l\u2019hygi\u00e8ne de votre chien\/chat, utilisez le\u00a0shampoing antiparasitaire insectifuge pelage<strong>.<\/strong><\/p>\n<p>shampoing insectifuge avec actifs d\u2019origine v\u00e9g\u00e9tale. Pour chien (d\u00e8s 4 semaines) et chat (d\u00e8s de 8 semaines). Contre puces, tiques, poux, moustiques, phl\u00e9botomes, ao\u00fbtats.<\/p>\n<p>&nbsp;<\/p>\n","protected":false},"excerpt":{"rendered":"<div class=\"c-product__short-description\">\n<p>Shampoing insectifuge avec actifs d\u2019origine v\u00e9g\u00e9tale.<\/p>\n<\/div>\n<div class=\"c-product__atc-wrap\">\n<div class=\"c-product__atc-row-1\">\n<div class=\"c-product__quantity quantity\"><\/div>\n<\/div>\n<\/div>\n","protected":false},"featured_media":6147,"template":"","meta":{"jetpack_publicize_message":"","jetpack_publicize_feature_enabled":true,"jetpack_social_post_already_shared":false,"jetpack_social_options":{"image_generator_settings":{"template":"highway","default_image_id":0,"font":"","enabled":false},"version":2}},"product_brand":[],"product_cat":[215,214],"product_tag":[],"class_list":{"0":"post-6146","1":"product","2":"type-product","3":"status-publish","4":"has-post-thumbnail","6":"product_cat-parfums-shampoing-hygiene-et-soins-pour-chat","7":"product_cat-parfums-shampoing","9":"first","10":"instock","11":"sale","12":"taxable","13":"shipping-taxable","14":"purchasable","15":"product-type-simple"},"supplier_id":5592,"supplier_sku":"","barcode":null,"atum_controlled":true,"out_stock_date":null,"out_stock_threshold":null,"inheritable":false,"inbound_stock":0,"stock_on_hold":2,"sold_today":1,"sales_last_days":3,"reserved_stock":0,"customer_returns":0,"warehouse_damage":0,"lost_in_post":0,"other_logs":0,"out_stock_days":0,"lost_sales":0,"has_location":false,"update_date":"2026-04-25T13:23:12","atum_locations":[],"atum_stock_status":"instock","restock_status":false,"low_stock_amount":2,"sales_update_date":"2026-04-25T13:23:11","calc_backorders":null,"jetpack_publicize_connections":[],"jetpack_sharing_enabled":true,"batches":[{"id":"463","date_created":"2024-10-01 10:47:24","date_expiry":"2025-12-31 00:00:00","user_id":"2461","batch_number":"ShampAntiPHerax250ml311225","location":"","quantity":"17.0000","quantity_available":"0.0000","units":"1","status":"archived","order_ids":"[12151,12169,12175,12237,12312,12550,12765,12890,13099,13235,13921,14249,14387,14945,15070]","supplier":"Royal Canin","po":{"id":"447","date_created":"2024-10-01 10:47:25","batch_id":"463","po_number":"","supplier":"Royal Canin","cost":null,"regular_price":null,"sale_price":null,"price_margin":null,"price_discount":null}},{"id":"1124","date_created":"2024-12-09 09:10:20","date_expiry":"2025-12-31 00:00:00","user_id":"2461","batch_number":"ShampAntiPHerax250ml311225","location":"","quantity":"10.0000","quantity_available":"0.0000","units":"1","status":"archived","order_ids":"[15382,16036,16899,16970,17024,17116,17216,17582,17888]","supplier":"Rabat","po":{"id":"1100","date_created":"2024-12-09 09:10:21","batch_id":"1124","po_number":"","supplier":"Rabat","cost":null,"regular_price":null,"sale_price":null,"price_margin":null,"price_discount":null}},{"id":"1866","date_created":"2025-02-05 08:48:23","date_expiry":"2025-12-31 00:00:00","user_id":"2461","batch_number":"ShampAntiPHerax250ml311225","location":"","quantity":"10.0000","quantity_available":"0.0000","units":"1","status":"archived","order_ids":"[17983,18344,18751,19226,19298,20409,20466,20671,21080]","supplier":"Rabat","po":{"id":"1840","date_created":"2025-02-05 08:48:26","batch_id":"1866","po_number":"","supplier":"Rabat","cost":null,"regular_price":null,"sale_price":null,"price_margin":null,"price_discount":null}},{"id":"3193","date_created":"2025-04-25 20:50:23","date_expiry":"2026-12-31 00:00:00","user_id":"2461","batch_number":"ShampAntiPHerax250ml31226","location":"","quantity":"10.0000","quantity_available":"0.0000","units":"1","status":"archived","order_ids":"[21593,21618,22117,22161,22498,22529,22744,22867,23121,23416]","supplier":"Rabat","po":{"id":"3160","date_created":"2025-04-25 20:50:23","batch_id":"3193","po_number":"","supplier":"Rabat","cost":null,"regular_price":null,"sale_price":null,"price_margin":null,"price_discount":null}},{"id":"3748","date_created":"2025-06-01 19:18:28","date_expiry":"2026-12-31 00:00:00","user_id":"2461","batch_number":"ShampAntiPHerax250ml31226","location":"","quantity":"20.0000","quantity_available":"0.0000","units":"1","status":"archived","order_ids":"[23552,23590,24030,24100,24920,25333,25375,25380,26215,28302,28470,28645,28907,29785,32864,34143,34915,34977,35620,37031,38290]","supplier":"Rabat","po":{"id":"3714","date_created":"2025-06-01 19:18:29","batch_id":"3748","po_number":"","supplier":"Rabat","cost":null,"regular_price":null,"sale_price":null,"price_margin":null,"price_discount":null}},{"id":"7898","date_created":"2026-02-23 19:52:55","date_expiry":"2027-03-31 00:00:00","user_id":"2461","batch_number":"ShampAntiPHerax250ml310327","location":"","quantity":"20.0000","quantity_available":"10.0000","units":"1","status":"active","order_ids":"[38560,39009,39108,39167,39646,39912,39925,40720]","supplier":"Casablanca","po":{"id":"7833","date_created":"2026-02-23 19:52:56","batch_id":"7898","po_number":"","supplier":"Casablanca","cost":null,"regular_price":null,"sale_price":null,"price_margin":null,"price_discount":null}}],"_links":{"self":[{"href":"https:\/\/petworld.ma\/index.php\/wp-json\/wp\/v2\/product\/6146","targetHints":{"allow":["GET"]}}],"collection":[{"href":"https:\/\/petworld.ma\/index.php\/wp-json\/wp\/v2\/product"}],"about":[{"href":"https:\/\/petworld.ma\/index.php\/wp-json\/wp\/v2\/types\/product"}],"wp:featuredmedia":[{"embeddable":true,"href":"https:\/\/petworld.ma\/index.php\/wp-json\/wp\/v2\/media\/6147"}],"wp:attachment":[{"href":"https:\/\/petworld.ma\/index.php\/wp-json\/wp\/v2\/media?parent=6146"}],"wp:term":[{"taxonomy":"product_brand","embeddable":true,"href":"https:\/\/petworld.ma\/index.php\/wp-json\/wp\/v2\/product_brand?post=6146"},{"taxonomy":"product_cat","embeddable":true,"href":"https:\/\/petworld.ma\/index.php\/wp-json\/wp\/v2\/product_cat?post=6146"},{"taxonomy":"product_tag","embeddable":true,"href":"https:\/\/petworld.ma\/index.php\/wp-json\/wp\/v2\/product_tag?post=6146"}],"curies":[{"name":"wp","href":"https:\/\/api.w.org\/{rel}","templated":true}]}}