{"id":6242,"date":"2024-01-28T16:59:20","date_gmt":"2024-01-28T16:59:20","guid":{"rendered":"https:\/\/petworld.ma\/?post_type=product&#038;p=6242"},"modified":"2026-04-15T16:24:50","modified_gmt":"2026-04-15T16:24:50","slug":"royal-canin-sterilised-en-mousse-pour-chien-85g","status":"publish","type":"product","link":"https:\/\/petworld.ma\/index.php\/produit\/royal-canin-sterilised-en-mousse-pour-chien-85g\/","title":{"rendered":"Royal Canin Sterilised en mousse pour chien 85g"},"content":{"rendered":"<div class=\"product-section description-section\">\n<div class=\"single-description fr-view\">\n<div>\n<p>Le m\u00e9tabolisme des chiens ralentit apr\u00e8s leur st\u00e9rilisation\/castration, tandis que leur app\u00e9tit, lui, ne change pas. Dans ces conditions, il est parfois difficile pour votre chien de pr\u00e9server son poids de forme. Il est donc important de lui donner un aliment complet qui l&rsquo;aidera \u00e0 rester actif et en pleine forme.<\/p>\n<p><b>Caract\u00e9ristiques des sachets fra\u00eecheur\u00a0<\/b><b>Royal Canin Sterilised pour chien :<\/b><\/p>\n<ul>\n<li>aliment complet pour les chiens adultes st\u00e9rilis\u00e9s\/castr\u00e9s de toutes les tailles<\/li>\n<li><strong>nutriments de qualit\u00e9\u00a0<\/strong>: pour renforcer la vitalit\u00e9<\/li>\n<li><b>prot\u00e9ines tr\u00e8s digestes :<\/b>\u00a0pour pr\u00e9server la masse musculaire existante et ainsi favoriser le d\u00e9veloppement musculaire<\/li>\n<li><strong>mousse savoureuse :<\/strong>\u00a0digeste, haute app\u00e9tence<\/li>\n<li><strong>en sachets fra\u00eecheur pratiques :<\/strong>\u00a0pour un dosage facile<\/li>\n<\/ul>\n<p>La nourriture humide Royal Canin Sterilised est \u00e9galement disponible sous forme de croquettes. Il s&rsquo;agit dans les deux cas d&rsquo;aliments complets mais il est possible de combiner ces deux types de nourriture. Vous pouvez par exemple utiliser\u00a0la nourriture humide comme garniture pour les croquettes.<\/p>\n<p><strong>Ingr\u00e9dients :<\/strong><br \/>\nviandes et sous-produits animaux, c\u00e9r\u00e9ales, sous-produits d\u2019origine v\u00e9g\u00e9tale, substances min\u00e9rales.<\/p>\n<p><strong>Additifs (au kg) :<\/strong><br \/>\n<em>Additifs nutritionnels :<\/em><br \/>\nVitamine D3 : 170 UI, Fer (3b103) : 3 mg, Iode (3b202) : 0,26 mg, Cuivre (3b405, 3b406) : 2,1 mg, Mangan\u00e8se (3b502, 3b503, 3b504) : 0,8 mg, Zinc (3b603, 3b605, 3b606) : 8 mg.<\/p>\n<\/div>\n<div>\n<div>\n<div>\n<div data-gtm-vis-first-on-screen-40760133_376=\"18636\" data-gtm-vis-first-on-screen-40760133_379=\"18636\" data-gtm-vis-first-on-screen-40760133_751=\"18636\" data-gtm-vis-has-fired-40760133_376=\"1\" data-gtm-vis-has-fired-40760133_379=\"1\" data-gtm-vis-has-fired-40760133_751=\"1\" data-gtm-vis-total-visible-time-40760133_376=\"500\" data-gtm-vis-total-visible-time-40760133_379=\"500\" data-gtm-vis-total-visible-time-40760133_751=\"1500\" data-tms=\"Product description\">\n<div>\n<div>\n<div>\n<div>\n<div>\n<div data-gtm-vis-first-on-screen-40760133_376=\"18636\" data-gtm-vis-first-on-screen-40760133_379=\"18636\" data-gtm-vis-first-on-screen-40760133_751=\"18636\" data-gtm-vis-has-fired-40760133_376=\"1\" data-gtm-vis-has-fired-40760133_379=\"1\" data-gtm-vis-has-fired-40760133_751=\"1\" data-gtm-vis-total-visible-time-40760133_376=\"500\" data-gtm-vis-total-visible-time-40760133_379=\"500\" data-gtm-vis-total-visible-time-40760133_751=\"1500\" data-tms=\"Product description\">\n<div>\n<div>\n<div>\n<div>\n<div>\n<div data-gtm-vis-first-on-screen-40760133_376=\"18636\" data-gtm-vis-first-on-screen-40760133_379=\"18636\" data-gtm-vis-first-on-screen-40760133_751=\"18636\" data-gtm-vis-has-fired-40760133_376=\"1\" data-gtm-vis-has-fired-40760133_379=\"1\" data-gtm-vis-has-fired-40760133_751=\"1\" data-gtm-vis-total-visible-time-40760133_376=\"500\" data-gtm-vis-total-visible-time-40760133_379=\"500\" data-gtm-vis-total-visible-time-40760133_751=\"1500\" data-tms=\"Product description\">\n<div>\n<div>\n<div>\n<div><\/div>\n<\/div>\n<\/div>\n<\/div>\n<\/div>\n<\/div>\n<\/div>\n<\/div>\n<\/div>\n<\/div>\n<\/div>\n<\/div>\n<\/div>\n<\/div>\n<\/div>\n<\/div>\n<\/div>\n<\/div>\n<\/div>\n<\/div>\n<\/div>\n<\/div>\n","protected":false},"excerpt":{"rendered":"<p>Toutes Races.<\/p>\n","protected":false},"featured_media":6248,"template":"","meta":{"jetpack_publicize_message":"","jetpack_publicize_feature_enabled":true,"jetpack_social_post_already_shared":true,"jetpack_social_options":{"image_generator_settings":{"template":"highway","default_image_id":0,"font":"","enabled":false},"version":2}},"product_brand":[],"product_cat":[39],"product_tag":[],"class_list":{"0":"post-6242","1":"product","2":"type-product","3":"status-publish","4":"has-post-thumbnail","6":"product_cat-friandises-et-pates-pour-chien","8":"first","9":"outofstock","10":"sale","11":"taxable","12":"shipping-taxable","13":"purchasable","14":"product-type-simple"},"supplier_id":5587,"supplier_sku":"70763","barcode":null,"atum_controlled":true,"out_stock_date":"2026-03-12 16:03:59","out_stock_threshold":null,"inheritable":false,"inbound_stock":0,"stock_on_hold":0,"sold_today":0,"sales_last_days":0,"reserved_stock":0,"customer_returns":0,"warehouse_damage":0,"lost_in_post":0,"other_logs":0,"out_stock_days":45,"lost_sales":0,"has_location":false,"update_date":"2026-04-27T00:13:37","atum_locations":[],"atum_stock_status":"outofstock","restock_status":false,"low_stock_amount":12,"sales_update_date":"2026-04-27T00:13:37","calc_backorders":null,"jetpack_publicize_connections":[],"jetpack_sharing_enabled":true,"batches":[{"id":"466","date_created":"2024-10-01 11:07:21","date_expiry":"2025-05-20 00:00:00","user_id":"2461","batch_number":"RCSterilisedChien85G200525","location":"","quantity":"24.0000","quantity_available":"0.0000","units":"1","status":"archived","order_ids":"[]","supplier":"Royal Canin","po":{"id":"449","date_created":"2024-10-01 11:07:21","batch_id":"466","po_number":"","supplier":"Royal Canin","cost":null,"regular_price":null,"sale_price":null,"price_margin":null,"price_discount":null}},{"id":"5137","date_created":"2025-09-04 13:28:30","date_expiry":"2026-03-03 00:00:00","user_id":"2461","batch_number":"RCSterilisedChien85G030326","location":"","quantity":"12.0000","quantity_available":"0.0000","units":"1","status":"archived","order_ids":"[26866]","supplier":"Royal Canin","po":{"id":"5100","date_created":"2025-09-04 13:28:31","batch_id":"5137","po_number":"","supplier":"Royal Canin","cost":null,"regular_price":null,"sale_price":null,"price_margin":null,"price_discount":null}},{"id":"5367","date_created":"2025-09-16 12:03:30","date_expiry":"2026-03-03 00:00:00","user_id":"2461","batch_number":"RCSterilisedChien85G030326","location":"","quantity":"12.0000","quantity_available":"0.0000","units":"1","status":"archived","order_ids":"[27887,32286]","supplier":"Royal Canin","po":{"id":"5324","date_created":"2025-09-16 12:03:32","batch_id":"5367","po_number":"","supplier":"Royal Canin","cost":null,"regular_price":null,"sale_price":null,"price_margin":null,"price_discount":null}},{"id":"5550","date_created":"2025-09-28 22:31:41","date_expiry":"2026-03-03 00:00:00","user_id":"2461","batch_number":"RCSterilisedChien85G030326","location":"","quantity":"12.0000","quantity_available":"0.0000","units":"1","status":"active","order_ids":"[32286]","supplier":"Royal Canin","po":{"id":"5504","date_created":"2025-09-28 22:31:42","batch_id":"5550","po_number":"","supplier":"Royal Canin","cost":null,"regular_price":null,"sale_price":null,"price_margin":null,"price_discount":null}}],"_links":{"self":[{"href":"https:\/\/petworld.ma\/index.php\/wp-json\/wp\/v2\/product\/6242","targetHints":{"allow":["GET"]}}],"collection":[{"href":"https:\/\/petworld.ma\/index.php\/wp-json\/wp\/v2\/product"}],"about":[{"href":"https:\/\/petworld.ma\/index.php\/wp-json\/wp\/v2\/types\/product"}],"wp:featuredmedia":[{"embeddable":true,"href":"https:\/\/petworld.ma\/index.php\/wp-json\/wp\/v2\/media\/6248"}],"wp:attachment":[{"href":"https:\/\/petworld.ma\/index.php\/wp-json\/wp\/v2\/media?parent=6242"}],"wp:term":[{"taxonomy":"product_brand","embeddable":true,"href":"https:\/\/petworld.ma\/index.php\/wp-json\/wp\/v2\/product_brand?post=6242"},{"taxonomy":"product_cat","embeddable":true,"href":"https:\/\/petworld.ma\/index.php\/wp-json\/wp\/v2\/product_cat?post=6242"},{"taxonomy":"product_tag","embeddable":true,"href":"https:\/\/petworld.ma\/index.php\/wp-json\/wp\/v2\/product_tag?post=6242"}],"curies":[{"name":"wp","href":"https:\/\/api.w.org\/{rel}","templated":true}]}}