{"id":6353,"date":"2024-01-31T15:40:51","date_gmt":"2024-01-31T15:40:51","guid":{"rendered":"https:\/\/petworld.ma\/?post_type=product&#038;p=6353"},"modified":"2026-02-24T13:38:59","modified_gmt":"2026-02-24T13:38:59","slug":"repulsif-et-anti-mastication-pour-chien-250-ml-bio-petactive-yucky-b-spray","status":"publish","type":"product","link":"https:\/\/petworld.ma\/index.php\/produit\/repulsif-et-anti-mastication-pour-chien-250-ml-bio-petactive-yucky-b-spray\/","title":{"rendered":"R\u00e9pulsif et anti-mastication pour chat et chien 250 ml Bio PetActive Yucky-B Spray"},"content":{"rendered":"<p><strong>Biopetactive yucky-B r\u00e9pulsif pour chiens et spray anti-mastication\u00a0<\/strong><\/p>\n<p>Il a \u00e9t\u00e9 d\u00e9velopp\u00e9 pour pr\u00e9venir les comportements ind\u00e9sirables de votre chien\/chat. Il contient des ingr\u00e9dients qui emp\u00eachent d&rsquo;uriner, de mordre, de l\u00e9cher et de se gratter.<\/p>\n<p><strong>Composition: <\/strong>\u00a0L\u2019huile de citron, d\u2019orange et d\u2019arbre \u00e0 th\u00e9 laisse un go\u00fbt amer en bouche.\u00a0Ce produit est recommand\u00e9 pour une utilisation dans le dressage de votre chien.\u00a0Il ne contient ni alcool ni produits chimiques.\u00a0Il est compos\u00e9 d&rsquo;ingr\u00e9dients naturels.<\/p>\n","protected":false},"excerpt":{"rendered":"<p>R\u00e9pulsif pour chat et chien<\/p>\n","protected":false},"featured_media":8436,"template":"","meta":{"jetpack_publicize_message":"","jetpack_publicize_feature_enabled":true,"jetpack_social_post_already_shared":false,"jetpack_social_options":{"image_generator_settings":{"template":"highway","default_image_id":0,"font":"","enabled":false},"version":2}},"product_brand":[],"product_cat":[95,106],"product_tag":[],"class_list":{"0":"post-6353","1":"product","2":"type-product","3":"status-publish","4":"has-post-thumbnail","6":"product_cat-arbres-a-chat","7":"product_cat-jouet-et-dressage","9":"first","10":"outofstock","11":"taxable","12":"shipping-taxable","13":"purchasable","14":"product-type-simple"},"supplier_id":5589,"supplier_sku":"","barcode":null,"atum_controlled":true,"out_stock_date":"2025-11-06 20:22:32","out_stock_threshold":null,"inheritable":false,"inbound_stock":0,"stock_on_hold":0,"sold_today":0,"sales_last_days":0,"reserved_stock":0,"customer_returns":0,"warehouse_damage":0,"lost_in_post":0,"other_logs":0,"out_stock_days":172,"lost_sales":3194,"has_location":false,"update_date":"2026-04-28T00:13:03","atum_locations":[],"atum_stock_status":"outofstock","restock_status":false,"low_stock_amount":12,"sales_update_date":"2026-04-28T00:13:03","calc_backorders":null,"jetpack_publicize_connections":[],"jetpack_sharing_enabled":true,"batches":[],"_links":{"self":[{"href":"https:\/\/petworld.ma\/index.php\/wp-json\/wp\/v2\/product\/6353","targetHints":{"allow":["GET"]}}],"collection":[{"href":"https:\/\/petworld.ma\/index.php\/wp-json\/wp\/v2\/product"}],"about":[{"href":"https:\/\/petworld.ma\/index.php\/wp-json\/wp\/v2\/types\/product"}],"wp:featuredmedia":[{"embeddable":true,"href":"https:\/\/petworld.ma\/index.php\/wp-json\/wp\/v2\/media\/8436"}],"wp:attachment":[{"href":"https:\/\/petworld.ma\/index.php\/wp-json\/wp\/v2\/media?parent=6353"}],"wp:term":[{"taxonomy":"product_brand","embeddable":true,"href":"https:\/\/petworld.ma\/index.php\/wp-json\/wp\/v2\/product_brand?post=6353"},{"taxonomy":"product_cat","embeddable":true,"href":"https:\/\/petworld.ma\/index.php\/wp-json\/wp\/v2\/product_cat?post=6353"},{"taxonomy":"product_tag","embeddable":true,"href":"https:\/\/petworld.ma\/index.php\/wp-json\/wp\/v2\/product_tag?post=6353"}],"curies":[{"name":"wp","href":"https:\/\/api.w.org\/{rel}","templated":true}]}}