{"id":636,"date":"2022-12-16T21:03:02","date_gmt":"2022-12-16T21:03:02","guid":{"rendered":"https:\/\/petworld.ma\/?post_type=product&#038;p=636"},"modified":"2026-04-21T10:11:42","modified_gmt":"2026-04-21T10:11:42","slug":"royal-canin-digestive-care-2-kg","status":"publish","type":"product","link":"https:\/\/petworld.ma\/index.php\/produit\/royal-canin-digestive-care-2-kg\/","title":{"rendered":"Royal Canin Digestive Care 2 kg"},"content":{"rendered":"<div>\n<div>\n<div>\n<h2>Aliment complet et \u00e9quilibr\u00e9 pour chats adultes de 1 \u00e0 7 ans \u2014 Recommand\u00e9 pour aider \u00e0 soutenir la sant\u00e9 digestive \u2014 Peut se donner occasionnellement de 7 \u00e0 12 ans<\/h2>\n<\/div>\n<\/div>\n<\/div>\n<div>\n<div>\n<div>L\u2019estomac et l\u2019appareil digestif sensibles d\u2019un chat peuvent contribuer \u00e0 un volume important de selles de mauvaise qualit\u00e9, ce qui peut \u00eatre signe de troubles de la digestion. ROYAL CANIN\u00ae Digestive Care est une formule nutritionnelle \u00e9labor\u00e9e avec pr\u00e9cision pour am\u00e9liorer la sant\u00e9 digestive gr\u00e2ce \u00e0 des nutriments sp\u00e9cialement adapt\u00e9s et \u00e0 des croquettes de forme unique. \u00a0 La formule ROYAL CANIN\u00ae Digestive Care contient des prot\u00e9ines hautement digestibles (dont les L.I.P.) pour faciliter la digestion de votre chat, ce qui contribue \u00e0 sa bonne sant\u00e9 g\u00e9n\u00e9rale. ROYAL CANIN\u00ae Digestive Care contient \u00e9galement un m\u00e9lange sp\u00e9cifique de pr\u00e9biotiques et de fibres (dont le psyllium) pour pr\u00e9server l\u2019\u00e9quilibre de la flore intestinale et r\u00e9guler le transit. \u00a0 Sa teneur tr\u00e8s \u00e9lev\u00e9e en prot\u00e9ines de haute qualit\u00e9 aide \u00e0 maintenir la force musculaire interne dans tout le corps de votre chat et garantit une qualit\u00e9 constante des selles, ce qui permet \u00e9galement de r\u00e9guler et de r\u00e9duire le temps qu\u2019il passe \u00e0 faire ses besoins. \u00a0 De plus, ROYAL CANIN\u00ae Digestive Care favorise une digestion saine gr\u00e2ce \u00e0 des croquettes en forme d\u2019anneau qui ralentissent naturellement la mastication et l\u2019ingestion, r\u00e9duisant ainsi le risque d\u2019indigestion. \u00a0 ROYAL CANIN\u00ae Digestive Care a obtenu des r\u00e9sultats cliniquement prouv\u00e9s : l\u2019utilisation exclusive de Digestive Care s\u2019est r\u00e9v\u00e9l\u00e9e efficace apr\u00e8s seulement 10 jours, ce qui a permis de r\u00e9duire de 49 % la production de selles gr\u00e2ce \u00e0 une consommation et une digestion des nutriments consid\u00e9rablement optimis\u00e9e. \u00a0 Pour r\u00e9pondre aux pr\u00e9f\u00e9rences individuelles de chaque chat, ROYAL CANIN\u00ae Digestive Care est \u00e9galement disponible sous forme d\u2019aliment humide en \u00e9minc\u00e9 en sauce. Si vous envisagez une alimentation mixte, il vous suffit de suivre nos instructions pour vous assurer que votre chat re\u00e7oit la quantit\u00e9 de nourriture s\u00e8che et humide n\u00e9cessaire pour un b\u00e9n\u00e9fice optimal.<\/div>\n<h3>\u00a0Informations Nutritionnelles :<\/h3>\n<div>Composition : isolat de prot\u00e9ines v\u00e9g\u00e9tales*, farine de bl\u00e9, poissons d\u00e9shydrat\u00e9s, riz, graisses animales, prot\u00e9ines de volaille d\u00e9shydrat\u00e9es, hydrolysat de prot\u00e9ines animales, gluten de ma\u00efs, farine de ma\u00efs, fibres v\u00e9g\u00e9tales, pulpe de chicor\u00e9e, sels min\u00e9raux, huile de soja, huile de poisson, fructo-oligosaccharides (0,3\u00a0%), t\u00e9guments et graines de psyllium (0,2\u00a0%).<\/div>\n<div>Additifs (au kg)\u00a0: Additifs nutritionnels\u00a0: Vitamine A\u00a0: 18000\u00a0UI, Vitamine D3\u00a0: 900\u00a0UI, E1 (Fer)\u00a0: 42\u00a0mg, E2 (Iode)\u00a0: 4,2\u00a0mg, E4 (Cuivre)\u00a0: 13\u00a0mg, E5 (Mangan\u00e8se)\u00a0: 54\u00a0mg, E6 (Zinc)\u00a0: 114\u00a0mg\u00a0&#8211; Additifs technologiques\u00a0: Clinoptilolite d\u2019origine s\u00e9dimentaire\u00a0: 10\u00a0g\u00a0&#8211; Conservateurs\u00a0&#8211; Antioxyg\u00e8nes.<\/div>\n<div>Constituants analytiques : Prot\u00e9ine\u00a0: 38\u00a0%\u00a0&#8211; Mati\u00e8res grasses brutes\u00a0: 15\u00a0%\u00a0&#8211; Cendres brutes\u00a0: 7,8\u00a0%\u00a0&#8211; Cellulose brute\u00a0: 2,4\u00a0%.<\/div>\n<div>*L.I.P.\u00a0: prot\u00e9ine s\u00e9lectionn\u00e9e pour sa tr\u00e8s haute digestibilit\u00e9.<\/div>\n<div>Mode d\u2019emploi : voir tableau. Num\u00e9ro de lot et d\u2019identifiant usine, \u00e0 utiliser de pr\u00e9f\u00e9rence avant : voir sur l\u2019emballage. \u00c0 conserver dans un endroit sec et frais.<\/div>\n<h3>\u00a0B\u00e9n\u00e9fices :<\/h3>\n<ul>\n<li>\n<div>Facile \u00e0 dig\u00e9rer<\/div>\n<div>La formule ROYAL CANIN\u00ae Digestive Care contient des prot\u00e9ines hautement digestibles (L.I.P.*). Elle repose sur un m\u00e9lange de pr\u00e9biotiques (FOS : fructo-oligosaccharides) et de fibres (dont le psyllium) pour favoriser l\u2019\u00e9quilibre de la flore intestinale et aider \u00e0 r\u00e9guler le transit intestinal. (L.I.P.: prot\u00e9ines s\u00e9lectionn\u00e9es pour leur tr\u00e8s haute digestibilit\u00e9 (plus de 90 %), pour la sant\u00e9 digestive et la qualit\u00e9 des selles.)<\/div>\n<\/li>\n<li>\n<div>Sant\u00e9 urinaire<\/div>\n<div>Formul\u00e9 avec un \u00e9quilibre de min\u00e9raux pour contribuer \u00e0 la sant\u00e9 du syst\u00e8me urinaire du chat adulte.<\/div>\n<\/li>\n<li>\n<div>R\u00e9sultats prouv\u00e9s<\/div>\n<div>L&rsquo;utilisation exclusive de ROYAL CANIN\u00ae Digestive Care est efficace au bout de 10 jours : 49 %* de selles en moins gr\u00e2ce \u00e0 une meilleure digestion et assimilation des nutriments. *\u00c9tude interne Royal Canin, 2014 &#8211; Compar\u00e9 \u00e0 un aliment de maintenance pour chats adultes.<\/div>\n<\/li>\n<\/ul>\n<h3>\u00a0Rations :<\/h3>\n<table>\n<thead>\n<tr>\n<th>Poids du chat<\/th>\n<th>Poids id\u00e9al (g\/jour)<\/th>\n<th>Embonpoint (g\/jour)<\/th>\n<\/tr>\n<\/thead>\n<tbody>\n<tr>\n<td>3 kg<\/td>\n<td>43g<\/td>\n<td>34g<\/td>\n<\/tr>\n<tr>\n<td>4 kg<\/td>\n<td>53g<\/td>\n<td>42g<\/td>\n<\/tr>\n<tr>\n<td>5 kg<\/td>\n<td>62g<\/td>\n<td>49g<\/td>\n<\/tr>\n<tr>\n<td>6 kg<\/td>\n<td>70g<\/td>\n<td>56g<\/td>\n<\/tr>\n<\/tbody>\n<\/table>\n<p><a href=\"https:\/\/wa.me\/212708052510\" target=\"_blank\" rel=\"noopener noreferrer\"><img decoding=\"async\" class=\"fr-fic fr-dib aligncenter\" src=\"https:\/\/cdn.youcan.shop\/stores\/d0742d556df94ddbc7ae4c9810aff04b\/others\/pqewFEQpA62nB9ebS1HJEJ7gWClnqCnyCXqokX6B.png\" width=\"280\" height=\"74\" data-name=\"stores\/d0742d556df94ddbc7ae4c9810aff04b\/others\/pqewFEQpA62nB9ebS1HJEJ7gWClnqCnyCXqokX6B.png\" \/><\/a><\/p>\n<\/div>\n<\/div>\n","protected":false},"excerpt":{"rendered":"<p>Aliment complet et \u00e9quilibr\u00e9 pour chats adultes de 1 \u00e0 7 ans \u2014 Recommand\u00e9 pour aider \u00e0 soutenir la sant\u00e9 digestive \u2014 Peut se donner occasionnellement de 7 \u00e0 12 ans L\u2019estomac et l\u2019appareil digestif sensibles d\u2019un chat peuvent contribuer \u00e0 un volume important de selles de mauvaise qualit\u00e9, ce qui peut \u00eatre signe de [&#8230;]\n","protected":false},"featured_media":637,"template":"","meta":{"jetpack_publicize_message":"","jetpack_publicize_feature_enabled":true,"jetpack_social_post_already_shared":false,"jetpack_social_options":{"image_generator_settings":{"template":"highway","default_image_id":0,"font":"","enabled":false},"version":2}},"product_brand":[],"product_cat":[40],"product_tag":[],"class_list":{"0":"post-636","1":"product","2":"type-product","3":"status-publish","4":"has-post-thumbnail","6":"product_cat-coquettes-pour-chat","8":"first","9":"instock","10":"taxable","11":"shipping-taxable","12":"purchasable","13":"product-type-simple"},"supplier_id":5587,"supplier_sku":"7016","barcode":null,"atum_controlled":true,"out_stock_date":null,"out_stock_threshold":null,"inheritable":false,"inbound_stock":0,"stock_on_hold":0,"sold_today":0,"sales_last_days":3,"reserved_stock":0,"customer_returns":0,"warehouse_damage":0,"lost_in_post":0,"other_logs":0,"out_stock_days":0,"lost_sales":0,"has_location":false,"update_date":"2026-04-28T12:43:48","atum_locations":[],"atum_stock_status":"instock","restock_status":false,"low_stock_amount":4,"sales_update_date":"2026-04-28T12:43:48","calc_backorders":0,"jetpack_publicize_connections":[],"jetpack_sharing_enabled":true,"batches":[{"id":"268","date_created":"2024-09-29 15:57:10","date_expiry":"2026-01-08 00:00:00","user_id":"2760","batch_number":"RCDigestiveCare2KG080126","location":"","quantity":"2.0000","quantity_available":"0.0000","units":"1","status":"archived","order_ids":"[15725,16295]","supplier":"Royal Canin","po":{"id":"263","date_created":"2024-09-29 15:57:11","batch_id":"268","po_number":"","supplier":"Royal Canin","cost":null,"regular_price":null,"sale_price":null,"price_margin":null,"price_discount":null}},{"id":"269","date_created":"2024-09-29 15:57:11","date_expiry":"2025-10-14 00:00:00","user_id":"2760","batch_number":"RCDigestiveCare2KG141025","location":"","quantity":"2.0000","quantity_available":"0.0000","units":"1","status":"archived","order_ids":"[13385,14897]","supplier":"Royal Canin","po":{"id":"264","date_created":"2024-09-29 15:57:11","batch_id":"269","po_number":"","supplier":"Royal Canin","cost":null,"regular_price":null,"sale_price":null,"price_margin":null,"price_discount":null}},{"id":"718","date_created":"2024-10-31 11:37:58","date_expiry":"2026-02-16 00:00:00","user_id":"2760","batch_number":"RCDigestiveCare2KG160226","location":"","quantity":"1.0000","quantity_available":"0.0000","units":"1","status":"archived","order_ids":"[17546,19064]","supplier":"Royal Canin","po":{"id":"699","date_created":"2024-10-31 11:37:59","batch_id":"718","po_number":"","supplier":"Royal Canin","cost":null,"regular_price":null,"sale_price":null,"price_margin":null,"price_discount":null}},{"id":"1031","date_created":"2024-12-04 23:59:35","date_expiry":"2026-03-11 00:00:00","user_id":"2760","batch_number":"RCDigestiveCare2KG110326","location":"","quantity":"1.0000","quantity_available":"0.0000","units":"1","status":"archived","order_ids":"[17947,19646]","supplier":"Royal Canin","po":{"id":"1009","date_created":"2024-12-04 23:59:35","batch_id":"1031","po_number":"","supplier":"Royal Canin","cost":null,"regular_price":null,"sale_price":null,"price_margin":null,"price_discount":null}},{"id":"1259","date_created":"2024-12-17 23:45:11","date_expiry":"2026-03-21 00:00:00","user_id":"2760","batch_number":"RCDigestiveCare2KG210326","location":"","quantity":"1.0000","quantity_available":"0.0000","units":"1","status":"archived","order_ids":"[19716]","supplier":"Royal Canin","po":{"id":"1232","date_created":"2024-12-17 23:45:14","batch_id":"1259","po_number":"","supplier":"Royal Canin","cost":null,"regular_price":null,"sale_price":null,"price_margin":null,"price_discount":null}},{"id":"1394","date_created":"2024-12-26 23:01:26","date_expiry":"2026-04-27 00:00:00","user_id":"2760","batch_number":"RCDigestiveCare2KG270426","location":"","quantity":"1.0000","quantity_available":"0.0000","units":"1","status":"archived","order_ids":"[23201]","supplier":"Royal Canin","po":{"id":"1368","date_created":"2024-12-26 23:01:29","batch_id":"1394","po_number":"","supplier":"Royal Canin","cost":null,"regular_price":null,"sale_price":null,"price_margin":null,"price_discount":null}},{"id":"2449","date_created":"2025-03-25 21:31:45","date_expiry":"2026-07-12 00:00:00","user_id":"2760","batch_number":"RCDigestiveCare2KG120726","location":"","quantity":"1.0000","quantity_available":"0.0000","units":"1","status":"archived","order_ids":"[23483]","supplier":"Royal Canin","po":{"id":"2418","date_created":"2025-03-25 21:31:48","batch_id":"2449","po_number":"","supplier":"Royal Canin","cost":null,"regular_price":null,"sale_price":null,"price_margin":null,"price_discount":null}},{"id":"3214","date_created":"2025-04-30 17:21:32","date_expiry":"2026-08-20 00:00:00","user_id":"2760","batch_number":"RCDigestiveCare2KG200826","location":"","quantity":"2.0000","quantity_available":"0.0000","units":"1","status":"archived","order_ids":"[23720,23788]","supplier":"Royal Canin","po":{"id":"3182","date_created":"2025-04-30 17:21:33","batch_id":"3214","po_number":"","supplier":"Royal Canin","cost":null,"regular_price":null,"sale_price":null,"price_margin":null,"price_discount":null}},{"id":"3257","date_created":"2025-05-01 10:37:19","date_expiry":"2026-08-20 00:00:00","user_id":"2760","batch_number":"RCDigestiveCare2KG200826","location":"","quantity":"4.0000","quantity_available":"0.0000","units":"1","status":"archived","order_ids":"[23788,24925,25376,26152]","supplier":"Royal Canin","po":{"id":"3224","date_created":"2025-05-01 10:37:19","batch_id":"3257","po_number":"","supplier":"Royal Canin","cost":null,"regular_price":null,"sale_price":null,"price_margin":null,"price_discount":null}},{"id":"4243","date_created":"2025-07-06 14:59:14","date_expiry":"2026-10-05 00:00:00","user_id":"2760","batch_number":"RCDigestiveCare2KG051026","location":"","quantity":"1.0000","quantity_available":"0.0000","units":"1","status":"archived","order_ids":"[27416]","supplier":"Royal Canin","po":{"id":"4206","date_created":"2025-07-06 14:59:15","batch_id":"4243","po_number":"","supplier":"Royal Canin","cost":null,"regular_price":null,"sale_price":null,"price_margin":null,"price_discount":null}},{"id":"5046","date_created":"2025-08-30 07:57:43","date_expiry":"2026-12-07 00:00:00","user_id":"2760","batch_number":"RCDigestiveCare2K071226","location":"","quantity":"6.0000","quantity_available":"0.0000","units":"1","status":"archived","order_ids":"[29240,29994,30332,30473]","supplier":"Royal Canin","po":{"id":"5009","date_created":"2025-08-30 07:57:44","batch_id":"5046","po_number":"","supplier":"Royal Canin","cost":null,"regular_price":null,"sale_price":null,"price_margin":null,"price_discount":null}},{"id":"6348","date_created":"2025-11-24 16:17:33","date_expiry":"2027-03-07 00:00:00","user_id":"2760","batch_number":"RCDigestiveCare2K070326","location":"","quantity":"4.0000","quantity_available":"0.0000","units":"1","status":"archived","order_ids":"[31109,31384,31389,32039]","supplier":"Royal Canin","po":{"id":"6294","date_created":"2025-11-24 16:17:34","batch_id":"6348","po_number":"","supplier":"Royal Canin","cost":null,"regular_price":null,"sale_price":null,"price_margin":null,"price_discount":null}},{"id":"6506","date_created":"2025-12-07 10:08:09","date_expiry":"2027-03-07 00:00:00","user_id":"2760","batch_number":"RCDigestiveCare2K070327","location":"","quantity":"3.0000","quantity_available":"0.0000","units":"1","status":"archived","order_ids":"[32089,32827,32859]","supplier":"Royal Canin","po":{"id":"6452","date_created":"2025-12-07 10:08:10","batch_id":"6506","po_number":"","supplier":"Royal Canin","cost":null,"regular_price":null,"sale_price":null,"price_margin":null,"price_discount":null}},{"id":"6869","date_created":"2025-12-23 15:28:04","date_expiry":"2027-03-07 00:00:00","user_id":"2760","batch_number":"RCDigestiveCare2K070327","location":"","quantity":"3.0000","quantity_available":"0.0000","units":"1","status":"archived","order_ids":"[32873,33042,33367]","supplier":"Royal Canin","po":{"id":"6808","date_created":"2025-12-23 15:28:05","batch_id":"6869","po_number":"","supplier":"Royal Canin","cost":null,"regular_price":null,"sale_price":null,"price_margin":null,"price_discount":null}},{"id":"7101","date_created":"2026-01-10 12:42:16","date_expiry":"2027-04-24 00:00:00","user_id":"2760","batch_number":"RCDigestiveCare2K240427","location":"","quantity":"3.0000","quantity_available":"0.0000","units":"1","status":"archived","order_ids":"[33432,33689]","supplier":"Royal Canin","po":{"id":"7037","date_created":"2026-01-10 12:42:17","batch_id":"7101","po_number":"","supplier":"Royal Canin","cost":null,"regular_price":null,"sale_price":null,"price_margin":null,"price_discount":null}},{"id":"7154","date_created":"2026-01-13 13:38:26","date_expiry":"2027-04-24 00:00:00","user_id":"2760","batch_number":"RCDigestiveCare2K240427","location":"","quantity":"1.0000","quantity_available":"0.0000","units":"1","status":"archived","order_ids":"[33983]","supplier":"Royal Canin","po":{"id":"7090","date_created":"2026-01-13 13:38:27","batch_id":"7154","po_number":"","supplier":"Royal Canin","cost":null,"regular_price":null,"sale_price":null,"price_margin":null,"price_discount":null}},{"id":"7301","date_created":"2026-01-22 16:32:09","date_expiry":"2027-04-24 00:00:00","user_id":"2760","batch_number":"RCDigestiveCare2K240427","location":"","quantity":"3.0000","quantity_available":"0.0000","units":"1","status":"archived","order_ids":"[34450,34739,35176]","supplier":"Royal Canin","po":{"id":"7237","date_created":"2026-01-22 16:32:10","batch_id":"7301","po_number":"","supplier":"Royal Canin","cost":null,"regular_price":null,"sale_price":null,"price_margin":null,"price_discount":null}},{"id":"7345","date_created":"2026-01-26 17:23:03","date_expiry":"2027-05-22 00:00:00","user_id":"2760","batch_number":"RCDigestiveCare2K220527","location":"","quantity":"1.0000","quantity_available":"0.0000","units":"1","status":"archived","order_ids":"[37678,36826,39722]","supplier":"Royal Canin","po":{"id":"7281","date_created":"2026-01-26 17:23:03","batch_id":"7345","po_number":"","supplier":"Royal Canin","cost":null,"regular_price":null,"sale_price":null,"price_margin":null,"price_discount":null}},{"id":"7415","date_created":"2026-01-30 13:41:58","date_expiry":"2027-07-07 00:00:00","user_id":"2760","batch_number":"RCDigestiveCare2K070727","location":"","quantity":"2.0000","quantity_available":"0.0000","units":"1","status":"archived","order_ids":"[37864]","supplier":"Royal Canin","po":{"id":"7351","date_created":"2026-01-30 13:41:58","batch_id":"7415","po_number":"","supplier":"Royal Canin","cost":null,"regular_price":null,"sale_price":null,"price_margin":null,"price_discount":null}},{"id":"8485","date_created":"2026-03-25 16:21:13","date_expiry":"2027-07-07 00:00:00","user_id":"2760","batch_number":"RCDigestiveCare2K070727","location":"","quantity":"4.0000","quantity_available":"2.0000","units":"1","status":"active","order_ids":"[38679,38685,38706,38861,40393]","supplier":"Royal Canin","po":{"id":"8413","date_created":"2026-03-25 16:21:13","batch_id":"8485","po_number":"","supplier":"Royal Canin","cost":null,"regular_price":null,"sale_price":null,"price_margin":null,"price_discount":null}},{"id":"8682","date_created":"2026-04-04 17:34:22","date_expiry":"2027-07-07 00:00:00","user_id":"2760","batch_number":"RCDigestiveCare2K070727","location":"","quantity":"10.0000","quantity_available":"10.0000","units":"1","status":"active","order_ids":null,"supplier":"Royal Canin","po":{"id":"8610","date_created":"2026-04-04 17:34:22","batch_id":"8682","po_number":"","supplier":"Royal Canin","cost":null,"regular_price":null,"sale_price":null,"price_margin":null,"price_discount":null}}],"_links":{"self":[{"href":"https:\/\/petworld.ma\/index.php\/wp-json\/wp\/v2\/product\/636","targetHints":{"allow":["GET"]}}],"collection":[{"href":"https:\/\/petworld.ma\/index.php\/wp-json\/wp\/v2\/product"}],"about":[{"href":"https:\/\/petworld.ma\/index.php\/wp-json\/wp\/v2\/types\/product"}],"wp:featuredmedia":[{"embeddable":true,"href":"https:\/\/petworld.ma\/index.php\/wp-json\/wp\/v2\/media\/637"}],"wp:attachment":[{"href":"https:\/\/petworld.ma\/index.php\/wp-json\/wp\/v2\/media?parent=636"}],"wp:term":[{"taxonomy":"product_brand","embeddable":true,"href":"https:\/\/petworld.ma\/index.php\/wp-json\/wp\/v2\/product_brand?post=636"},{"taxonomy":"product_cat","embeddable":true,"href":"https:\/\/petworld.ma\/index.php\/wp-json\/wp\/v2\/product_cat?post=636"},{"taxonomy":"product_tag","embeddable":true,"href":"https:\/\/petworld.ma\/index.php\/wp-json\/wp\/v2\/product_tag?post=636"}],"curies":[{"name":"wp","href":"https:\/\/api.w.org\/{rel}","templated":true}]}}