{"id":6370,"date":"2024-02-01T09:57:11","date_gmt":"2024-02-01T09:57:11","guid":{"rendered":"https:\/\/petworld.ma\/?post_type=product&#038;p=6370"},"modified":"2026-04-27T07:21:31","modified_gmt":"2026-04-27T07:21:31","slug":"repulsif-pour-chat-chien-500ml-oropharma-stop-outdoor","status":"publish","type":"product","link":"https:\/\/petworld.ma\/index.php\/produit\/repulsif-pour-chat-chien-500ml-oropharma-stop-outdoor\/","title":{"rendered":"R\u00e9pulsif pour Chat Et Chien 500ml (Oropharma Stop Outdoor)"},"content":{"rendered":"<h4>Spray pour \u00e9loigner les chiens et les chats &#8211; \u00e0 l&rsquo;ext\u00e9rieur<\/h4>\n<p>Oropharma Stop Spray Outdoor tient les chiens et les chats \u00e9loign\u00e9s des endroits ext\u00e9rieurs que vous voulez prot\u00e9ger (fa\u00e7ade, cl\u00f4tures, plantes, sacs poubelle,&#8230;).<\/p>\n<ul>\n<li>Pour d\u00e9courager chiens &amp; chats de marquer leur territoire &#8211; \u00e0 l&rsquo;ext\u00e9rieur<\/li>\n<li>Tr\u00e8s efficace et facile \u00e0 vaporiser<\/li>\n<\/ul>\n<div class=\"tabSubtitle\"><strong>Mode d&#8217;emploi<\/strong><\/div>\n<p>\u00c0 L&rsquo;EXT\u00c9RIEUR DE LA MAISON, pulv\u00e9riser les endroits que vous voulez prot\u00e9ger tous les 4 \u00e0 5 jours.<\/p>\n","protected":false},"excerpt":{"rendered":"<p class=\"h1\">Spray Pour \u00c9loigner Les Chiens Et Les Chats &#8211; \u00c0 L&rsquo;ext\u00e9rieur<\/p>\n","protected":false},"featured_media":6372,"template":"","meta":{"jetpack_publicize_message":"","jetpack_publicize_feature_enabled":true,"jetpack_social_post_already_shared":true,"jetpack_social_options":{"image_generator_settings":{"template":"highway","default_image_id":0,"font":"","enabled":false},"version":2}},"product_brand":[],"product_cat":[95,92,106,94],"product_tag":[],"class_list":{"0":"post-6370","1":"product","2":"type-product","3":"status-publish","4":"has-post-thumbnail","6":"product_cat-arbres-a-chat","7":"product_cat-harnais-et-laisses-pour-chien","8":"product_cat-jouet-et-dressage","9":"product_cat-litieres-et-bacs","11":"first","12":"instock","13":"taxable","14":"shipping-taxable","15":"purchasable","16":"product-type-simple"},"supplier_id":5589,"supplier_sku":"","barcode":null,"atum_controlled":true,"out_stock_date":null,"out_stock_threshold":null,"inheritable":false,"inbound_stock":0,"stock_on_hold":0,"sold_today":0,"sales_last_days":7,"reserved_stock":0,"customer_returns":0,"warehouse_damage":0,"lost_in_post":0,"other_logs":0,"out_stock_days":0,"lost_sales":0,"has_location":false,"update_date":"2026-04-28T09:36:06","atum_locations":[],"atum_stock_status":"instock","restock_status":false,"low_stock_amount":6,"sales_update_date":"2026-04-28T09:36:06","calc_backorders":null,"jetpack_publicize_connections":[],"jetpack_sharing_enabled":true,"batches":[{"id":"5","date_created":"2024-09-11 09:12:20","date_expiry":"2026-06-01 00:00:00","user_id":"9","batch_number":"09092024-2","location":"","quantity":"66.0000","quantity_available":"0.0000","units":"1","status":"archived","order_ids":"[11643,11785,12310,12483,12555,12766,12827,13073,13183,14173,14356,14618,14636,14840,15116,15190,15453,15614,15889,16001,16185,16543,16732,16814,16835,16886,16940,17119,17184,17361,17552,17579,17582,17964,18124,18689,18777,19194,19198,19425,19634,20035,20192,20389,20402,20425,20668,20927,20942,20960,21059,21134,21151,21156,21180,21299,21342,24782,24854]","supplier":"Zooluxe","po":{"id":"4","date_created":"2024-09-11 09:12:21","batch_id":"5","po_number":"","supplier":"Zooluxe","cost":null,"regular_price":null,"sale_price":null,"price_margin":null,"price_discount":null}},{"id":"5176","date_created":"2025-09-07 15:19:05","date_expiry":"2026-11-30 00:00:00","user_id":"9","batch_number":"lot301126","location":"","quantity":"24.0000","quantity_available":"0.0000","units":"1","status":"archived","order_ids":"[28096,29211,29322,29611,29787,29945,30051,30066,30125,30178,30516,30522,31315,31483,31630,32549,32687,32850,33058,33136]","supplier":"Zooluxe","po":{"id":"5134","date_created":"2025-09-07 15:19:13","batch_id":"5176","po_number":"","supplier":"Zooluxe","cost":null,"regular_price":null,"sale_price":null,"price_margin":null,"price_discount":null}},{"id":"6714","date_created":"2025-12-16 11:20:09","date_expiry":"2026-11-30 00:00:00","user_id":"9","batch_number":"lot301126","location":"","quantity":"12.0000","quantity_available":"0.0000","units":"1","status":"archived","order_ids":"[33144,33191,33313,33453,33515,33545,33620,33993,34198,34204,35260]","supplier":"Rabat","po":{"id":"6660","date_created":"2025-12-16 11:20:10","batch_id":"6714","po_number":"","supplier":"Rabat","cost":null,"regular_price":null,"sale_price":null,"price_margin":null,"price_discount":null}},{"id":"7937","date_created":"2026-02-25 12:49:09","date_expiry":"2026-11-30 00:00:00","user_id":"9","batch_number":"lot301126","location":"","quantity":"10.0000","quantity_available":"0.0000","units":"1","status":"archived","order_ids":"[36516,36876,37140,37292,37446,37782,37792]","supplier":"Rabat","po":{"id":"7875","date_created":"2026-02-25 12:49:09","batch_id":"7937","po_number":"","supplier":"Rabat","cost":null,"regular_price":null,"sale_price":null,"price_margin":null,"price_discount":null}},{"id":"8473","date_created":"2026-03-24 19:02:11","date_expiry":"2026-11-30 00:00:00","user_id":"9","batch_number":"lot301126","location":"","quantity":"21.0000","quantity_available":"18.0000","units":"1","status":"active","order_ids":"[40757,40769]","supplier":"Casablanca","po":{"id":"8401","date_created":"2026-03-24 19:02:11","batch_id":"8473","po_number":"","supplier":"Casablanca","cost":null,"regular_price":null,"sale_price":null,"price_margin":null,"price_discount":null}},{"id":"8474","date_created":"2026-03-24 19:02:12","date_expiry":"2026-11-30 00:00:00","user_id":"9","batch_number":"lot301126","location":"","quantity":"7.0000","quantity_available":"0.0000","units":"1","status":"archived","order_ids":"[38656,38931,39292,39500,39915,40111,40114]","supplier":"Casablanca","po":{"id":"8402","date_created":"2026-03-24 19:02:12","batch_id":"8474","po_number":"","supplier":"Casablanca","cost":null,"regular_price":null,"sale_price":null,"price_margin":null,"price_discount":null}}],"_links":{"self":[{"href":"https:\/\/petworld.ma\/index.php\/wp-json\/wp\/v2\/product\/6370","targetHints":{"allow":["GET"]}}],"collection":[{"href":"https:\/\/petworld.ma\/index.php\/wp-json\/wp\/v2\/product"}],"about":[{"href":"https:\/\/petworld.ma\/index.php\/wp-json\/wp\/v2\/types\/product"}],"wp:featuredmedia":[{"embeddable":true,"href":"https:\/\/petworld.ma\/index.php\/wp-json\/wp\/v2\/media\/6372"}],"wp:attachment":[{"href":"https:\/\/petworld.ma\/index.php\/wp-json\/wp\/v2\/media?parent=6370"}],"wp:term":[{"taxonomy":"product_brand","embeddable":true,"href":"https:\/\/petworld.ma\/index.php\/wp-json\/wp\/v2\/product_brand?post=6370"},{"taxonomy":"product_cat","embeddable":true,"href":"https:\/\/petworld.ma\/index.php\/wp-json\/wp\/v2\/product_cat?post=6370"},{"taxonomy":"product_tag","embeddable":true,"href":"https:\/\/petworld.ma\/index.php\/wp-json\/wp\/v2\/product_tag?post=6370"}],"curies":[{"name":"wp","href":"https:\/\/api.w.org\/{rel}","templated":true}]}}