{"id":6715,"date":"2024-02-18T14:01:25","date_gmt":"2024-02-18T14:01:25","guid":{"rendered":"https:\/\/petworld.ma\/?post_type=product&#038;p=6715"},"modified":"2026-04-10T16:56:38","modified_gmt":"2026-04-10T16:56:38","slug":"miglior-cane-morceaux-de-viande-poulet-et-dinde-avec-sauce-405g","status":"publish","type":"product","link":"https:\/\/petworld.ma\/index.php\/produit\/miglior-cane-morceaux-de-viande-poulet-et-dinde-avec-sauce-405g\/","title":{"rendered":"Miglior Cane Morceaux de Viande Poulet et Dinde avec Sauce 405 Grammes"},"content":{"rendered":"<p class=\"pagetitle\">Formule con\u00e7ue pour assurer les principes nutritifs n\u00e9cessaires au bien-\u00eatre de votre chien comme les vitamines, les Omega-3, le calcium et le phosphore indispensables pour des os et des dents robustes, une peau en bonne sant\u00e9, un poil luisant et une masse musculaire plus tonique.<\/p>\n<p><strong>COMPOSITION:<\/strong><br \/>\nViande et sous-produits d&rsquo;origine animale 30% (poulet 5%, dinde 5%), c\u00e9r\u00e9ales, min\u00e9raux.<\/p>\n<p><strong>CONSTITUANTS ANALYTIQUES\u00a0:<\/strong><br \/>\nHumidit\u00e9 80%, Prot\u00e9ines brutes 7,0%, Mati\u00e8res grasses brutes 4,5%, Fibres brutes 0,5%, Cendres brutes 3%.<\/p>\n<p><strong>Additifs nutritionnels\/kg<\/strong> : Vitamine E 10 mg, Cuivre (Sulfate de Cuivre (II) pentahydrat\u00e9) 2 mg.<\/p>\n","protected":false},"excerpt":{"rendered":"<p>Boite de 405 Grammes<\/p>\n<p class=\"pagetitle\">Formule con\u00e7ue pour assurer les principes nutritifs n\u00e9cessaires au bien-\u00eatre de votre chien comme les vitamines, les Omega-3, le calcium et le phosphore indispensables pour des os et des dents robustes, une peau en bonne sant\u00e9, un poil luisant et une masse musculaire plus tonique.<\/p>\n","protected":false},"featured_media":6716,"template":"","meta":{"jetpack_publicize_message":"","jetpack_publicize_feature_enabled":true,"jetpack_social_post_already_shared":false,"jetpack_social_options":{"image_generator_settings":{"template":"highway","default_image_id":0,"font":"","enabled":false},"version":2}},"product_brand":[],"product_cat":[26,39],"product_tag":[],"class_list":{"0":"post-6715","1":"product","2":"type-product","3":"status-publish","4":"has-post-thumbnail","6":"product_cat-croquettes","7":"product_cat-friandises-et-pates-pour-chien","9":"first","10":"instock","11":"taxable","12":"shipping-taxable","13":"purchasable","14":"product-type-simple"},"supplier_id":5587,"supplier_sku":"7273","barcode":null,"atum_controlled":true,"out_stock_date":null,"out_stock_threshold":null,"inheritable":false,"inbound_stock":0,"stock_on_hold":0,"sold_today":0,"sales_last_days":1,"reserved_stock":0,"customer_returns":0,"warehouse_damage":0,"lost_in_post":0,"other_logs":0,"out_stock_days":0,"lost_sales":0,"has_location":false,"update_date":"2026-04-22T14:13:21","atum_locations":[],"atum_stock_status":"instock","restock_status":false,"low_stock_amount":48,"sales_update_date":"2026-04-22T14:13:21","calc_backorders":0,"jetpack_publicize_connections":[],"jetpack_sharing_enabled":true,"batches":[{"id":"505","date_created":"2024-10-03 18:33:30","date_expiry":"2027-07-31 00:00:00","user_id":"2760","batch_number":"MORANDOCHIEN405GR310727","location":"","quantity":"24.0000","quantity_available":"1.0000","units":"1","status":"active","order_ids":"[12474,12727,13020,13132,13139,13246,13703,13748,14230,14454,14466,14783,14944,15446,16474,16983,17312,17513,20114,20263,20359,20531,21369,22653,23159,23424,23551,24115,24817,25514,25891,26435,27619,36556,36692,37227,37459,37601,38208,38877,39058,39352]","supplier":"Royal Canin","po":{"id":"488","date_created":"2024-10-03 18:33:31","batch_id":"505","po_number":"","supplier":"Royal Canin","cost":null,"regular_price":null,"sale_price":null,"price_margin":null,"price_discount":null}},{"id":"4329","date_created":"2025-07-11 20:52:59","date_expiry":"2028-10-21 00:00:00","user_id":"2760","batch_number":"MORANDOCHIEN405GR140328","location":"","quantity":"24.0000","quantity_available":"24.0000","units":"1","status":"active","order_ids":null,"supplier":"Royal Canin","po":{"id":"4292","date_created":"2025-07-11 20:52:59","batch_id":"4329","po_number":"","supplier":"Royal Canin","cost":null,"regular_price":null,"sale_price":null,"price_margin":null,"price_discount":null}},{"id":"8666","date_created":"2026-04-04 17:10:49","date_expiry":"2028-03-14 00:00:00","user_id":"2760","batch_number":"MORANDOCHIEN405GR211028","location":"","quantity":"24.0000","quantity_available":"24.0000","units":"1","status":"active","order_ids":null,"supplier":"Royal Canin","po":{"id":"8594","date_created":"2026-04-04 17:10:50","batch_id":"8666","po_number":"","supplier":"Royal Canin","cost":null,"regular_price":null,"sale_price":null,"price_margin":null,"price_discount":null}}],"_links":{"self":[{"href":"https:\/\/petworld.ma\/index.php\/wp-json\/wp\/v2\/product\/6715","targetHints":{"allow":["GET"]}}],"collection":[{"href":"https:\/\/petworld.ma\/index.php\/wp-json\/wp\/v2\/product"}],"about":[{"href":"https:\/\/petworld.ma\/index.php\/wp-json\/wp\/v2\/types\/product"}],"wp:featuredmedia":[{"embeddable":true,"href":"https:\/\/petworld.ma\/index.php\/wp-json\/wp\/v2\/media\/6716"}],"wp:attachment":[{"href":"https:\/\/petworld.ma\/index.php\/wp-json\/wp\/v2\/media?parent=6715"}],"wp:term":[{"taxonomy":"product_brand","embeddable":true,"href":"https:\/\/petworld.ma\/index.php\/wp-json\/wp\/v2\/product_brand?post=6715"},{"taxonomy":"product_cat","embeddable":true,"href":"https:\/\/petworld.ma\/index.php\/wp-json\/wp\/v2\/product_cat?post=6715"},{"taxonomy":"product_tag","embeddable":true,"href":"https:\/\/petworld.ma\/index.php\/wp-json\/wp\/v2\/product_tag?post=6715"}],"curies":[{"name":"wp","href":"https:\/\/api.w.org\/{rel}","templated":true}]}}