{"id":748,"date":"2022-12-17T17:32:59","date_gmt":"2022-12-17T17:32:59","guid":{"rendered":"https:\/\/petworld.ma\/?post_type=product&#038;p=748"},"modified":"2026-04-23T15:19:00","modified_gmt":"2026-04-23T15:19:00","slug":"royal-canin-instinctive-en-sauce-85-g","status":"publish","type":"product","link":"https:\/\/petworld.ma\/index.php\/produit\/royal-canin-instinctive-en-sauce-85-g\/","title":{"rendered":"Royal Canin Instinctive en sauce 85 G"},"content":{"rendered":"<div>\n<div>\n<div>\n<h2>Aliment complet pour chats adultes de 1 \u00e0 7 ans.<\/h2>\n<\/div>\n<\/div>\n<h3>\u00a0Description :<\/h3>\n<\/div>\n<div>\n<div>\n<div>Lorsque vous nourrissez votre chat, il est possible de concilier ce qu\u2019il veut r\u00e9ellement manger et ce dont il a besoin afin de maintenir sa bonne sant\u00e9 nutritionnelle. Choisir la bonne alimentation pour votre chat est essentiel au maintien d\u2019un mode de vie sain. De plus, si votre chat appr\u00e9cie ce qu\u2019il mange, il en sera d\u2019autant plus agr\u00e9able. \u00a0 ROYAL CANIN\u00ae Instinctive \u00e9minc\u00e9 en sauce est con\u00e7u pour correspondre au profil macro-nutritionnel optimal que les chats adultes pr\u00e9f\u00e8rent instinctivement. Ses nutriments soigneusement choisis pour la meilleure palatabilit\u00e9 possible en font un plat auquel votre chat ne pourra tout simplement pas r\u00e9sister. \u00a0 Incluant une combinaison de vitamines, de min\u00e9raux et d\u2019acides amin\u00e9s (tous n\u00e9cessaires au maintien d\u2019une bonne sant\u00e9 g\u00e9n\u00e9rale et \u00e0 une croissance r\u00e9guli\u00e8re), ROYAL CANIN\u00ae Instinctive \u00e9minc\u00e9 en sauce offre \u00e0 votre chat un aliment \u00e0 la fois tr\u00e8s digeste et \u00e9quilibr\u00e9e sur le plan nutritionnel. \u00a0 Ce m\u00e9lange de nutriments n\u2019a pas seulement \u00e9t\u00e9 \u00e9labor\u00e9 pour \u00eatre pr\u00e9f\u00e9r\u00e9 d\u2019instinct et \u00eatre sain sur le plan nutritionnel, mais aussi pour aider votre chat \u00e0 maintenir son poids de forme et \u00e0 renforcer le bon fonctionnement de son syst\u00e8me urinaire. ROYAL CANIN\u00ae Instinctive \u00e9minc\u00e9 en sauce poss\u00e8de une teneur optimale en mati\u00e8res grasses afin d\u2019entretenir le niveau d\u2019\u00e9nergie de votre chat. De plus, le m\u00e9lange de fibres et de prot\u00e9ines contribue \u00e0 la sensation de sati\u00e9t\u00e9.<\/div>\n<h3>\u00a0Informations Nutritionnelles :<\/h3>\n<div>\n<div>Composition : viandes et sous-produits animaux, poissons et sous-produits de poisson, extraits de prot\u00e9ines v\u00e9g\u00e9tales, c\u00e9r\u00e9ales, sous-produits d\u2019origine v\u00e9g\u00e9tale, substances min\u00e9rales, sucres.<\/div>\n<div>Additifs (au kg)\u00a0: Additifs nutritionnels\u00a0: Vitamine D3\u00a0: 35\u00a0UI, E1 (Fer)\u00a0: 3\u00a0mg, E2 (Iode)\u00a0: 0,35\u00a0mg, E4 (Cuivre)\u00a0: 2,8\u00a0mg, E5 (Mangan\u00e8se)\u00a0: 0,9\u00a0mg, E6 (Zinc)\u00a0: 9\u00a0mg.<\/div>\n<div>Constituants analytiques\u00a0: Prot\u00e9ine\u00a0: 12\u00a0% &#8211; Teneur en mati\u00e8res grasses\u00a0: 2,8\u00a0% &#8211; Cendres brutes\u00a0: 1,5\u00a0% &#8211; Cellulose brute\u00a0: 0,9\u00a0% &#8211; Humidit\u00e9\u00a0: 79,5\u00a0%.<\/div>\n<div>Mode d\u2019emploi : voir tableau. Num\u00e9ro de lot et d\u2019identifiant usine, \u00e0 utiliser de pr\u00e9f\u00e9rence avant : voir sur l\u2019emballage. \u00c0 conserver dans un endroit sec et frais.<\/div>\n<h3>\u00a0B\u00e9n\u00e9fices :<\/h3>\n<div>\n<ul>\n<li>\n<div>Instinctivement pr\u00e9f\u00e9r\u00e9<\/div>\n<div>ROYAL CANIN\u00ae Instinctive est formul\u00e9 pour r\u00e9pondre au profil macro-nutritionnel optimal instinctivement pr\u00e9f\u00e9r\u00e9 par les chats adultes.<\/div>\n<\/li>\n<li>\n<div>Sant\u00e9 du syst\u00e8me urinaire<\/div>\n<div>Favorise la bonne sant\u00e9 du syst\u00e8me urinaire.<\/div>\n<\/li>\n<li>\n<div>Maintien du poids id\u00e9al<\/div>\n<div>Formul\u00e9 pour aider \u00e0 maintenir le poids id\u00e9al.<\/div>\n<\/li>\n<\/ul>\n<h3>\u00a0Rations :<\/h3>\n<table>\n<thead>\n<tr>\n<th>Poids du chat<\/th>\n<th>Alimentation humide<\/th>\n<th>Alimentation mixte<\/th>\n<\/tr>\n<\/thead>\n<tbody>\n<tr>\n<td>3 kg<\/td>\n<td>2 + 1\/4 sachets<\/td>\n<td>1 sachet + 24g<\/td>\n<\/tr>\n<tr>\n<td>4 kg<\/td>\n<td>2 + 3\/4 sachets<\/td>\n<td>1 sachet+ 35g<\/td>\n<\/tr>\n<tr>\n<td>5 kg<\/td>\n<td>3 sachets<\/td>\n<td>1 sachet + 44g<\/td>\n<\/tr>\n<tr>\n<td>6 kg<\/td>\n<td>3 + 1\/2 sachets<\/td>\n<td>1 sachet + 53g<\/td>\n<\/tr>\n<\/tbody>\n<\/table>\n<p><a href=\"https:\/\/wa.me\/212708052510\" target=\"_blank\" rel=\"noopener noreferrer\"><img decoding=\"async\" class=\"fr-fic fr-dib aligncenter\" src=\"https:\/\/cdn.youcan.shop\/stores\/d0742d556df94ddbc7ae4c9810aff04b\/others\/xQzaKaYPjCKi8gARuXFEc44jurmWbofqAI6N9An6.png\" width=\"284\" height=\"75\" data-fr-image-pasted=\"true\" data-name=\"stores\/d0742d556df94ddbc7ae4c9810aff04b\/others\/xQzaKaYPjCKi8gARuXFEc44jurmWbofqAI6N9An6.png\" \/><\/a><\/p>\n<\/div>\n<\/div>\n<\/div>\n<\/div>\n","protected":false},"excerpt":{"rendered":"<p>Aliment complet pour chats adultes de 1 \u00e0 7 ans. \u00a0Description : Lorsque vous nourrissez votre chat, il est possible de concilier ce qu\u2019il veut r\u00e9ellement manger et ce dont il a besoin afin de maintenir sa bonne sant\u00e9 nutritionnelle. Choisir la bonne alimentation pour votre chat est essentiel au maintien d\u2019un mode de vie [&#8230;]\n","protected":false},"featured_media":749,"template":"","meta":{"jetpack_publicize_message":"","jetpack_publicize_feature_enabled":true,"jetpack_social_post_already_shared":false,"jetpack_social_options":{"image_generator_settings":{"template":"highway","default_image_id":0,"font":"","enabled":false},"version":2}},"product_brand":[],"product_cat":[41],"product_tag":[],"class_list":{"0":"post-748","1":"product","2":"type-product","3":"status-publish","4":"has-post-thumbnail","6":"product_cat-friandises-et-pate-pour-chat","8":"first","9":"instock","10":"taxable","11":"shipping-taxable","12":"purchasable","13":"product-type-simple"},"supplier_id":5587,"supplier_sku":"70751","barcode":null,"atum_controlled":true,"out_stock_date":null,"out_stock_threshold":null,"inheritable":false,"inbound_stock":0,"stock_on_hold":4,"sold_today":0,"sales_last_days":43,"reserved_stock":0,"customer_returns":0,"warehouse_damage":0,"lost_in_post":0,"other_logs":0,"out_stock_days":0,"lost_sales":0,"has_location":false,"update_date":"2026-04-29T00:16:40","atum_locations":[],"atum_stock_status":"instock","restock_status":false,"low_stock_amount":120,"sales_update_date":"2026-04-29T00:16:40","calc_backorders":0,"jetpack_publicize_connections":[],"jetpack_sharing_enabled":true,"batches":[{"id":"303","date_created":"2024-09-29 17:04:04","date_expiry":"2025-05-25 00:00:00","user_id":"2461","batch_number":"RC InstinctiveSauce 85Gr250525","location":"","quantity":"12.0000","quantity_available":"0.0000","units":"1","status":"archived","order_ids":"[12301]","supplier":"Royal Canin","po":{"id":"297","date_created":"2024-09-29 17:04:05","batch_id":"303","po_number":"","supplier":"Royal Canin","cost":null,"regular_price":null,"sale_price":null,"price_margin":null,"price_discount":null}},{"id":"304","date_created":"2024-09-29 17:04:05","date_expiry":"2026-03-21 00:00:00","user_id":"2461","batch_number":"RC InstinctiveSauce 85Gr210326","location":"","quantity":"49.0000","quantity_available":"0.0000","units":"1","status":"archived","order_ids":"[12733,12747,13153,14037,18139,18632]","supplier":"Royal Canin","po":{"id":"298","date_created":"2024-09-29 17:04:05","batch_id":"304","po_number":"","supplier":"Royal Canin","cost":null,"regular_price":null,"sale_price":null,"price_margin":null,"price_discount":null}},{"id":"305","date_created":"2024-09-29 17:04:05","date_expiry":"2026-05-27 00:00:00","user_id":"2461","batch_number":"RC InstinctiveSauce 85Gr270526","location":"","quantity":"36.0000","quantity_available":"0.0000","units":"1","status":"archived","order_ids":"[14037,14252,14462,14953,18632]","supplier":"Royal Canin","po":{"id":"299","date_created":"2024-09-29 17:04:05","batch_id":"305","po_number":"","supplier":"Royal Canin","cost":null,"regular_price":null,"sale_price":null,"price_margin":null,"price_discount":null}},{"id":"719","date_created":"2024-10-31 11:40:30","date_expiry":"2026-07-05 00:00:00","user_id":"2461","batch_number":"RC InstinctiveSauce 85Gr050726","location":"","quantity":"108.0000","quantity_available":"0.0000","units":"1","status":"archived","order_ids":"[14953,15619,16828,17438,17584,17617,18632,19059,19531,20935,21025,21065]","supplier":"Royal Canin","po":{"id":"700","date_created":"2024-10-31 11:40:30","batch_id":"719","po_number":"","supplier":"Royal Canin","cost":null,"regular_price":null,"sale_price":null,"price_margin":null,"price_discount":null}},{"id":"1034","date_created":"2024-12-05 00:05:49","date_expiry":"2026-09-01 00:00:00","user_id":"2461","batch_number":"RC InstinctiveSauce 85Gr010926","location":"","quantity":"36.0000","quantity_available":"0.0000","units":"1","status":"archived","order_ids":"[21065,22107,22989,23267,23593,24027,24492,24498,24814,25234,25371,25430,25503,25620,25630]","supplier":"Royal Canin","po":{"id":"1012","date_created":"2024-12-05 00:05:49","batch_id":"1034","po_number":"","supplier":"Royal Canin","cost":null,"regular_price":null,"sale_price":null,"price_margin":null,"price_discount":null}},{"id":"1993","date_created":"2025-02-14 13:23:27","date_expiry":"2026-10-12 00:00:00","user_id":"2461","batch_number":"RC InstinctiveSauce 85Gr121026","location":"","quantity":"48.0000","quantity_available":"0.0000","units":"1","status":"archived","order_ids":"[25630,25648,25986,26263,26309,26340]","supplier":"Royal Canin","po":{"id":"1965","date_created":"2025-02-14 13:23:30","batch_id":"1993","po_number":"","supplier":"Royal Canin","cost":null,"regular_price":null,"sale_price":null,"price_margin":null,"price_discount":null}},{"id":"2388","date_created":"2025-03-19 20:57:21","date_expiry":"2026-11-05 00:00:00","user_id":"2461","batch_number":"RC InstinctiveSauce 85Gr051126","location":"","quantity":"12.0000","quantity_available":"0.0000","units":"1","status":"archived","order_ids":"[26340]","supplier":"Royal Canin","po":{"id":"2357","date_created":"2025-03-19 20:57:23","batch_id":"2388","po_number":"","supplier":"Royal Canin","cost":null,"regular_price":null,"sale_price":null,"price_margin":null,"price_discount":null}},{"id":"2575","date_created":"2025-03-29 23:11:16","date_expiry":"2026-11-05 00:00:00","user_id":"2461","batch_number":"RC InstinctiveSauce 85Gr051126","location":"","quantity":"12.0000","quantity_available":"0.0000","units":"1","status":"archived","order_ids":"[26340,26432]","supplier":"Royal Canin","po":{"id":"2543","date_created":"2025-03-29 23:11:19","batch_id":"2575","po_number":"","supplier":"Royal Canin","cost":null,"regular_price":null,"sale_price":null,"price_margin":null,"price_discount":null}},{"id":"2871","date_created":"2025-04-10 00:56:45","date_expiry":"2026-11-05 00:00:00","user_id":"2461","batch_number":"RC InstinctiveSauce 85Gr051126","location":"","quantity":"24.0000","quantity_available":"0.0000","units":"1","status":"archived","order_ids":"[26432,33682,34048]","supplier":"Royal Canin","po":{"id":"2838","date_created":"2025-04-10 00:56:46","batch_id":"2871","po_number":"","supplier":"Royal Canin","cost":null,"regular_price":null,"sale_price":null,"price_margin":null,"price_discount":null}},{"id":"4824","date_created":"2025-08-10 15:51:45","date_expiry":"2027-03-06 00:00:00","user_id":"2461","batch_number":"RC InstinctiveSauce 85Gr060327","location":"","quantity":"24.0000","quantity_available":"0.0000","units":"1","status":"archived","order_ids":"[26432,26648,26692]","supplier":"Royal Canin","po":{"id":"4788","date_created":"2025-08-10 15:51:45","batch_id":"4824","po_number":"","supplier":"Royal Canin","cost":null,"regular_price":null,"sale_price":null,"price_margin":null,"price_discount":null}},{"id":"5051","date_created":"2025-08-30 08:07:28","date_expiry":"2027-03-06 00:00:00","user_id":"2461","batch_number":"RC InstinctiveSauce 85Gr060327","location":"","quantity":"48.0000","quantity_available":"0.0000","units":"1","status":"archived","order_ids":"[26692,26702,26946,27126,27712,27982,28056,28062,28085]","supplier":"Royal Canin","po":{"id":"5014","date_created":"2025-08-30 08:07:28","batch_id":"5051","po_number":"","supplier":"Royal Canin","cost":null,"regular_price":null,"sale_price":null,"price_margin":null,"price_discount":null}},{"id":"5125","date_created":"2025-09-04 12:49:52","date_expiry":"2027-03-06 00:00:00","user_id":"2461","batch_number":"RC InstinctiveSauce 85Gr060327","location":"","quantity":"72.0000","quantity_available":"0.0000","units":"1","status":"archived","order_ids":"[28085,28440,28836,28977,29512,29704,29742,30260,30272,31078,32007,34048,35286]","supplier":"Royal Canin","po":{"id":"5088","date_created":"2025-09-04 12:49:55","batch_id":"5125","po_number":"","supplier":"Royal Canin","cost":null,"regular_price":null,"sale_price":null,"price_margin":null,"price_discount":null}},{"id":"5352","date_created":"2025-09-16 11:17:06","date_expiry":"2027-03-06 00:00:00","user_id":"2461","batch_number":"RC InstinctiveSauce 85Gr060327","location":"","quantity":"12.0000","quantity_available":"0.0000","units":"1","status":"archived","order_ids":"[27684,27712]","supplier":"Royal Canin","po":{"id":"5309","date_created":"2025-09-16 11:17:07","batch_id":"5352","po_number":"","supplier":"Royal Canin","cost":null,"regular_price":null,"sale_price":null,"price_margin":null,"price_discount":null}},{"id":"5543","date_created":"2025-09-28 22:16:50","date_expiry":"2027-03-30 00:00:00","user_id":"2461","batch_number":"RC InstinctiveSauce 85Gr300327","location":"","quantity":"76.0000","quantity_available":"0.0000","units":"1","status":"archived","order_ids":"[36467,37097,37375,37889,38333,38370]","supplier":"Royal Canin","po":{"id":"5497","date_created":"2025-09-28 22:16:51","batch_id":"5543","po_number":"","supplier":"Royal Canin","cost":null,"regular_price":null,"sale_price":null,"price_margin":null,"price_discount":null}},{"id":"5611","date_created":"2025-10-02 21:39:31","date_expiry":"2027-05-05 00:00:00","user_id":"2461","batch_number":"RC InstinctiveSauce 85Gr050527","location":"","quantity":"108.0000","quantity_available":"0.0000","units":"1","status":"archived","order_ids":"[38370,38686,38695,38965,38982,39297,39304]","supplier":"Royal Canin","po":{"id":"5565","date_created":"2025-10-02 21:39:32","batch_id":"5611","po_number":"","supplier":"Royal Canin","cost":null,"regular_price":null,"sale_price":null,"price_margin":null,"price_discount":null}},{"id":"5882","date_created":"2025-10-29 11:42:16","date_expiry":"2027-05-26 00:00:00","user_id":"2461","batch_number":"RC InstinctiveSauce 85Gr260527","location":"","quantity":"0.0000","quantity_available":"0.0000","units":"1","status":"archived","order_ids":null,"supplier":"Royal Canin","po":{"id":"5831","date_created":"2025-10-29 11:42:16","batch_id":"5882","po_number":"","supplier":"Royal Canin","cost":null,"regular_price":null,"sale_price":null,"price_margin":null,"price_discount":null}},{"id":"8491","date_created":"2026-03-25 16:36:26","date_expiry":"2027-05-26 00:00:00","user_id":"2461","batch_number":"RC InstinctiveSauce 85Gr260527","location":"","quantity":"36.0000","quantity_available":"0.0000","units":"1","status":"archived","order_ids":"[39304,40003,40254]","supplier":"Royal Canin","po":{"id":"8419","date_created":"2026-03-25 16:36:27","batch_id":"8491","po_number":"","supplier":"Royal Canin","cost":null,"regular_price":null,"sale_price":null,"price_margin":null,"price_discount":null}},{"id":"8697","date_created":"2026-04-04 17:58:02","date_expiry":"2027-09-30 00:00:00","user_id":"2461","batch_number":"RC InstinctiveSauce 85Gr300927","location":"","quantity":"60.0000","quantity_available":"30.0000","units":"1","status":"active","order_ids":"[40254,40387]","supplier":"Royal Canin","po":{"id":"8624","date_created":"2026-04-04 17:58:02","batch_id":"8697","po_number":"","supplier":"Royal Canin","cost":null,"regular_price":null,"sale_price":null,"price_margin":null,"price_discount":null}},{"id":"9057","date_created":"2026-04-22 14:24:55","date_expiry":"2027-09-19 00:00:00","user_id":"2461","batch_number":"RC InstinctiveSauce 85Gr190927NEW","location":"","quantity":"48.0000","quantity_available":"44.0000","units":"1","status":"active","order_ids":"[40633]","supplier":"Royal Canin","po":{"id":"8980","date_created":"2026-04-22 14:24:56","batch_id":"9057","po_number":"","supplier":"Royal Canin","cost":null,"regular_price":null,"sale_price":null,"price_margin":null,"price_discount":null}}],"_links":{"self":[{"href":"https:\/\/petworld.ma\/index.php\/wp-json\/wp\/v2\/product\/748","targetHints":{"allow":["GET"]}}],"collection":[{"href":"https:\/\/petworld.ma\/index.php\/wp-json\/wp\/v2\/product"}],"about":[{"href":"https:\/\/petworld.ma\/index.php\/wp-json\/wp\/v2\/types\/product"}],"wp:featuredmedia":[{"embeddable":true,"href":"https:\/\/petworld.ma\/index.php\/wp-json\/wp\/v2\/media\/749"}],"wp:attachment":[{"href":"https:\/\/petworld.ma\/index.php\/wp-json\/wp\/v2\/media?parent=748"}],"wp:term":[{"taxonomy":"product_brand","embeddable":true,"href":"https:\/\/petworld.ma\/index.php\/wp-json\/wp\/v2\/product_brand?post=748"},{"taxonomy":"product_cat","embeddable":true,"href":"https:\/\/petworld.ma\/index.php\/wp-json\/wp\/v2\/product_cat?post=748"},{"taxonomy":"product_tag","embeddable":true,"href":"https:\/\/petworld.ma\/index.php\/wp-json\/wp\/v2\/product_tag?post=748"}],"curies":[{"name":"wp","href":"https:\/\/api.w.org\/{rel}","templated":true}]}}