{"id":7539,"date":"2024-03-27T15:02:24","date_gmt":"2024-03-27T15:02:24","guid":{"rendered":"https:\/\/petworld.ma\/?post_type=product&#038;p=7539"},"modified":"2026-05-05T13:09:58","modified_gmt":"2026-05-05T13:09:58","slug":"herbe-catnip-premium-5g","status":"publish","type":"product","link":"https:\/\/petworld.ma\/index.php\/produit\/herbe-catnip-premium-5g\/","title":{"rendered":"Herbe Catnip premium 5g"},"content":{"rendered":"<p>Oh, comme \u00e7a sent bon ! L&rsquo;herbe \u00e0 chat Catnip envo\u00fbtera votre chat<strong>\u00a0avec son parfum intense.<\/strong> Cet herbre a un effet enivrant sur les chats et <strong>\u00e9veille leur instinct de chasseur et de joueur\u00a0<\/strong>lorsqu&rsquo;elle est vaporis\u00e9e sur des objets qui leur sont destin\u00e9s.<\/p>\n<p>L&rsquo;herbe \u00e0 chat <strong>est exclusivement compos\u00e9e de fleurs et de feuilles\u00a0<\/strong>de cataires. Vous pouvez par exemple en r\u00e9pandre sur les arbres \u00e0 chat ou les jouets de votre petit f\u00e9lin, ou tout simplement remplir une chaussette de cette poudre enivrante. L&rsquo;odeur qu&rsquo;elle diffuse \u00e9veillera sans aucun doute la curiosit\u00e9 de votre chat et l&rsquo;incitera \u00e0 jouer.<\/p>\n","protected":false},"excerpt":{"rendered":"<p>Oh, comme \u00e7a sent bon ! L&rsquo;herbe \u00e0 chat Catnip envo\u00fbtera votre chat\u00a0avec son parfum intense. Cet herbre a un effet enivrant sur les chats et \u00e9veille leur instinct de chasseur et de joueur\u00a0lorsqu&rsquo;elle est vaporis\u00e9e sur des objets qui leur sont destin\u00e9s. L&rsquo;herbe \u00e0 chat est exclusivement compos\u00e9e de fleurs et de feuilles\u00a0de cataires. [&#8230;]\n","protected":false},"featured_media":7540,"template":"","meta":{"jetpack_publicize_message":"","jetpack_publicize_feature_enabled":true,"jetpack_social_post_already_shared":true,"jetpack_social_options":{"image_generator_settings":{"template":"highway","default_image_id":0,"font":"","enabled":false},"version":2}},"product_brand":[],"product_cat":[95,219,100],"product_tag":[],"class_list":{"0":"post-7539","1":"product","2":"type-product","3":"status-publish","4":"has-post-thumbnail","6":"product_cat-arbres-a-chat","7":"product_cat-complement-alimentaire-hygiene-et-soins-pour-chat","8":"product_cat-accessoires-jouets-et-colliers","10":"first","11":"instock","12":"taxable","13":"shipping-taxable","14":"purchasable","15":"product-type-simple"},"supplier_id":5592,"supplier_sku":"","barcode":null,"atum_controlled":true,"out_stock_date":null,"out_stock_threshold":null,"inheritable":false,"inbound_stock":0,"stock_on_hold":2,"sold_today":1,"sales_last_days":8,"reserved_stock":0,"customer_returns":0,"warehouse_damage":0,"lost_in_post":0,"other_logs":0,"out_stock_days":0,"lost_sales":0,"has_location":false,"update_date":"2026-05-05T17:43:08","atum_locations":[],"atum_stock_status":"instock","restock_status":false,"low_stock_amount":2,"sales_update_date":"2026-05-05T17:43:08","calc_backorders":null,"jetpack_publicize_connections":[],"jetpack_sharing_enabled":true,"batches":[],"_links":{"self":[{"href":"https:\/\/petworld.ma\/index.php\/wp-json\/wp\/v2\/product\/7539","targetHints":{"allow":["GET"]}}],"collection":[{"href":"https:\/\/petworld.ma\/index.php\/wp-json\/wp\/v2\/product"}],"about":[{"href":"https:\/\/petworld.ma\/index.php\/wp-json\/wp\/v2\/types\/product"}],"wp:featuredmedia":[{"embeddable":true,"href":"https:\/\/petworld.ma\/index.php\/wp-json\/wp\/v2\/media\/7540"}],"wp:attachment":[{"href":"https:\/\/petworld.ma\/index.php\/wp-json\/wp\/v2\/media?parent=7539"}],"wp:term":[{"taxonomy":"product_brand","embeddable":true,"href":"https:\/\/petworld.ma\/index.php\/wp-json\/wp\/v2\/product_brand?post=7539"},{"taxonomy":"product_cat","embeddable":true,"href":"https:\/\/petworld.ma\/index.php\/wp-json\/wp\/v2\/product_cat?post=7539"},{"taxonomy":"product_tag","embeddable":true,"href":"https:\/\/petworld.ma\/index.php\/wp-json\/wp\/v2\/product_tag?post=7539"}],"curies":[{"name":"wp","href":"https:\/\/api.w.org\/{rel}","templated":true}]}}