{"id":7624,"date":"2024-03-31T15:55:47","date_gmt":"2024-03-31T15:55:47","guid":{"rendered":"https:\/\/petworld.ma\/?post_type=product&#038;p=7624"},"modified":"2025-12-03T13:09:28","modified_gmt":"2025-12-03T13:09:28","slug":"harnais-premium-one-touch-m-50-65-20mm-gris-trixie","status":"publish","type":"product","link":"https:\/\/petworld.ma\/index.php\/produit\/harnais-premium-one-touch-m-50-65-20mm-gris-trixie\/","title":{"rendered":"Harnais Premium Y Taille M-L 65-80\/25mm Gris &#8211; Trixie"},"content":{"rendered":"<h1>Harnais pour chien de moyenne et grande taille, tr\u00e8s confortable!!<\/h1>\n<p>Ce produit est adapt\u00e9 pou toutes les saisons et ne provoque aucune douleur pour votre chien:<\/p>\n<ul>\n<li>\u00a0laisse bande<\/li>\n<li>\u00a0distribution optimale de la pression gr\u00e2ce au large rembourrage autour de la poitrine<\/li>\n<li>\u00a0sangles du bavoir et ventrale r\u00e9glables en continu<\/li>\n<li>\u00a0doublure en n\u00e9opr\u00e8ne<\/li>\n<li>\u00a0anneau suppl\u00e9mentaire pour attacher la laisse, bande r\u00e9fl\u00e9chissante au niveau de la poitrine<\/li>\n<\/ul>\n<p>Taille: tour de poitrine 65CM-80CM<\/p>\n","protected":false},"excerpt":{"rendered":"<h1>Harnais pour chien de moyenne et grande taille, tr\u00e8s confortable!!<\/h1>\n<p>Ce produit est adapt\u00e9 pou toutes les saisons et ne provoque aucune douleur pour votre chien<\/p>\n<p>Taille: tour de poitrine 65CM-80CM<\/p>\n<p>Produit import\u00e9 d&rsquo;Europe!!!<\/p>\n","protected":false},"featured_media":7631,"template":"","meta":{"jetpack_publicize_message":"","jetpack_publicize_feature_enabled":true,"jetpack_social_post_already_shared":false,"jetpack_social_options":{"image_generator_settings":{"template":"highway","default_image_id":0,"font":"","enabled":false},"version":2}},"product_brand":[],"product_cat":[92],"product_tag":[],"class_list":{"0":"post-7624","1":"product","2":"type-product","3":"status-publish","4":"has-post-thumbnail","6":"product_cat-harnais-et-laisses-pour-chien","8":"first","9":"instock","10":"sale","11":"taxable","12":"shipping-taxable","13":"purchasable","14":"product-type-simple"},"supplier_id":5587,"supplier_sku":"76087","barcode":null,"atum_controlled":true,"out_stock_date":null,"out_stock_threshold":null,"inheritable":false,"inbound_stock":0,"stock_on_hold":0,"sold_today":0,"sales_last_days":0,"reserved_stock":0,"customer_returns":0,"warehouse_damage":0,"lost_in_post":0,"other_logs":0,"out_stock_days":0,"lost_sales":0,"has_location":false,"update_date":"2026-04-27T00:12:58","atum_locations":[],"atum_stock_status":"instock","restock_status":false,"low_stock_amount":0,"sales_update_date":"2026-04-27T00:12:58","calc_backorders":null,"jetpack_publicize_connections":[],"jetpack_sharing_enabled":true,"batches":[],"_links":{"self":[{"href":"https:\/\/petworld.ma\/index.php\/wp-json\/wp\/v2\/product\/7624","targetHints":{"allow":["GET"]}}],"collection":[{"href":"https:\/\/petworld.ma\/index.php\/wp-json\/wp\/v2\/product"}],"about":[{"href":"https:\/\/petworld.ma\/index.php\/wp-json\/wp\/v2\/types\/product"}],"wp:featuredmedia":[{"embeddable":true,"href":"https:\/\/petworld.ma\/index.php\/wp-json\/wp\/v2\/media\/7631"}],"wp:attachment":[{"href":"https:\/\/petworld.ma\/index.php\/wp-json\/wp\/v2\/media?parent=7624"}],"wp:term":[{"taxonomy":"product_brand","embeddable":true,"href":"https:\/\/petworld.ma\/index.php\/wp-json\/wp\/v2\/product_brand?post=7624"},{"taxonomy":"product_cat","embeddable":true,"href":"https:\/\/petworld.ma\/index.php\/wp-json\/wp\/v2\/product_cat?post=7624"},{"taxonomy":"product_tag","embeddable":true,"href":"https:\/\/petworld.ma\/index.php\/wp-json\/wp\/v2\/product_tag?post=7624"}],"curies":[{"name":"wp","href":"https:\/\/api.w.org\/{rel}","templated":true}]}}