{"id":7837,"date":"2024-04-08T15:35:00","date_gmt":"2024-04-08T15:35:00","guid":{"rendered":"https:\/\/petworld.ma\/?post_type=product&#038;p=7837"},"modified":"2026-03-16T17:07:43","modified_gmt":"2026-03-16T17:07:43","slug":"carnilove-cat-sterilised-lamb-wild-boar-chat-setrilise-agneau-et-sanglier-2kg","status":"publish","type":"product","link":"https:\/\/petworld.ma\/index.php\/produit\/carnilove-cat-sterilised-lamb-wild-boar-chat-setrilise-agneau-et-sanglier-2kg\/","title":{"rendered":"Carnilove Croquettes Cat Sterilised Lamb and Wild Boar (Chat s\u00e9trilis\u00e9 Agneau et Sanglier) 2kg | 6kg"},"content":{"rendered":"<div class=\"container pt-30\">\n<div class=\"row\">\n<div class=\"col-12\">\n<div class=\"container pt-30\">\n<div class=\"row\">\n<div class=\"col-10\">\n<div class=\"container pt-30\">\n<div class=\"row\">\n<div class=\"col-10\">\n<p>Pour rester en forme, les chats adultes ont besoin d&rsquo;une alimentation de qualit\u00e9, riche en prot\u00e9ines et parfaitement \u00e9quilibr\u00e9e en acides amin\u00e9s essentiels. La formule de Carnilove Lamb &amp; Wild Boar pour chats adultes respecte la composition du r\u00e9gime alimentaire naturel du chat. Les prot\u00e9ines d&rsquo;agneau et de gibier, particuli\u00e8rement digestes, sont id\u00e9ales pour maintenir les chats st\u00e9rilis\u00e9s en parfaite condition physique.<\/p>\n<p>La teneur r\u00e9duite en min\u00e9raux favorise le bon fonctionnement des reins et des voies urinaires. Les antioxydants naturels des fruits et des herbes aromatiques ont des propri\u00e9t\u00e9s purifiantes et anti-inflammatoires.<\/p>\n<h2>COMPOSITION<\/h2>\n<p>viande de sanglier moulue d\u00e9shydrat\u00e9e (35 %), viande d&rsquo;agneau \u00e9lev\u00e9 en plein air moulue d\u00e9shydrat\u00e9e (24 %), pois jaunes (19 %), graisse de poulet (conserv\u00e9e par des tocoph\u00e9rols, 6 %), pommes (4 %), foie de poulet (3 %), amidon de tapioca (3 %), huile de saumon (2 %), carottes (1 %), graines de lin (1 %), pois chiches (1 %), coquilles de crustac\u00e9s hydrolys\u00e9es (source de glucosamine, 0,026 %), extrait de cartilage (source de chondro\u00eftine, 0,016 %), levure de bi\u00e8re (source de manno-oligosaccharides, 0,016 %), racine de chicor\u00e9e (source de fructo-oligosaccharides, 0,012 %), Yucca schidigera (0,01 %), algues (0,01 %), psyllium (0,01 %), thym (0,01 %), romarin (0,01 %), origan (0,01 %), airelles (0,0008 %), myrtilles (0,0008 %), framboises (0,0008 %).<\/p>\n<h2>VALEURS NUTRITIONNELLES POUR 1 KG<\/h2>\n<p>vitamine A (3a672a) 23 000 I.U., vitamine D3 (3a671) 940 I.U., vitamine E (3a700) 650 mg, vitamine C (3a312) 300 mg, taurine (3a370) 2 400 mg, chlorure de choline (3a890) 2 200 mg, L-carnitine (3a910) 65 mg, nicotinamide (3a315) 45 mg, biotine (3a880) 1,8 mg, zinc (3b606) 150 mg, mangan\u00e8se (3b504) 55 mg, fer (3b106) 48 mg, cuivre (3b406) 11 mg, iode (3b201) 3,8 mg, s\u00e9l\u00e9nium (3b810) 0,23 mg, L-m\u00e9thionine (3c305) 14 mg, arginine (3c3.6.1) 12 mg, L-lysine (3.2.3.) 10 mg.<\/p>\n<h2>ANALYSE DE LA COMPOSITION POUR 1 KG<\/h2>\n<p>prot\u00e9ines brutes 39 %, graisse brute 14 %, fibres\u00a0 brutes 4 %, cendres brutes 7,8 %, humidit\u00e9 10 %, calcium 0,8 %, phosphore 0,7 %, sodium 0,9 %, magn\u00e9sium 0,04 %.<\/p>\n<h2>APPORT \u00c9NERG\u00c9TIQUE<\/h2>\n<p>3 690 kcal\/kg. Acides gras Om\u00e9ga-3: 0,25 %, Acides gras Om\u00e9ga-6: 2,30 %.<\/p>\n<\/div>\n<\/div>\n<\/div>\n<\/div>\n<\/div>\n<\/div>\n<\/div>\n<\/div>\n<\/div>\n","protected":false},"excerpt":{"rendered":"<p>Pour rester en forme, les chats adultes ont besoin d&rsquo;une alimentation de qualit\u00e9, riche en prot\u00e9ines et parfaitement \u00e9quilibr\u00e9e en acides amin\u00e9s essentiels. La formule de Carnilove Lamb &amp; Wild Boar pour chats adultes respecte la composition du r\u00e9gime alimentaire naturel du chat. Les prot\u00e9ines d&rsquo;agneau et de gibier, particuli\u00e8rement digestes, sont id\u00e9ales pour maintenir [&#8230;]\n","protected":false},"featured_media":7838,"template":"","meta":{"jetpack_publicize_message":"","jetpack_publicize_feature_enabled":true,"jetpack_social_post_already_shared":false,"jetpack_social_options":{"image_generator_settings":{"template":"highway","default_image_id":0,"font":"","enabled":false},"version":2}},"product_brand":[],"product_cat":[40],"product_tag":[],"class_list":{"0":"post-7837","1":"product","2":"type-product","3":"status-publish","4":"has-post-thumbnail","6":"product_cat-coquettes-pour-chat","8":"first","9":"outofstock","10":"taxable","11":"shipping-taxable","12":"purchasable","13":"product-type-variable"},"supplier_id":7839,"supplier_sku":"","barcode":null,"atum_controlled":true,"out_stock_date":null,"out_stock_threshold":null,"inheritable":true,"inbound_stock":0,"stock_on_hold":0,"sold_today":0,"sales_last_days":0,"reserved_stock":0,"customer_returns":0,"warehouse_damage":0,"lost_in_post":0,"other_logs":0,"out_stock_days":0,"lost_sales":0,"has_location":false,"update_date":"2026-05-13T00:20:08","atum_locations":[],"atum_stock_status":"outofstock","restock_status":false,"low_stock_amount":"","sales_update_date":"2026-05-13T00:20:08","calc_backorders":null,"jetpack_publicize_connections":[],"jetpack_sharing_enabled":true,"batches":[],"_links":{"self":[{"href":"https:\/\/petworld.ma\/index.php\/wp-json\/wp\/v2\/product\/7837","targetHints":{"allow":["GET"]}}],"collection":[{"href":"https:\/\/petworld.ma\/index.php\/wp-json\/wp\/v2\/product"}],"about":[{"href":"https:\/\/petworld.ma\/index.php\/wp-json\/wp\/v2\/types\/product"}],"wp:featuredmedia":[{"embeddable":true,"href":"https:\/\/petworld.ma\/index.php\/wp-json\/wp\/v2\/media\/7838"}],"wp:attachment":[{"href":"https:\/\/petworld.ma\/index.php\/wp-json\/wp\/v2\/media?parent=7837"}],"wp:term":[{"taxonomy":"product_brand","embeddable":true,"href":"https:\/\/petworld.ma\/index.php\/wp-json\/wp\/v2\/product_brand?post=7837"},{"taxonomy":"product_cat","embeddable":true,"href":"https:\/\/petworld.ma\/index.php\/wp-json\/wp\/v2\/product_cat?post=7837"},{"taxonomy":"product_tag","embeddable":true,"href":"https:\/\/petworld.ma\/index.php\/wp-json\/wp\/v2\/product_tag?post=7837"}],"curies":[{"name":"wp","href":"https:\/\/api.w.org\/{rel}","templated":true}]}}