{"id":801,"date":"2022-12-17T18:02:17","date_gmt":"2022-12-17T18:02:17","guid":{"rendered":"https:\/\/petworld.ma\/?post_type=product&#038;p=801"},"modified":"2026-04-27T16:06:23","modified_gmt":"2026-04-27T16:06:23","slug":"royal-canin-mother-babycat-mousse-pour-chatte-et-chaton-195-g","status":"publish","type":"product","link":"https:\/\/petworld.ma\/index.php\/produit\/royal-canin-mother-babycat-mousse-pour-chatte-et-chaton-195-g\/","title":{"rendered":"Royal Canin Mother Babycat Mousse pour chatte et chaton 195 g"},"content":{"rendered":"<div>\n<div>\n<div>\n<h2>Aliment complet pour chats &#8211; Sp\u00e9cial chatte en gestation ou en lactation &#8211; Chatons 1er \u00e2ge, de 1 \u00e0 4 mois en p\u00e9riode de sevrage (mousse ultra tendre)<\/h2>\n<\/div>\n<\/div>\n<\/div>\n<div>\n<div>\n<div>La mousse ultra tendre ROYAL CANIN\u00ae Mother &amp; Babycat est sp\u00e9cialement adapt\u00e9e pour r\u00e9pondre aux besoins \u00e9nerg\u00e9tiques \u00e9lev\u00e9s de votre chatte en fin de gestation et pendant la lactation. Sa texture ultra tendre et app\u00e9tente est id\u00e9ale pour les chatons jusqu&rsquo;\u00e0 l&rsquo;\u00e2ge de 4 mois. Les chatons nouveau-n\u00e9s re\u00e7oivent des anticorps protecteurs contenus dans le lait maternel, mais cette protection s&rsquo;affaiblit au fil des jours qui suivent la naissance. C\u2019est pourquoi l\u2019aliment humide ROYAL CANIN\u00ae Mother &amp; Babycat Mousse contient un complexe d\u2019antioxydants \u00e0 l\u2019efficacit\u00e9 scientifiquement prouv\u00e9e comprenant des vitamines C et E qui aide \u00e0 soutenir le d\u00e9veloppement du syst\u00e8me immunitaire du chaton. Cette formule est \u00e9galement enrichie en acides gras om\u00e9ga-3 (DHA) pour soutenir le d\u00e9veloppement c\u00e9r\u00e9bral du chaton et favoriser la sant\u00e9 visuelle. Gr\u00e2ce \u00e0 une combinaison de pr\u00e9biotiques b\u00e9n\u00e9fiques (MOS) et de prot\u00e9ines hautement digestibles, l\u2019aliment humide ROYAL CANIN\u00ae Mother &amp; Babycat Mousse favorise l\u2019\u00e9quilibre du microbiote intestinal pour une sant\u00e9 digestive optimale. ROYAL CANIN\u00ae Mother &amp; Babycat Mousse est non seulement facile \u00e0 manger pour les chatons en cours de sevrage, mais elle contribue \u00e0 fournir \u00e0 la chatte en lactation l\u2019hydratation dont elle a besoin pour produire son lait. \u00c0 l\u2019\u00e2ge de 4 mois, les chatons auront besoin d&rsquo;une alimentation sp\u00e9cialement adapt\u00e9e \u00e0 leur prochaine phase de croissance. \u00c0 ce stade, vous pouvez commencer la transition vers l\u2019aliment ROYAL CANIN\u00ae Kitten, disponible sous forme de croquettes ou en aliment humide d\u00e9clin\u00e9 sous diff\u00e9rentes textures en sauce, en gel\u00e9e ou en mousse. Tous les aliments humides de la gamme croissance sont formul\u00e9s sans conservateurs ni colorants artificiels.<\/div>\n<h3>\u00a0Informations Nutritionnelles :<\/h3>\n<div>\n<div>Les formules de la gamme Croissance \u00e9voluent et laissent place \u00e0 un nouveau programme nutritionnel complet ! Pendant cette p\u00e9riode de transition les sacheries vont cohabiter jusqu\u2019\u00e0 \u00e9puisement des stocks. Il est donc possible que vous receviez encore les aliments correspondant aux formules pr\u00e9c\u00e9dentes. Si vous souhaitez en savoir plus, n&rsquo;h\u00e9sitez pas \u00e0 contacter notre service consommateur au 0800415161.<\/div>\n<div>COMPOSITION : viandes et sous-produits animaux, huiles et graisses, c\u00e9r\u00e9ales, lait et produits de laiterie, sous-produits d\u2019origine v\u00e9g\u00e9tale, substances min\u00e9rales, levures.<\/div>\n<div>ADDITIFS (AU KG) : Additifs nutritionnels : Vitamine D3 : 120 UI, Fer (3b103) : 5 mg, Iode (3b202) : 0,4 mg, Cuivre (3b405, 3b406) :3,3 mg, Mangan\u00e8se (3b502, 3b503, 3b504) : 1,5 mg, Zinc (3b603, 3b605, 3b606) : 15 mg<\/div>\n<div>CONSTITUANTS ANALYTIQUES : Prot\u00e9ine : 10,5 % &#8211; Teneur en mati\u00e8res grasses : 5,5 % &#8211; Cendres brutes : 1,7 % &#8211; Cellulose brute : 0,8 % &#8211; Humidit\u00e9 : 78,7 %. MODE D\u2019EMPLOI : voir tableau. Num\u00e9ro de lot, Num\u00e9ro d\u2019identifiant usine, \u00e0 utiliser de pr\u00e9f\u00e9rence avant : voir sur l\u2019emballage. \u00c0 conserver dans un endroit sec et frais. De l&rsquo;eau fra\u00eeche doit \u00eatre disponible en permanence.<\/div>\n<h3>\u00a0B\u00e9n\u00e9fices :<\/h3>\n<div>\n<ul>\n<li>\n<div>Aliment 1er \u00e2ge id\u00e9al pour le sevrage des chatons<\/div>\n<div>Une texture mousse ultra tendre pour faciliter la transition vers l\u2019alimentation solide.<\/div>\n<\/li>\n<li>\n<div>Syst\u00e8me immunitaire fort<\/div>\n<div>Aide \u00e0 soutenir le d\u00e9veloppement du syst\u00e8me immunitaire du chaton gr\u00e2ce \u00e0 la pr\u00e9sence d\u2019un complexe scientifiquement prouv\u00e9, comprenant les vitamines E et C.<\/div>\n<\/li>\n<li>\n<div>D\u00e9veloppement c\u00e9r\u00e9bral<\/div>\n<div>Enrichi en acide gras om\u00e9ga-3 (DHA) pour soutenir le d\u00e9veloppement c\u00e9r\u00e9bral du chaton et favoriser la sant\u00e9 visuelle.<\/div>\n<\/li>\n<li>\n<div>Soutien du microbiome<\/div>\n<div>Une combinaison de pr\u00e9biotiques (MOS) et de prot\u00e9ines hautement digestibles pour favoriser l\u2019\u00e9quilibre du microbiote intestinal pour une sant\u00e9 digestive optimale.<\/div>\n<\/li>\n<\/ul>\n<h3>\u00a0Rations :<\/h3>\n<table>\n<thead>\n<tr>\n<th>\u00c2ge (semaines)<\/th>\n<th>Uniquement la bo\u00eete par jour<\/th>\n<\/tr>\n<\/thead>\n<tbody>\n<tr>\n<td>3<\/td>\n<td>Introduire peu \u00e0 peu l&rsquo;alimentation<\/td>\n<\/tr>\n<tr>\n<td>4<\/td>\n<td>Introduire peu \u00e0 peu l&rsquo;alimentation<\/td>\n<\/tr>\n<tr>\n<td>5 &#8211; 6<\/td>\n<td>1\/2<\/td>\n<\/tr>\n<tr>\n<td>6 &#8211; 7<\/td>\n<td>3\/4<\/td>\n<\/tr>\n<tr>\n<td>7 &#8211; 8<\/td>\n<td>3\/4<\/td>\n<\/tr>\n<tr>\n<td>8 &#8211; 12<\/td>\n<td>1<\/td>\n<\/tr>\n<tr>\n<td>12 &#8211; 16<\/td>\n<td>1 1\/4<\/td>\n<\/tr>\n<tr>\n<td>CHATTE EN LACTATION<\/td>\n<td>AD LIBITUM<\/td>\n<\/tr>\n<\/tbody>\n<\/table>\n<p><a href=\"https:\/\/wa.me\/212708052510\" target=\"_blank\" rel=\"noopener noreferrer\"><img decoding=\"async\" class=\"fr-fic fr-dib aligncenter\" src=\"https:\/\/cdn.youcan.shop\/stores\/d0742d556df94ddbc7ae4c9810aff04b\/others\/PKcJYHAbdodoITIg8Gk15OhsPyy5GQkqukhKpJiV.png\" width=\"288\" height=\"76\" data-name=\"stores\/d0742d556df94ddbc7ae4c9810aff04b\/others\/PKcJYHAbdodoITIg8Gk15OhsPyy5GQkqukhKpJiV.png\" \/><\/a><\/p>\n<\/div>\n<\/div>\n<\/div>\n<\/div>\n","protected":false},"excerpt":{"rendered":"<p>Aliment complet pour chats &#8211; Sp\u00e9cial chatte en gestation ou en lactation &#8211; Chatons 1er \u00e2ge, de 1 \u00e0 4 mois en p\u00e9riode de sevrage (mousse ultra tendre) La mousse ultra tendre ROYAL CANIN\u00ae Mother &amp; Babycat est sp\u00e9cialement adapt\u00e9e pour r\u00e9pondre aux besoins \u00e9nerg\u00e9tiques \u00e9lev\u00e9s de votre chatte en fin de gestation et pendant [&#8230;]\n","protected":false},"featured_media":805,"template":"","meta":{"jetpack_publicize_message":"","jetpack_publicize_feature_enabled":true,"jetpack_social_post_already_shared":false,"jetpack_social_options":{"image_generator_settings":{"template":"highway","default_image_id":0,"font":"","enabled":false},"version":2}},"product_brand":[],"product_cat":[41],"product_tag":[],"class_list":{"0":"post-801","1":"product","2":"type-product","3":"status-publish","4":"has-post-thumbnail","6":"product_cat-friandises-et-pate-pour-chat","8":"first","9":"instock","10":"sale","11":"taxable","12":"shipping-taxable","13":"purchasable","14":"product-type-simple"},"supplier_id":5587,"supplier_sku":"7212","barcode":null,"atum_controlled":true,"out_stock_date":null,"out_stock_threshold":null,"inheritable":false,"inbound_stock":0,"stock_on_hold":1,"sold_today":1,"sales_last_days":16,"reserved_stock":0,"customer_returns":0,"warehouse_damage":0,"lost_in_post":0,"other_logs":0,"out_stock_days":0,"lost_sales":0,"has_location":false,"update_date":"2026-04-27T16:06:25","atum_locations":[],"atum_stock_status":"instock","restock_status":false,"low_stock_amount":60,"sales_update_date":"2026-04-27T16:06:25","calc_backorders":0,"jetpack_publicize_connections":[],"jetpack_sharing_enabled":true,"batches":[{"id":"361","date_created":"2024-09-29 18:41:00","date_expiry":"2026-05-28 00:00:00","user_id":"2760","batch_number":"RC MBabcatMousse195GR280526","location":"","quantity":"59.0000","quantity_available":"0.0000","units":"1","status":"archived","order_ids":"[12919,13693,13720,13772,13823,13861,14019,15006,15168,15591,15611,15943,16009,18311,18915,19193]","supplier":"Royal Canin","po":{"id":"352","date_created":"2024-09-29 18:41:00","batch_id":"361","po_number":"","supplier":"Royal Canin","cost":null,"regular_price":null,"sale_price":null,"price_margin":null,"price_discount":null}},{"id":"362","date_created":"2024-09-29 18:41:00","date_expiry":"2026-06-07 00:00:00","user_id":"2760","batch_number":"RC MBabcatMousse195GR070626","location":"","quantity":"108.0000","quantity_available":"0.0000","units":"1","status":"archived","order_ids":"[16009,16037,16385,17211,19193,19624,19707,19926]","supplier":"Royal Canin","po":{"id":"353","date_created":"2024-09-29 18:41:00","batch_id":"362","po_number":"","supplier":"Royal Canin","cost":null,"regular_price":null,"sale_price":null,"price_margin":null,"price_discount":null}},{"id":"2752","date_created":"2025-04-06 00:29:22","date_expiry":"2026-11-18 00:00:00","user_id":"2760","batch_number":"RC MBabcatMousse195GR181126","location":"","quantity":"60.0000","quantity_available":"0.0000","units":"1","status":"archived","order_ids":"[22016,22165,24477]","supplier":"Royal Canin","po":{"id":"2720","date_created":"2025-04-06 00:29:23","batch_id":"2752","po_number":"","supplier":"Royal Canin","cost":null,"regular_price":null,"sale_price":null,"price_margin":null,"price_discount":null}},{"id":"2926","date_created":"2025-04-10 21:34:21","date_expiry":"2026-11-18 00:00:00","user_id":"2760","batch_number":"RC MBabcatMousse195GR181126","location":"","quantity":"24.0000","quantity_available":"0.0000","units":"1","status":"archived","order_ids":"[20899,20948,21318,21631,22016]","supplier":"Royal Canin","po":{"id":"2894","date_created":"2025-04-10 21:34:28","batch_id":"2926","po_number":"","supplier":"Royal Canin","cost":null,"regular_price":null,"sale_price":null,"price_margin":null,"price_discount":null}},{"id":"3552","date_created":"2025-05-22 21:06:41","date_expiry":"2026-01-28 00:00:00","user_id":"2760","batch_number":"RC MBabcatMousse195GR280126","location":"","quantity":"60.0000","quantity_available":"0.0000","units":"1","status":"archived","order_ids":"[22600,22608,23044,23152,23153,24204,24477]","supplier":"Royal Canin","po":{"id":"3519","date_created":"2025-05-22 21:06:41","batch_id":"3552","po_number":"","supplier":"Royal Canin","cost":null,"regular_price":null,"sale_price":null,"price_margin":null,"price_discount":null}},{"id":"4456","date_created":"2025-07-16 14:25:46","date_expiry":"2027-04-30 00:00:00","user_id":"2760","batch_number":"RC MBabcatMousse195GR300427","location":"","quantity":"360.0000","quantity_available":"0.0000","units":"1","status":"archived","order_ids":"[24651,24759,25371,25381]","supplier":"Royal Canin","po":{"id":"4420","date_created":"2025-07-16 14:25:47","batch_id":"4456","po_number":"","supplier":"Royal Canin","cost":null,"regular_price":null,"sale_price":null,"price_margin":null,"price_discount":null}},{"id":"4638","date_created":"2025-07-31 21:59:02","date_expiry":"2027-04-30 00:00:00","user_id":"2760","batch_number":"RC MBabcatMousse195GR300427","location":"","quantity":"36.0000","quantity_available":"0.0000","units":"1","status":"archived","order_ids":"[25381,25467,25479,25589,25687,25714]","supplier":"Royal Canin","po":{"id":"4602","date_created":"2025-07-31 21:59:03","batch_id":"4638","po_number":"","supplier":"Royal Canin","cost":null,"regular_price":null,"sale_price":null,"price_margin":null,"price_discount":null}},{"id":"4927","date_created":"2025-08-16 09:08:23","date_expiry":"2027-04-30 00:00:00","user_id":"2760","batch_number":"RC MBabcatMousse195GR300427","location":"","quantity":"240.0000","quantity_available":"0.0000","units":"1","status":"archived","order_ids":"[26190,26203,25792,26430,27315,27800,28009,28400,28546,28756,28859,28932,29039,29163,29250,29401,29598,29771,30351,30392,31384,31581,31598,31667,31879,32025,32377,32550]","supplier":"Royal Canin","po":{"id":"4891","date_created":"2025-08-16 09:08:24","batch_id":"4927","po_number":"","supplier":"Royal Canin","cost":null,"regular_price":null,"sale_price":null,"price_margin":null,"price_discount":null}},{"id":"6359","date_created":"2025-11-24 17:48:11","date_expiry":"2027-07-22 00:00:00","user_id":"2760","batch_number":"RC MBabcatMousse195GR220727","location":"","quantity":"10.0000","quantity_available":"0.0000","units":"1","status":"archived","order_ids":"[32628,33625,33651,33315]","supplier":"Royal Canin","po":{"id":"6305","date_created":"2025-11-24 17:48:12","batch_id":"6359","po_number":"","supplier":"Royal Canin","cost":null,"regular_price":null,"sale_price":null,"price_margin":null,"price_discount":null}},{"id":"6516","date_created":"2025-12-07 10:19:46","date_expiry":"2027-07-22 00:00:00","user_id":"2760","batch_number":"RC MBabcatMousse195GR220727","location":"","quantity":"12.0000","quantity_available":"0.0000","units":"1","status":"archived","order_ids":"[35703,36321,37512,37757]","supplier":"Royal Canin","po":{"id":"6462","date_created":"2025-12-07 10:19:46","batch_id":"6516","po_number":"","supplier":"Royal Canin","cost":null,"regular_price":null,"sale_price":null,"price_margin":null,"price_discount":null}},{"id":"6703","date_created":"2025-12-15 14:20:27","date_expiry":"2027-08-04 00:00:00","user_id":"2760","batch_number":"RC MBabcatMousse195GR040827","location":"","quantity":"24.0000","quantity_available":"0.0000","units":"1","status":"archived","order_ids":"[37757,37818,37970,38038,38560,38893,40423,40517]","supplier":"Royal Canin","po":{"id":"6649","date_created":"2025-12-15 14:20:28","batch_id":"6703","po_number":"","supplier":"Royal Canin","cost":null,"regular_price":null,"sale_price":null,"price_margin":null,"price_discount":null}},{"id":"7113","date_created":"2026-01-10 13:22:46","date_expiry":"2027-08-27 00:00:00","user_id":"2760","batch_number":"RC MBabcatMousse195GR270827","location":"","quantity":"2.0000","quantity_available":"0.0000","units":"1","status":"archived","order_ids":"[40517]","supplier":"Royal Canin","po":{"id":"7049","date_created":"2026-01-10 13:22:46","batch_id":"7113","po_number":"","supplier":"Royal Canin","cost":null,"regular_price":null,"sale_price":null,"price_margin":null,"price_discount":null}},{"id":"7169","date_created":"2026-01-14 11:30:42","date_expiry":"2027-08-27 00:00:00","user_id":"2760","batch_number":"RC MBabcatMousse195GR270827","location":"","quantity":"24.0000","quantity_available":"20.0000","units":"1","status":"active","order_ids":"[40517,40731,40744,40812]","supplier":"Royal Canin","po":{"id":"7105","date_created":"2026-01-14 11:30:42","batch_id":"7169","po_number":"","supplier":"Royal Canin","cost":null,"regular_price":null,"sale_price":null,"price_margin":null,"price_discount":null}},{"id":"8048","date_created":"2026-02-28 21:48:05","date_expiry":"2027-09-30 00:00:00","user_id":"2760","batch_number":"RC MBabcatMousse195GR300927","location":"","quantity":"12.0000","quantity_available":"12.0000","units":"1","status":"active","order_ids":null,"supplier":"Royal Canin","po":{"id":"7986","date_created":"2026-02-28 21:48:06","batch_id":"8048","po_number":"","supplier":"Royal Canin","cost":null,"regular_price":null,"sale_price":null,"price_margin":null,"price_discount":null}},{"id":"8512","date_created":"2026-03-25 18:36:26","date_expiry":"2027-09-30 00:00:00","user_id":"2760","batch_number":"RC MBabcatMousse195GR300927","location":"","quantity":"24.0000","quantity_available":"24.0000","units":"1","status":"active","order_ids":null,"supplier":"Royal Canin","po":{"id":"8440","date_created":"2026-03-25 18:36:26","batch_id":"8512","po_number":"","supplier":"Royal Canin","cost":null,"regular_price":null,"sale_price":null,"price_margin":null,"price_discount":null}},{"id":"8717","date_created":"2026-04-04 18:52:08","date_expiry":"2027-10-30 00:00:00","user_id":"2760","batch_number":"RC MBabcatMousse195GR301027","location":"","quantity":"48.0000","quantity_available":"48.0000","units":"1","status":"active","order_ids":null,"supplier":"Royal Canin","po":{"id":"8644","date_created":"2026-04-04 18:52:08","batch_id":"8717","po_number":"","supplier":"Royal Canin","cost":null,"regular_price":null,"sale_price":null,"price_margin":null,"price_discount":null}}],"_links":{"self":[{"href":"https:\/\/petworld.ma\/index.php\/wp-json\/wp\/v2\/product\/801","targetHints":{"allow":["GET"]}}],"collection":[{"href":"https:\/\/petworld.ma\/index.php\/wp-json\/wp\/v2\/product"}],"about":[{"href":"https:\/\/petworld.ma\/index.php\/wp-json\/wp\/v2\/types\/product"}],"wp:featuredmedia":[{"embeddable":true,"href":"https:\/\/petworld.ma\/index.php\/wp-json\/wp\/v2\/media\/805"}],"wp:attachment":[{"href":"https:\/\/petworld.ma\/index.php\/wp-json\/wp\/v2\/media?parent=801"}],"wp:term":[{"taxonomy":"product_brand","embeddable":true,"href":"https:\/\/petworld.ma\/index.php\/wp-json\/wp\/v2\/product_brand?post=801"},{"taxonomy":"product_cat","embeddable":true,"href":"https:\/\/petworld.ma\/index.php\/wp-json\/wp\/v2\/product_cat?post=801"},{"taxonomy":"product_tag","embeddable":true,"href":"https:\/\/petworld.ma\/index.php\/wp-json\/wp\/v2\/product_tag?post=801"}],"curies":[{"name":"wp","href":"https:\/\/api.w.org\/{rel}","templated":true}]}}