{"id":8162,"date":"2024-04-23T08:58:47","date_gmt":"2024-04-23T08:58:47","guid":{"rendered":"https:\/\/petworld.ma\/?post_type=product&#038;p=8162"},"modified":"2026-04-25T09:27:12","modified_gmt":"2026-04-25T09:27:12","slug":"dousti-actif-croquettes-chien-viande-20kg","status":"publish","type":"product","link":"https:\/\/petworld.ma\/index.php\/produit\/dousti-actif-croquettes-chien-viande-20kg\/","title":{"rendered":"Dousti Family Actif Croquettes Chien Viande 20kg"},"content":{"rendered":"<p>Aliment complet pour chiens adultes de toutes races. Id\u00e9al pour une alimentation continue. Enrichi en vitamines pour un pelage brillant et des os et des dents solides.<\/p>\n<p><strong>Composition:<\/strong><\/p>\n<div class=\"woocommerce-tabs wc-tabs-wrapper\">\n<div id=\"tab-composition\" class=\"woocommerce-Tabs-panel woocommerce-Tabs-panel--composition panel entry-content wc-tab\" role=\"tabpanel\" aria-labelledby=\"tab-title-composition\">\n<p>C\u00e9r\u00e9ales, viandes et sous-produits animaux, huiles et graisses, sous-produits d&rsquo;origine v\u00e9g\u00e9tale et substances min\u00e9rales.<\/p>\n<\/div>\n<\/div>\n<div class=\"tit-relacionados\">\n<div class=\"woocommerce-tabs wc-tabs-wrapper\">\n<div id=\"tab-analytical-components\" class=\"woocommerce-Tabs-panel woocommerce-Tabs-panel--analytical-components panel entry-content wc-tab\" role=\"tabpanel\" aria-labelledby=\"tab-title-analytical-components\">\n<p>Prot\u00e9ines brutes : 22 %<br \/>\nHuiles et graisses brutes : 8 %<br \/>\nCellulose brute : 4 %<br \/>\nCendres brutes : 10,80 %<\/p>\n<\/div>\n<\/div>\n<section class=\"related products\">\n<div class=\"tit-relacionados\"><\/div>\n<\/section>\n<\/div>\n","protected":false},"excerpt":{"rendered":"<p>Made in Italy!!<\/p>\n","protected":false},"featured_media":40697,"template":"","meta":{"jetpack_publicize_message":"","jetpack_publicize_feature_enabled":true,"jetpack_social_post_already_shared":false,"jetpack_social_options":{"image_generator_settings":{"template":"highway","default_image_id":0,"font":"","enabled":false},"version":2}},"product_brand":[],"product_cat":[26],"product_tag":[],"class_list":{"0":"post-8162","1":"product","2":"type-product","3":"status-publish","4":"has-post-thumbnail","6":"product_cat-croquettes","8":"first","9":"instock","10":"taxable","11":"shipping-taxable","12":"purchasable","13":"product-type-simple"},"supplier_id":5588,"supplier_sku":"6432","barcode":null,"atum_controlled":true,"out_stock_date":null,"out_stock_threshold":null,"inheritable":false,"inbound_stock":0,"stock_on_hold":0,"sold_today":0,"sales_last_days":0,"reserved_stock":0,"customer_returns":0,"warehouse_damage":0,"lost_in_post":0,"other_logs":0,"out_stock_days":0,"lost_sales":0,"has_location":false,"update_date":"2026-05-14T00:00:42","atum_locations":[],"atum_stock_status":"instock","restock_status":false,"low_stock_amount":3,"sales_update_date":"2026-05-14T00:00:42","calc_backorders":0,"jetpack_publicize_connections":[],"jetpack_sharing_enabled":true,"batches":[{"id":"953","date_created":"2024-11-26 18:49:36","date_expiry":"2026-08-06 00:00:00","user_id":"50","batch_number":"DOUSTIACTIFDog20KG060826","location":"","quantity":"1.0000","quantity_available":"0.0000","units":"1","status":"archived","order_ids":"[15433]","supplier":"mera","po":{"id":"930","date_created":"2024-11-26 18:49:37","batch_id":"953","po_number":"","supplier":"mera","cost":null,"regular_price":null,"sale_price":null,"price_margin":null,"price_discount":null}},{"id":"1200","date_created":"2024-12-13 21:34:45","date_expiry":"2026-08-06 00:00:00","user_id":"50","batch_number":"DOUSTIACTIFDog20KG060826","location":"","quantity":"4.0000","quantity_available":"0.0000","units":"1","status":"archived","order_ids":"[16389,16837,17149]","supplier":"mera","po":{"id":"1173","date_created":"2024-12-13 21:34:46","batch_id":"1200","po_number":"","supplier":"mera","cost":null,"regular_price":null,"sale_price":null,"price_margin":null,"price_discount":null}},{"id":"1844","date_created":"2025-02-01 17:51:24","date_expiry":"2026-10-30 00:00:00","user_id":"50","batch_number":"DOUSTIACTIFDog20KG301026","location":"","quantity":"1.0000","quantity_available":"0.0000","units":"1","status":"archived","order_ids":"[18074]","supplier":"mera","po":{"id":"1818","date_created":"2025-02-01 17:51:27","batch_id":"1844","po_number":"","supplier":"mera","cost":null,"regular_price":null,"sale_price":null,"price_margin":null,"price_discount":null}},{"id":"2117","date_created":"2025-02-21 16:41:07","date_expiry":"2026-12-10 00:00:00","user_id":"50","batch_number":"DOUSTIACTIFDog20KG101226","location":"","quantity":"2.0000","quantity_available":"0.0000","units":"1","status":"archived","order_ids":"[20400]","supplier":"mera","po":{"id":"2087","date_created":"2025-02-21 16:41:10","batch_id":"2117","po_number":"","supplier":"mera","cost":null,"regular_price":null,"sale_price":null,"price_margin":null,"price_discount":null}},{"id":"2943","date_created":"2025-04-10 23:37:14","date_expiry":"2027-02-12 00:00:00","user_id":"50","batch_number":"DOUSTIACTIFDog20KG120227","location":"","quantity":"2.0000","quantity_available":"0.0000","units":"1","status":"archived","order_ids":"[21743,22175]","supplier":"mera","po":{"id":"2911","date_created":"2025-04-10 23:37:20","batch_id":"2943","po_number":"","supplier":"mera","cost":null,"regular_price":null,"sale_price":null,"price_margin":null,"price_discount":null}},{"id":"3710","date_created":"2025-06-01 18:09:32","date_expiry":"2027-02-12 00:00:00","user_id":"50","batch_number":"DOUSTIACTIFDog20KG120227","location":"","quantity":"1.0000","quantity_available":"0.0000","units":"1","status":"archived","order_ids":"[23680]","supplier":"mera","po":{"id":"3676","date_created":"2025-06-01 18:09:33","batch_id":"3710","po_number":"","supplier":"mera","cost":null,"regular_price":null,"sale_price":null,"price_margin":null,"price_discount":null}},{"id":"4062","date_created":"2025-06-18 21:45:00","date_expiry":"2027-03-18 00:00:00","user_id":"50","batch_number":"DOUSTIACTIFDog20KG180327","location":"","quantity":"1.0000","quantity_available":"0.0000","units":"1","status":"archived","order_ids":"[24064]","supplier":"mera","po":{"id":"4026","date_created":"2025-06-18 21:45:00","batch_id":"4062","po_number":"","supplier":"mera","cost":null,"regular_price":null,"sale_price":null,"price_margin":null,"price_discount":null}},{"id":"4085","date_created":"2025-06-24 13:41:33","date_expiry":"2027-03-18 00:00:00","user_id":"50","batch_number":"DOUSTIACTIFDog20KG180327","location":"","quantity":"1.0000","quantity_available":"0.0000","units":"1","status":"archived","order_ids":"[24064]","supplier":"mera","po":{"id":"4049","date_created":"2025-06-24 13:41:33","batch_id":"4085","po_number":"","supplier":"mera","cost":null,"regular_price":null,"sale_price":null,"price_margin":null,"price_discount":null}},{"id":"4143","date_created":"2025-06-27 09:09:33","date_expiry":"2027-04-02 00:00:00","user_id":"50","batch_number":"DOUSTIACTIFDog20KG020427","location":"","quantity":"1.0000","quantity_available":"0.0000","units":"1","status":"archived","order_ids":"[24154]","supplier":"mera","po":{"id":"4107","date_created":"2025-06-27 09:09:33","batch_id":"4143","po_number":"","supplier":"mera","cost":null,"regular_price":null,"sale_price":null,"price_margin":null,"price_discount":null}},{"id":"4394","date_created":"2025-07-14 21:30:41","date_expiry":"2027-04-20 00:00:00","user_id":"50","batch_number":"DOUSTIACTIFDog20KG200427","location":"","quantity":"3.0000","quantity_available":"0.0000","units":"1","status":"archived","order_ids":"[31042,31275,31574]","supplier":"mera","po":{"id":"4358","date_created":"2025-07-14 21:30:42","batch_id":"4394","po_number":"","supplier":"mera","cost":null,"regular_price":null,"sale_price":null,"price_margin":null,"price_discount":null}},{"id":"6413","date_created":"2025-12-02 11:08:22","date_expiry":"2027-08-26 00:00:00","user_id":"50","batch_number":"DOUSTIACTIFDog20KG260827","location":"","quantity":"1.0000","quantity_available":"0.0000","units":"1","status":"archived","order_ids":"[31574]","supplier":"mera","po":{"id":"6359","date_created":"2025-12-02 11:08:22","batch_id":"6413","po_number":"","supplier":"mera","cost":null,"regular_price":null,"sale_price":null,"price_margin":null,"price_discount":null}},{"id":"6621","date_created":"2025-12-11 13:30:14","date_expiry":"2027-09-12 00:00:00","user_id":"50","batch_number":"DOUSTIACTIFDog20KG120927","location":"","quantity":"3.0000","quantity_available":"0.0000","units":"1","status":"archived","order_ids":"[32159,38155,38925]","supplier":"mera","po":{"id":"6566","date_created":"2025-12-11 13:30:15","batch_id":"6621","po_number":"","supplier":"mera","cost":null,"regular_price":null,"sale_price":null,"price_margin":null,"price_discount":null}},{"id":"6973","date_created":"2025-12-27 13:26:18","date_expiry":"2027-10-03 00:00:00","user_id":"50","batch_number":"DOUSTIACTIFDog20KG031027","location":"","quantity":"1.0000","quantity_available":"1.0000","units":"1","status":"active","order_ids":"[40357]","supplier":"mera","po":{"id":"6912","date_created":"2025-12-27 13:26:19","batch_id":"6973","po_number":"","supplier":"mera","cost":null,"regular_price":null,"sale_price":null,"price_margin":null,"price_discount":null}},{"id":"8827","date_created":"2026-04-15 11:36:32","date_expiry":"2028-02-28 00:00:00","user_id":"50","batch_number":"DOUSTIACTIFDog20KG0300228","location":"","quantity":"1.0000","quantity_available":"1.0000","units":"1","status":"active","order_ids":null,"supplier":"mera","po":{"id":"8754","date_created":"2026-04-15 11:36:32","batch_id":"8827","po_number":"","supplier":"mera","cost":null,"regular_price":null,"sale_price":null,"price_margin":null,"price_discount":null}},{"id":"9089","date_created":"2026-04-25 09:24:56","date_expiry":"2028-02-18 00:00:00","user_id":"50","batch_number":"DOUSTIACTIFDog20KG0180228","location":"","quantity":"2.0000","quantity_available":"2.0000","units":"1","status":"active","order_ids":null,"supplier":"mera","po":{"id":"9012","date_created":"2026-04-25 09:24:56","batch_id":"9089","po_number":"","supplier":"mera","cost":null,"regular_price":null,"sale_price":null,"price_margin":null,"price_discount":null}}],"_links":{"self":[{"href":"https:\/\/petworld.ma\/index.php\/wp-json\/wp\/v2\/product\/8162","targetHints":{"allow":["GET"]}}],"collection":[{"href":"https:\/\/petworld.ma\/index.php\/wp-json\/wp\/v2\/product"}],"about":[{"href":"https:\/\/petworld.ma\/index.php\/wp-json\/wp\/v2\/types\/product"}],"wp:featuredmedia":[{"embeddable":true,"href":"https:\/\/petworld.ma\/index.php\/wp-json\/wp\/v2\/media\/40697"}],"wp:attachment":[{"href":"https:\/\/petworld.ma\/index.php\/wp-json\/wp\/v2\/media?parent=8162"}],"wp:term":[{"taxonomy":"product_brand","embeddable":true,"href":"https:\/\/petworld.ma\/index.php\/wp-json\/wp\/v2\/product_brand?post=8162"},{"taxonomy":"product_cat","embeddable":true,"href":"https:\/\/petworld.ma\/index.php\/wp-json\/wp\/v2\/product_cat?post=8162"},{"taxonomy":"product_tag","embeddable":true,"href":"https:\/\/petworld.ma\/index.php\/wp-json\/wp\/v2\/product_tag?post=8162"}],"curies":[{"name":"wp","href":"https:\/\/api.w.org\/{rel}","templated":true}]}}