{"id":8243,"date":"2024-04-26T09:23:03","date_gmt":"2024-04-26T09:23:03","guid":{"rendered":"https:\/\/petworld.ma\/?post_type=product&#038;p=8243"},"modified":"2026-02-10T15:49:51","modified_gmt":"2026-02-10T15:49:51","slug":"shampoing-moussant-lavant-pour-chiens-5-litres","status":"publish","type":"product","link":"https:\/\/petworld.ma\/index.php\/produit\/shampoing-moussant-lavant-pour-chiens-5-litres\/","title":{"rendered":"Shampoing moussant lavant pour chiens 5 Litres"},"content":{"rendered":"<p><strong>Shampoings\u00a0<\/strong><strong>moussants\u00a0<\/strong><strong>lavants avec l&rsquo;e<\/strong><strong>xtrait\u00a0<\/strong><strong>d&rsquo;Aloe\u00a0<\/strong><strong>Vera\u00a0<\/strong><strong>et l&rsquo;<\/strong><strong>extrait\u00a0<\/strong><strong>de miel\u00a0<\/strong><strong>naturel<\/strong><\/p>\n<p><strong>L&rsquo;extrait d&rsquo;Aloe Vera\u00a0<\/strong><strong>restaure et nourrit la peau de votre chien \u00e0 la peau sensible.<\/strong><\/p>\n<p><strong>L&rsquo;extrait de miel contenu\u00a0<\/strong><strong>dans la formule du shampooing nourrit la peau et le pelage, leur donnant plus de\u00a0<\/strong><strong>force et de brillance.<\/strong><\/p>\n<p><strong>Des tensioactifs soigneusement s\u00e9lectionn\u00e9s hydratent la peau et pr\u00e9viennent le dess\u00e8chement.<\/strong><\/p>\n<ul>\n<li>\u00c9limine les odeurs corporelles et rend la peau et le pelage doux<\/li>\n<li>Prot\u00e8ge l&rsquo;\u00e9quilibre naturel de l&rsquo;huile de la peau et du pelage et augmente la r\u00e9silience de la peau<\/li>\n<li>Convient aux chiens avec toute race<\/li>\n<li>pH \u00e9quilibr\u00e9<\/li>\n<\/ul>\n","protected":false},"excerpt":{"rendered":"<p>Shampoings\u00a0moussants\u00a0lavants avec l&rsquo;extrait\u00a0d&rsquo;Aloe\u00a0Vera\u00a0et l&rsquo;extrait\u00a0de miel\u00a0naturel L&rsquo;extrait d&rsquo;Aloe Vera\u00a0restaure et nourrit la peau de votre chien \u00e0 la peau sensible. L&rsquo;extrait de miel contenu\u00a0dans la formule du shampooing nourrit la peau et le pelage, leur donnant plus de\u00a0force et de brillance. Des tensioactifs soigneusement s\u00e9lectionn\u00e9s hydratent la peau et pr\u00e9viennent le dess\u00e8chement. \u00c9limine les odeurs corporelles [&#8230;]\n","protected":false},"featured_media":8244,"template":"","meta":{"jetpack_publicize_message":"","jetpack_publicize_feature_enabled":true,"jetpack_social_post_already_shared":false,"jetpack_social_options":{"image_generator_settings":{"template":"highway","default_image_id":0,"font":"","enabled":false},"version":2}},"product_brand":[],"product_cat":[214],"product_tag":[],"class_list":{"0":"post-8243","1":"product","2":"type-product","3":"status-publish","4":"has-post-thumbnail","6":"product_cat-parfums-shampoing","8":"first","9":"outofstock","10":"taxable","11":"shipping-taxable","12":"purchasable","13":"product-type-simple"},"supplier_id":5589,"supplier_sku":"","barcode":null,"atum_controlled":true,"out_stock_date":"2025-05-08 10:48:59","out_stock_threshold":null,"inheritable":false,"inbound_stock":0,"stock_on_hold":0,"sold_today":0,"sales_last_days":0,"reserved_stock":0,"customer_returns":0,"warehouse_damage":0,"lost_in_post":0,"other_logs":0,"out_stock_days":362,"lost_sales":21719,"has_location":false,"update_date":"2026-05-06T00:16:34","atum_locations":[],"atum_stock_status":"outofstock","restock_status":false,"low_stock_amount":1,"sales_update_date":"2026-05-06T00:16:33","calc_backorders":null,"jetpack_publicize_connections":[],"jetpack_sharing_enabled":true,"batches":[],"_links":{"self":[{"href":"https:\/\/petworld.ma\/index.php\/wp-json\/wp\/v2\/product\/8243","targetHints":{"allow":["GET"]}}],"collection":[{"href":"https:\/\/petworld.ma\/index.php\/wp-json\/wp\/v2\/product"}],"about":[{"href":"https:\/\/petworld.ma\/index.php\/wp-json\/wp\/v2\/types\/product"}],"wp:featuredmedia":[{"embeddable":true,"href":"https:\/\/petworld.ma\/index.php\/wp-json\/wp\/v2\/media\/8244"}],"wp:attachment":[{"href":"https:\/\/petworld.ma\/index.php\/wp-json\/wp\/v2\/media?parent=8243"}],"wp:term":[{"taxonomy":"product_brand","embeddable":true,"href":"https:\/\/petworld.ma\/index.php\/wp-json\/wp\/v2\/product_brand?post=8243"},{"taxonomy":"product_cat","embeddable":true,"href":"https:\/\/petworld.ma\/index.php\/wp-json\/wp\/v2\/product_cat?post=8243"},{"taxonomy":"product_tag","embeddable":true,"href":"https:\/\/petworld.ma\/index.php\/wp-json\/wp\/v2\/product_tag?post=8243"}],"curies":[{"name":"wp","href":"https:\/\/api.w.org\/{rel}","templated":true}]}}