{"id":828,"date":"2022-12-17T18:14:55","date_gmt":"2022-12-17T18:14:55","guid":{"rendered":"https:\/\/petworld.ma\/?post_type=product&#038;p=828"},"modified":"2026-03-17T15:53:14","modified_gmt":"2026-03-17T15:53:14","slug":"royal-canin-sensible-2-kg","status":"publish","type":"product","link":"https:\/\/petworld.ma\/index.php\/produit\/royal-canin-sensible-2-kg\/","title":{"rendered":"Royal Canin Sensible 2 Kg"},"content":{"rendered":"<div>\n<div>\n<h2>Aliment complet et \u00e9quilibr\u00e9 pour chats adultes de plus de 1 an &#8211; sensibilit\u00e9 digestive.<\/h2>\n<\/div>\n<\/div>\n<div>Le syst\u00e8me digestif de certains chats peut \u00eatre sensible \u00e0 certains types d\u2019aliments, et si c\u2019est le cas pour votre animal, un changement d\u2019alimentation peut \u00eatre n\u00e9cessaire afin de stabiliser son estomac. De nombreux nutriments sont susceptibles d\u2019avoir un effet apaisant sur son syst\u00e8me digestif. \u00a0 ROYAL CANIN\u00ae Sensible 33 est sp\u00e9cialement formul\u00e9 pour soutenir les chats adultes pr\u00e9sentant des signes de sensibilit\u00e9 \u00e0 certains aliments. Il contient un m\u00e9lange exclusif d\u2019\u00e9l\u00e9ments nutritifs pour offrir une s\u00e9curit\u00e9 digestive optimale et convient aux chats adultes \u00e2g\u00e9s de 1 \u00e0 7 ans. \u00a0 ROYAL CANIN\u00ae Sensible 33 est extr\u00eamement savoureux et contient trois formes de croquettes diff\u00e9rentes et des ar\u00f4mes soigneusement s\u00e9lectionn\u00e9s pour stimuler la prise de nourriture et faciliter la digestion. \u00a0 De plus, ROYAL CANIN\u00ae Sensible 33 a \u00e9galement \u00e9t\u00e9 con\u00e7u pour aider \u00e0 renforcer le syst\u00e8me urinaire des chats adultes comme le v\u00f4tre. \u00a0 Une fois que le syst\u00e8me digestif de votre chat commence \u00e0 s\u2019am\u00e9liorer, vous pouvez continuer \u00e0 le nourrir avec ROYAL CANIN\u00ae Sensible 33, qui a \u00e9t\u00e9 con\u00e7u non seulement pour favoriser la digestion, mais aussi pour l\u2019entretenir par la suite.<\/div>\n<h3>\u00a0INFORMATIONS NUTRITIONELLES :<\/h3>\n<div>\n<div>Additifs (au kg) : Additifs nutritionnels : Vitamine A : 18500 UI, Vitamine D3 : 1000 UI, E1 (Fer) : 36 mg, E2 (Iode) : 3,6 mg, E4 (Cuivre) : 11 mg, E5 (Mangan\u00e8se) : 47 mg, E6 (Zinc) : 140 mg, E8 (S\u00e9l\u00e9nium) : 0,09 mg &#8211; Additifs technologiques : Clinoptilolite d\u2019origine s\u00e9dimentaire : 5 g &#8211; Additifs zootechniques : Chlorure d\u2019ammonium : 5 g &#8211; Conservateurs &#8211; Antioxyg\u00e8nes.<\/div>\n<div>Constituants analytiques : Prot\u00e9ine : 33 % &#8211; Teneur en mati\u00e8res grasses : 22 % &#8211; Cendres brutes : 7,3 % &#8211; Cellulose brute : 1,5 %.<\/div>\n<div>Composition : prot\u00e9ines de volaille d\u00e9shydrat\u00e9es, riz, graisses animales, isolat de prot\u00e9ines v\u00e9g\u00e9tales*, ma\u00efs, farine de bl\u00e9, bl\u00e9, hydrolysat de prot\u00e9ines animales, gluten de ma\u00efs, levures et composants de levures, pulpe de betterave, huile de poisson, fibres v\u00e9g\u00e9tales, huile de soja, sels min\u00e9raux, fructo-oligosaccharides.<\/div>\n<div>Mode d\u2019emploi : voir tableau. Num\u00e9ro de lot et d\u2019identifiant usine, \u00e0 utiliser de pr\u00e9f\u00e9rence avant : voir sur l\u2019emballage. \u00c0 conserver dans un endroit sec et frais.<\/div>\n<div>*L.I.P. : prot\u00e9ine s\u00e9lectionn\u00e9e pour sa tr\u00e8s haute digestibilit\u00e9.<\/div>\n<h3>BENEFICES :<\/h3>\n<div>\n<ul>\n<li>\n<div>Sant\u00e9 digestive optimale<\/div>\n<div>Certains chats ont une sensibilit\u00e9 digestive qui conduit \u00e0 la production de selles molles. Sensible 33 contient une combinaison exclusive de nutriments pour une s\u00e9curit\u00e9 digestive optimale (L.I.P.*) et des pr\u00e9biotiques (dont des FOS) pour l\u2019\u00e9quilibre de la flore intestinale. *L.I.P.\u00a0: prot\u00e9ines s\u00e9lectionn\u00e9es pour leur tr\u00e8s haute digestibilit\u00e9.<\/div>\n<\/li>\n<li>\n<div>Haute app\u00e9tence<\/div>\n<div>Trois formes de croquettes diff\u00e9rentes et une formule attractive avec des ar\u00f4mes rigoureusement s\u00e9lectionn\u00e9s pour stimuler la prise alimentaire chez les chats sensibles.<\/div>\n<\/li>\n<li>\n<div>\u00c9nergie concentr\u00e9e<\/div>\n<div>Une densit\u00e9 \u00e9nerg\u00e9tique plus \u00e9lev\u00e9e permet des rations plus petites et r\u00e9duit la charge digestive chez les chats \u00e0 sensibilit\u00e9 digestive.<\/div>\n<\/li>\n<li>\n<div>Sant\u00e9 urinaire<\/div>\n<div>Formul\u00e9 pour contribuer \u00e0 la bonne sant\u00e9 du syst\u00e8me urinaire du chat adulte.<\/div>\n<\/li>\n<\/ul>\n<h3>\u00a0RATIONS :<\/h3>\n<table>\n<thead>\n<tr>\n<th>Poids du chat<\/th>\n<th>Poids id\u00e9al<\/th>\n<th>Embonpoint<\/th>\n<\/tr>\n<\/thead>\n<tbody>\n<tr>\n<td>3 kg<\/td>\n<td>39 g (ou 23 g + 1 sachet)<\/td>\n<td>31 g (ou 15 g + 1 sachet)<\/td>\n<\/tr>\n<tr>\n<td>4 kg<\/td>\n<td>48 g (ou 32 g + 1 sachet)<\/td>\n<td>39 g (ou 22 g + 1 sachet)<\/td>\n<\/tr>\n<tr>\n<td>5 kg<\/td>\n<td>57 g (ou 40g + 1 sachet)<\/td>\n<td>45 g (ou 29 g + 1 sachet)<\/td>\n<\/tr>\n<tr>\n<td>6 kg<\/td>\n<td>64 g (ou 49 g + 1 sachet)<\/td>\n<td>51 g (ou 35 g + 1 sachet)<\/td>\n<\/tr>\n<\/tbody>\n<\/table>\n<p><a href=\"https:\/\/wa.me\/212708052510\" target=\"_blank\" rel=\"noopener noreferrer\"><img loading=\"lazy\" decoding=\"async\" class=\"fr-fic fr-dib aligncenter\" src=\"https:\/\/cdn.youcan.shop\/stores\/d0742d556df94ddbc7ae4c9810aff04b\/others\/WRggEdNbW7zHfCZBHyCPC65MNmMbSSLbJQVe1NAF.png\" width=\"315\" height=\"83\" data-name=\"stores\/d0742d556df94ddbc7ae4c9810aff04b\/others\/WRggEdNbW7zHfCZBHyCPC65MNmMbSSLbJQVe1NAF.png\" \/><\/a><\/p>\n<\/div>\n<\/div>\n","protected":false},"excerpt":{"rendered":"<p>Aliment complet et \u00e9quilibr\u00e9 pour chats adultes de plus de 1 an &#8211; sensibilit\u00e9 digestive. Le syst\u00e8me digestif de certains chats peut \u00eatre sensible \u00e0 certains types d\u2019aliments, et si c\u2019est le cas pour votre animal, un changement d\u2019alimentation peut \u00eatre n\u00e9cessaire afin de stabiliser son estomac. De nombreux nutriments sont susceptibles d\u2019avoir un effet [&#8230;]\n","protected":false},"featured_media":829,"template":"","meta":{"jetpack_publicize_message":"","jetpack_publicize_feature_enabled":true,"jetpack_social_post_already_shared":false,"jetpack_social_options":{"image_generator_settings":{"template":"highway","default_image_id":0,"font":"","enabled":false},"version":2}},"product_brand":[],"product_cat":[40],"product_tag":[],"class_list":{"0":"post-828","1":"product","2":"type-product","3":"status-publish","4":"has-post-thumbnail","6":"product_cat-coquettes-pour-chat","8":"first","9":"onbackorder","10":"taxable","11":"shipping-taxable","12":"purchasable","13":"product-type-simple"},"supplier_id":5587,"supplier_sku":"71130","barcode":null,"atum_controlled":true,"out_stock_date":"2026-03-12 16:00:59","out_stock_threshold":null,"inheritable":false,"inbound_stock":0,"stock_on_hold":0,"sold_today":0,"sales_last_days":0,"reserved_stock":0,"customer_returns":0,"warehouse_damage":0,"lost_in_post":0,"other_logs":0,"out_stock_days":22,"lost_sales":2310,"has_location":false,"update_date":"2026-04-04T10:31:59","atum_locations":[],"atum_stock_status":"onbackorder","restock_status":false,"low_stock_amount":10,"sales_update_date":"2026-04-04T10:31:59","calc_backorders":0,"jetpack_publicize_connections":[],"jetpack_sharing_enabled":true,"batches":[{"id":"375","date_created":"2024-09-29 19:02:06","date_expiry":"2025-10-14 00:00:00","user_id":"2760","batch_number":"RCSensible2KG141025","location":"","quantity":"2.0000","quantity_available":"0.0000","units":"1","status":"archived","order_ids":"[15125,15725]","supplier":"Royal Canin","po":{"id":"365","date_created":"2024-09-29 19:02:07","batch_id":"375","po_number":"","supplier":"Royal Canin","cost":null,"regular_price":null,"sale_price":null,"price_margin":null,"price_discount":null}},{"id":"376","date_created":"2024-09-29 19:02:07","date_expiry":"2025-08-29 00:00:00","user_id":"2760","batch_number":"RCSensible290825","location":"","quantity":"2.0000","quantity_available":"0.0000","units":"1","status":"archived","order_ids":"[13510,14019]","supplier":"Royal Canin","po":{"id":"366","date_created":"2024-09-29 19:02:07","batch_id":"376","po_number":"","supplier":"Royal Canin","cost":null,"regular_price":null,"sale_price":null,"price_margin":null,"price_discount":null}},{"id":"766","date_created":"2024-11-08 20:26:17","date_expiry":"2026-02-28 00:00:00","user_id":"2760","batch_number":"RCSensible2KG280226","location":"","quantity":"2.0000","quantity_available":"0.0000","units":"1","status":"archived","order_ids":"[17948,18747]","supplier":"Royal Canin","po":{"id":"743","date_created":"2024-11-08 20:26:17","batch_id":"766","po_number":"","supplier":"Royal Canin","cost":null,"regular_price":null,"sale_price":null,"price_margin":null,"price_discount":null}},{"id":"1105","date_created":"2024-12-08 12:42:12","date_expiry":"2026-02-28 00:00:00","user_id":"2760","batch_number":"RCSensible2KG280226","location":"","quantity":"1.0000","quantity_available":"0.0000","units":"1","status":"archived","order_ids":"[17825]","supplier":"Royal Canin","po":{"id":"1081","date_created":"2024-12-08 12:42:12","batch_id":"1105","po_number":"","supplier":"Royal Canin","cost":null,"regular_price":null,"sale_price":null,"price_margin":null,"price_discount":null}},{"id":"1245","date_created":"2024-12-17 22:47:11","date_expiry":"2026-03-04 00:00:00","user_id":"2760","batch_number":"RCSensible2KG040326","location":"","quantity":"1.0000","quantity_available":"0.0000","units":"1","status":"archived","order_ids":"[19163]","supplier":"Royal Canin","po":{"id":"1218","date_created":"2024-12-17 22:47:13","batch_id":"1245","po_number":"","supplier":"Royal Canin","cost":null,"regular_price":null,"sale_price":null,"price_margin":null,"price_discount":null}},{"id":"2062","date_created":"2025-02-19 21:19:08","date_expiry":"2026-06-15 00:00:00","user_id":"2760","batch_number":"RCSensible2KG150626","location":"","quantity":"2.0000","quantity_available":"0.0000","units":"1","status":"archived","order_ids":"[19211,19227]","supplier":"Royal Canin","po":{"id":"2032","date_created":"2025-02-19 21:19:11","batch_id":"2062","po_number":"","supplier":"Royal Canin","cost":null,"regular_price":null,"sale_price":null,"price_margin":null,"price_discount":null}},{"id":"2389","date_created":"2025-03-19 21:03:29","date_expiry":"2026-07-18 00:00:00","user_id":"2760","batch_number":"RCSensible2KG180726","location":"","quantity":"1.0000","quantity_available":"0.0000","units":"1","status":"archived","order_ids":"[19519]","supplier":"Royal Canin","po":{"id":"2358","date_created":"2025-03-19 21:03:32","batch_id":"2389","po_number":"","supplier":"Royal Canin","cost":null,"regular_price":null,"sale_price":null,"price_margin":null,"price_discount":null}},{"id":"2459","date_created":"2025-03-26 00:06:36","date_expiry":"2026-07-18 00:00:00","user_id":"2760","batch_number":"RCSensible2KG180726","location":"","quantity":"3.0000","quantity_available":"0.0000","units":"1","status":"archived","order_ids":"[25725,29015,29098]","supplier":"Royal Canin","po":{"id":"2428","date_created":"2025-03-26 00:06:40","batch_id":"2459","po_number":"","supplier":"Royal Canin","cost":null,"regular_price":null,"sale_price":null,"price_margin":null,"price_discount":null}},{"id":"2586","date_created":"2025-03-30 01:14:37","date_expiry":"2026-07-18 00:00:00","user_id":"2760","batch_number":"RCSensible2KG180726","location":"","quantity":"2.0000","quantity_available":"0.0000","units":"1","status":"archived","order_ids":"[20617,25077]","supplier":"Royal Canin","po":{"id":"2554","date_created":"2025-03-30 01:14:40","batch_id":"2586","po_number":"","supplier":"Royal Canin","cost":null,"regular_price":null,"sale_price":null,"price_margin":null,"price_discount":null}},{"id":"4831","date_created":"2025-08-10 16:17:24","date_expiry":"2026-11-19 00:00:00","user_id":"2760","batch_number":"RCSensible2KG191126","location":"","quantity":"1.0000","quantity_available":"0.0000","units":"1","status":"archived","order_ids":"[29926]","supplier":"Royal Canin","po":{"id":"4795","date_created":"2025-08-10 16:17:27","batch_id":"4831","po_number":"","supplier":"Royal Canin","cost":null,"regular_price":null,"sale_price":null,"price_margin":null,"price_discount":null}},{"id":"4942","date_created":"2025-08-19 20:39:06","date_expiry":"2026-11-19 00:00:00","user_id":"2760","batch_number":"RCSensible2KG191126","location":"","quantity":"1.0000","quantity_available":"0.0000","units":"1","status":"archived","order_ids":"[30578]","supplier":"Royal Canin","po":{"id":"4906","date_created":"2025-08-19 20:39:07","batch_id":"4942","po_number":"","supplier":"Royal Canin","cost":null,"regular_price":null,"sale_price":null,"price_margin":null,"price_discount":null}},{"id":"5119","date_created":"2025-09-04 12:36:38","date_expiry":"2026-11-19 00:00:00","user_id":"2760","batch_number":"RCSensible2KG191126","location":"","quantity":"1.0000","quantity_available":"0.0000","units":"1","status":"archived","order_ids":"[31911]","supplier":"Royal Canin","po":{"id":"5082","date_created":"2025-09-04 12:36:38","batch_id":"5119","po_number":"","supplier":"Royal Canin","cost":null,"regular_price":null,"sale_price":null,"price_margin":null,"price_discount":null}},{"id":"5867","date_created":"2025-10-28 22:23:50","date_expiry":"2026-12-09 00:00:00","user_id":"2760","batch_number":"RCSensible2KG091226","location":"","quantity":"1.0000","quantity_available":"0.0000","units":"1","status":"archived","order_ids":"[31911]","supplier":"Royal Canin","po":{"id":"5815","date_created":"2025-10-28 22:23:51","batch_id":"5867","po_number":"","supplier":"Royal Canin","cost":null,"regular_price":null,"sale_price":null,"price_margin":null,"price_discount":null}},{"id":"6083","date_created":"2025-11-11 20:35:14","date_expiry":"2027-01-15 00:00:00","user_id":"2760","batch_number":"RCSensible2KG150127","location":"","quantity":"1.0000","quantity_available":"0.0000","units":"1","status":"archived","order_ids":"[31970]","supplier":"Royal Canin","po":{"id":"6029","date_created":"2025-11-11 20:35:15","batch_id":"6083","po_number":"","supplier":"Royal Canin","cost":null,"regular_price":null,"sale_price":null,"price_margin":null,"price_discount":null}},{"id":"6344","date_created":"2025-11-24 15:57:09","date_expiry":"2027-01-15 00:00:00","user_id":"2760","batch_number":"RCSensible2KG150127","location":"","quantity":"1.0000","quantity_available":"0.0000","units":"1","status":"archived","order_ids":"[32425]","supplier":"Royal Canin","po":{"id":"6290","date_created":"2025-11-24 15:57:10","batch_id":"6344","po_number":"","supplier":"Royal Canin","cost":null,"regular_price":null,"sale_price":null,"price_margin":null,"price_discount":null}},{"id":"6865","date_created":"2025-12-23 14:15:11","date_expiry":"2027-03-19 00:00:00","user_id":"2760","batch_number":"RCSensible2KG19032027","location":"","quantity":"4.0000","quantity_available":"0.0000","units":"1","status":"archived","order_ids":"[32687,33209,33788,33873]","supplier":"Royal Canin","po":{"id":"6804","date_created":"2025-12-23 14:15:12","batch_id":"6865","po_number":"","supplier":"Royal Canin","cost":null,"regular_price":null,"sale_price":null,"price_margin":null,"price_discount":null}},{"id":"7095","date_created":"2026-01-10 12:23:10","date_expiry":"2027-05-10 00:00:00","user_id":"2760","batch_number":"RCSensible2KG100527","location":"","quantity":"1.0000","quantity_available":"0.0000","units":"1","status":"archived","order_ids":"[34073]","supplier":"Royal Canin","po":{"id":"7031","date_created":"2026-01-10 12:23:11","batch_id":"7095","po_number":"","supplier":"Royal Canin","cost":null,"regular_price":null,"sale_price":null,"price_margin":null,"price_discount":null}},{"id":"7151","date_created":"2026-01-13 13:14:10","date_expiry":"2027-05-10 00:00:00","user_id":"2760","batch_number":"RCSensible2KG100527","location":"","quantity":"1.0000","quantity_available":"0.0000","units":"1","status":"archived","order_ids":"[34647]","supplier":"Royal Canin","po":{"id":"7087","date_created":"2026-01-13 13:14:11","batch_id":"7151","po_number":"","supplier":"Royal Canin","cost":null,"regular_price":null,"sale_price":null,"price_margin":null,"price_discount":null}},{"id":"7341","date_created":"2026-01-26 14:58:47","date_expiry":"2027-05-10 00:00:00","user_id":"2760","batch_number":"RCSensible2KG100527","location":"","quantity":"2.0000","quantity_available":"0.0000","units":"1","status":"archived","order_ids":"[35450,35735]","supplier":"Royal Canin","po":{"id":"7277","date_created":"2026-01-26 14:58:47","batch_id":"7341","po_number":"","supplier":"Royal Canin","cost":null,"regular_price":null,"sale_price":null,"price_margin":null,"price_discount":null}},{"id":"7411","date_created":"2026-01-30 13:33:22","date_expiry":"2027-05-10 00:00:00","user_id":"2760","batch_number":"RCSensible2KG100527","location":"","quantity":"1.0000","quantity_available":"0.0000","units":"1","status":"archived","order_ids":"[35039]","supplier":"Royal Canin","po":{"id":"7347","date_created":"2026-01-30 13:33:22","batch_id":"7411","po_number":"","supplier":"Royal Canin","cost":null,"regular_price":null,"sale_price":null,"price_margin":null,"price_discount":null}},{"id":"7618","date_created":"2026-02-12 09:29:04","date_expiry":"2027-05-10 00:00:00","user_id":"2760","batch_number":"RCSensible2KG100527","location":"","quantity":"1.0000","quantity_available":"0.0000","units":"1","status":"archived","order_ids":"[36006]","supplier":"Royal Canin","po":{"id":"7553","date_created":"2026-02-12 09:29:04","batch_id":"7618","po_number":"","supplier":"Royal Canin","cost":null,"regular_price":null,"sale_price":null,"price_margin":null,"price_discount":null}},{"id":"7675","date_created":"2026-02-14 09:46:01","date_expiry":"2027-05-10 00:00:00","user_id":"2760","batch_number":"RCSensible2KG100527","location":"","quantity":"2.0000","quantity_available":"0.0000","units":"1","status":"archived","order_ids":"[37145,37193]","supplier":"Royal Canin","po":{"id":"7610","date_created":"2026-02-14 09:46:01","batch_id":"7675","po_number":"","supplier":"Royal Canin","cost":null,"regular_price":null,"sale_price":null,"price_margin":null,"price_discount":null}},{"id":"7762","date_created":"2026-02-18 12:05:40","date_expiry":"2027-05-10 00:00:00","user_id":"2760","batch_number":"RCSensible2KG100527","location":"","quantity":"1.0000","quantity_available":"0.0000","units":"1","status":"archived","order_ids":"[36458]","supplier":"Royal Canin","po":{"id":"7697","date_created":"2026-02-18 12:05:41","batch_id":"7762","po_number":"","supplier":"Royal Canin","cost":null,"regular_price":null,"sale_price":null,"price_margin":null,"price_discount":null}},{"id":"7916","date_created":"2026-02-24 20:42:55","date_expiry":"2027-05-10 00:00:00","user_id":"2760","batch_number":"RCSensible2KG100527","location":"","quantity":"1.0000","quantity_available":"0.0000","units":"1","status":"archived","order_ids":"[36884]","supplier":"Royal Canin","po":{"id":"7854","date_created":"2026-02-24 20:42:55","batch_id":"7916","po_number":"","supplier":"Royal Canin","cost":null,"regular_price":null,"sale_price":null,"price_margin":null,"price_discount":null}},{"id":"8029","date_created":"2026-02-28 21:32:30","date_expiry":"2027-06-30 00:00:00","user_id":"2760","batch_number":"RCSensible2KG300627","location":"","quantity":"1.0000","quantity_available":"0.0000","units":"1","status":"archived","order_ids":"[37498]","supplier":"Royal Canin","po":{"id":"7967","date_created":"2026-02-28 21:32:31","batch_id":"8029","po_number":"","supplier":"Royal Canin","cost":null,"regular_price":null,"sale_price":null,"price_margin":null,"price_discount":null}}],"_links":{"self":[{"href":"https:\/\/petworld.ma\/index.php\/wp-json\/wp\/v2\/product\/828","targetHints":{"allow":["GET"]}}],"collection":[{"href":"https:\/\/petworld.ma\/index.php\/wp-json\/wp\/v2\/product"}],"about":[{"href":"https:\/\/petworld.ma\/index.php\/wp-json\/wp\/v2\/types\/product"}],"wp:featuredmedia":[{"embeddable":true,"href":"https:\/\/petworld.ma\/index.php\/wp-json\/wp\/v2\/media\/829"}],"wp:attachment":[{"href":"https:\/\/petworld.ma\/index.php\/wp-json\/wp\/v2\/media?parent=828"}],"wp:term":[{"taxonomy":"product_brand","embeddable":true,"href":"https:\/\/petworld.ma\/index.php\/wp-json\/wp\/v2\/product_brand?post=828"},{"taxonomy":"product_cat","embeddable":true,"href":"https:\/\/petworld.ma\/index.php\/wp-json\/wp\/v2\/product_cat?post=828"},{"taxonomy":"product_tag","embeddable":true,"href":"https:\/\/petworld.ma\/index.php\/wp-json\/wp\/v2\/product_tag?post=828"}],"curies":[{"name":"wp","href":"https:\/\/api.w.org\/{rel}","templated":true}]}}