{"id":879,"date":"2022-12-17T20:33:59","date_gmt":"2022-12-17T20:33:59","guid":{"rendered":"https:\/\/petworld.ma\/?post_type=product&#038;p=879"},"modified":"2026-05-12T16:47:51","modified_gmt":"2026-05-12T16:47:51","slug":"hills-science-plan-aliment-pour-chat-sterilise-au-poulet-15kg-3kg","status":"publish","type":"product","link":"https:\/\/petworld.ma\/index.php\/produit\/hills-science-plan-aliment-pour-chat-sterilise-au-poulet-15kg-3kg\/","title":{"rendered":"Hill\u2019s Science Plan Croquettes Pour Chat St\u00e9rilis\u00e9 Au Poulet (1.5kg | 3kg | 10kg)"},"content":{"rendered":"<div class=\"product-section description-section\">\n<div class=\"single-description fr-view\">\n<p>Hill&rsquo;s Science Plan STERILISED CAT ALIMENT POUR CHAT ADULTE au POULET est un aliment complet pour chats st\u00e9rilis\u00e9s \u00e2g\u00e9s de 1 \u00e0 6 ans.<\/p>\n<h2>Description<\/h2>\n<ul type=\"disc\">\n<li>Avec de la L-carnitine ajout\u00e9e cliniquement prouv\u00e9e pour aider les chats \u00e0 rester minces et actifs.<\/li>\n<li>Niveaux contr\u00f4l\u00e9s de min\u00e9raux pour un syst\u00e8me urinaire sain.<\/li>\n<li>Faible teneur en mati\u00e8res grasses et niveaux \u00e9lev\u00e9s de L-lysine pour aider \u00e0 maintenir la vitalit\u00e9.<\/li>\n<\/ul>\n<p><a href=\"https:\/\/wa.me\/212708052510\" target=\"_blank\" rel=\"noopener noreferrer\"><img loading=\"lazy\" decoding=\"async\" class=\"fr-fic fr-dib aligncenter\" src=\"https:\/\/cdn.youcan.shop\/stores\/d0742d556df94ddbc7ae4c9810aff04b\/others\/iMQmv8VgkJmXPBekm8pNILp9qmGQEmVspSHYTfVQ.png\" width=\"284\" height=\"75\" data-name=\"stores\/d0742d556df94ddbc7ae4c9810aff04b\/others\/iMQmv8VgkJmXPBekm8pNILp9qmGQEmVspSHYTfVQ.png\" \/><\/a><\/p>\n<\/div>\n<\/div>\n<div class=\"product-section add-to-cart-section\">\n<div class=\"quantity\"><\/div>\n<\/div>\n","protected":false},"excerpt":{"rendered":"<p>Hill&rsquo;s Science Plan STERILISED CAT ALIMENT POUR CHAT ADULTE au POULET est un aliment complet pour chats st\u00e9rilis\u00e9s \u00e2g\u00e9s de 1 \u00e0 6 ans. Description Avec de la L-carnitine ajout\u00e9e cliniquement prouv\u00e9e pour aider les chats \u00e0 rester minces et actifs. Niveaux contr\u00f4l\u00e9s de min\u00e9raux pour un syst\u00e8me urinaire sain. Faible teneur en mati\u00e8res grasses [&#8230;]\n","protected":false},"featured_media":882,"template":"","meta":{"jetpack_publicize_message":"","jetpack_publicize_feature_enabled":true,"jetpack_social_post_already_shared":false,"jetpack_social_options":{"image_generator_settings":{"template":"highway","default_image_id":0,"font":"","enabled":false},"version":2}},"product_brand":[],"product_cat":[40],"product_tag":[],"class_list":{"0":"post-879","1":"product","2":"type-product","3":"status-publish","4":"has-post-thumbnail","6":"product_cat-coquettes-pour-chat","8":"first","9":"instock","10":"taxable","11":"shipping-taxable","12":"purchasable","13":"product-type-variable"},"supplier_id":null,"supplier_sku":"","barcode":null,"atum_controlled":true,"out_stock_date":null,"out_stock_threshold":null,"inheritable":true,"inbound_stock":0,"stock_on_hold":0,"sold_today":0,"sales_last_days":3,"reserved_stock":0,"customer_returns":0,"warehouse_damage":0,"lost_in_post":0,"other_logs":0,"out_stock_days":0,"lost_sales":0,"has_location":false,"update_date":"2026-05-14T15:53:28","atum_locations":[],"atum_stock_status":"instock","restock_status":false,"low_stock_amount":"","sales_update_date":"2026-05-12T14:49:23","calc_backorders":null,"jetpack_publicize_connections":[],"jetpack_sharing_enabled":true,"batches":[],"_links":{"self":[{"href":"https:\/\/petworld.ma\/index.php\/wp-json\/wp\/v2\/product\/879","targetHints":{"allow":["GET"]}}],"collection":[{"href":"https:\/\/petworld.ma\/index.php\/wp-json\/wp\/v2\/product"}],"about":[{"href":"https:\/\/petworld.ma\/index.php\/wp-json\/wp\/v2\/types\/product"}],"wp:featuredmedia":[{"embeddable":true,"href":"https:\/\/petworld.ma\/index.php\/wp-json\/wp\/v2\/media\/882"}],"wp:attachment":[{"href":"https:\/\/petworld.ma\/index.php\/wp-json\/wp\/v2\/media?parent=879"}],"wp:term":[{"taxonomy":"product_brand","embeddable":true,"href":"https:\/\/petworld.ma\/index.php\/wp-json\/wp\/v2\/product_brand?post=879"},{"taxonomy":"product_cat","embeddable":true,"href":"https:\/\/petworld.ma\/index.php\/wp-json\/wp\/v2\/product_cat?post=879"},{"taxonomy":"product_tag","embeddable":true,"href":"https:\/\/petworld.ma\/index.php\/wp-json\/wp\/v2\/product_tag?post=879"}],"curies":[{"name":"wp","href":"https:\/\/api.w.org\/{rel}","templated":true}]}}