{"id":8819,"date":"2024-05-21T14:34:44","date_gmt":"2024-05-21T14:34:44","guid":{"rendered":"https:\/\/petworld.ma\/?post_type=product&#038;p=8819"},"modified":"2026-05-07T15:42:13","modified_gmt":"2026-05-07T15:42:13","slug":"carnilove-kitten-salmon-and-turkey-pour-chaton-saumon-dinde-2kg","status":"publish","type":"product","link":"https:\/\/petworld.ma\/index.php\/produit\/carnilove-kitten-salmon-and-turkey-pour-chaton-saumon-dinde-2kg\/","title":{"rendered":"Carnilove Croquettes Kitten Salmon and Turkey pour chaton (Saumon and Dinde) 2kg ou 6kg"},"content":{"rendered":"<div class=\"container pt-30\">\n<div class=\"row\">\n<div class=\"col-12\">\n<div class=\"container pt-30\">\n<div class=\"row\">\n<div class=\"col-10\">\n<div class=\"container pt-30\">\n<div class=\"row\">\n<div class=\"col-10\">\n<div id=\"DESCR_TINY-bloc-3\" class=\"stylusBloc stylusBloc--autogen stylusBloc--text\">\n<div class=\"stylusBloc__content\">\n<div class=\"zms-title-div\">\n<div class=\"zms-title\" data-size=\"t1\">Sources d&rsquo;acides amin\u00e9s essentiels<\/div>\n<\/div>\n<div class=\"zms-title-div\">\n<div class=\"zms-title\" data-size=\"t2\">Favorise le bon d\u00e9veloppement et la bonne sant\u00e9<\/div>\n<\/div>\n<p>Les Croquettes\u00a0<b>Carnilove Kitten saumon et dinde pour chaton\u00a0<\/b>sont destin\u00e9es \u00e0 r\u00e9pondre aux besoins nutritionnels sp\u00e9cifiques des chatons, pour leurs offrir le plein de vitalit\u00e9. Il est important que les prot\u00e9ines soient d&rsquo;origine animale de haute qualit\u00e9.<br \/>\nPour favoriser la croissance des chatons et leur assurer un d\u00e9veloppement optimal, il est n\u00e9cessaire de leur donner une alimentation parfaitement adapt\u00e9e et \u00e9quilibr\u00e9e qui respecte au plus pr\u00e8s le r\u00e9gime naturel du chat.<br \/>\nCompos\u00e9e de saumon et de dinde \u00e0 49%, cette alimentation pour chaton est \u00e9galement riche en nutriments essentiels fournis par des sources vari\u00e9es telles que\u00a0baies foresti\u00e8res, l\u00e9gumes et herbes.<\/p>\n<\/div>\n<\/div>\n<div id=\"DESCR_TINY-bloc-4\" class=\"stylusBloc stylusBloc--text stylusBloc--autogen\">\n<div class=\"stylusBloc__content\">\n<div class=\"zms-title-div\">\n<div class=\"zms-title\" data-size=\"t1\">Caract\u00e9ristiques<\/div>\n<\/div>\n<div class=\"zms-title-div\">\n<div class=\"zms-title\" data-size=\"t2\">Croquettes\u00a0Carnilove Kitten saumon et dinde pour chaton<\/div>\n<\/div>\n<p>&#8211; Pour chatons de 1 \u00e0 12mois<br \/>\n&#8211; Alimentation pour chat \u00e0 base de saumon et de dinde<br \/>\n&#8211; Riche en acides amin\u00e9s essentiels<br \/>\n&#8211; Favorise un d\u00e9veloppement optimal<br \/>\n&#8211; Apport important en vitamines, min\u00e9raux et nutriments<br \/>\n&#8211; Contribue au bon d\u00e9veloppement des os et des muscles<br \/>\n&#8211; Conditionnement de 2kg et 6kg<br \/>\n&#8211; Sans c\u00e9r\u00e9ales, ni pommes de terre<\/p>\n<div class=\"zm-title\">\n<h4 class=\"text-primary\"><strong>Ingr\u00e9dients<\/strong><\/h4>\n<\/div>\n<p>Saumon d\u00e9shydrat\u00e9 moulu (25%), dinde d\u00e9shydrat\u00e9e moulue (24%), pois jaunes (18%), graisse de poulet (pr\u00e9serv\u00e9e avec de la Vitamine E), prot\u00e9ines de poulet (9%), foie de poulet (3%), huile de saumon (3%), amidons de tapioca (2%), pommes (1%), carottes (1%), graines de lin (1%), pois chiches (1%), coquilles de crustac\u00e9es (source de glucides 0,028%), extrait de cartillage (source de chondro\u00eftine 0,017%), levure de bi\u00e8re (source de Mannane-oligosaccharide 0,017%), racine de chicor\u00e9e (source de Fructo-oligosaccharide), yucca schidigera (0,01%), algues (0,01%), psyllum (0,01%), thym (0,01%), romarin (0,01%), origan (0,01%), canneberges (0,0008%), myrtilles (0,0008%), framboises (0,0008%).<br \/>\n<strong>Sans c\u00e9r\u00e9ales et pommes de terre.<\/strong><\/p>\n<div class=\"zm-title\">\n<h4 class=\"text-primary\"><strong>Min\u00e9raux et Vitamines<\/strong><\/h4>\n<\/div>\n<p>Sodium (%) 0.5, Taurine (mg\/kg) 2500, Mangan\u00e8se (mg\/kg) 60, Zinc (mg\/kg) 160, Iode (mg\/kg) 4, Selenium (mg\/kg) 0.25, Cuivre (mg\/kg) 12, L-carnitine (mg\/kg) 70, Fer (mg\/kg) 50, Vitamine A (UI\/kg ) 25000, Vitamine D3 (UI\/kg) 1000, Vitamine C (mg\/kg) 350, Vitamine E (mg\/kg) 750, Chlorure de choline (mg\/kg) 2300,<\/p>\n<\/div>\n<\/div>\n<\/div>\n<\/div>\n<\/div>\n<\/div>\n<\/div>\n<\/div>\n<\/div>\n<\/div>\n<\/div>\n","protected":false},"excerpt":{"rendered":"<p>FORMULE SANS CEREALES ET SANS POMMES DE TERRE POUR LES CHATONS.<\/p>\n","protected":false},"featured_media":8821,"template":"","meta":{"jetpack_publicize_message":"","jetpack_publicize_feature_enabled":true,"jetpack_social_post_already_shared":false,"jetpack_social_options":{"image_generator_settings":{"template":"highway","default_image_id":0,"font":"","enabled":false},"version":2}},"product_brand":[],"product_cat":[40],"product_tag":[],"class_list":{"0":"post-8819","1":"product","2":"type-product","3":"status-publish","4":"has-post-thumbnail","6":"product_cat-coquettes-pour-chat","8":"first","9":"instock","10":"taxable","11":"shipping-taxable","12":"purchasable","13":"product-type-variable"},"supplier_id":7839,"supplier_sku":"","barcode":null,"atum_controlled":true,"out_stock_date":"2026-03-12 17:17:32","out_stock_threshold":null,"inheritable":true,"inbound_stock":0,"stock_on_hold":2,"sold_today":0,"sales_last_days":4,"reserved_stock":0,"customer_returns":0,"warehouse_damage":0,"lost_in_post":0,"other_logs":0,"out_stock_days":52,"lost_sales":0,"has_location":false,"update_date":"2026-05-10T00:22:42","atum_locations":[],"atum_stock_status":"instock","restock_status":false,"low_stock_amount":"","sales_update_date":"2026-05-04T00:17:43","calc_backorders":null,"jetpack_publicize_connections":[],"jetpack_sharing_enabled":true,"batches":[{"id":"6984","date_created":"2025-12-28 12:29:40","date_expiry":null,"user_id":"2760","batch_number":"CarniloveKitten161025","location":"","quantity":"0.0000","quantity_available":"0.0000","units":"1","status":"archived","order_ids":null,"supplier":"Carnilove","po":{"id":"6922","date_created":"2025-12-28 12:29:40","batch_id":"6984","po_number":"","supplier":"Carnilove","cost":null,"regular_price":null,"sale_price":null,"price_margin":null,"price_discount":null}},{"id":"6985","date_created":"2025-12-28 12:29:40","date_expiry":null,"user_id":"2760","batch_number":"CarniloveKitten190726","location":"","quantity":"0.0000","quantity_available":"0.0000","units":"1","status":"archived","order_ids":null,"supplier":"Carnilove","po":{"id":"6923","date_created":"2025-12-28 12:29:41","batch_id":"6985","po_number":"","supplier":"Carnilove","cost":null,"regular_price":null,"sale_price":null,"price_margin":null,"price_discount":null}},{"id":"6987","date_created":"2025-12-28 12:29:42","date_expiry":null,"user_id":"2760","batch_number":"CarniloveKitten201226","location":"","quantity":"0.0000","quantity_available":"0.0000","units":"1","status":"archived","order_ids":null,"supplier":"Carnilove","po":{"id":"6925","date_created":"2025-12-28 12:29:42","batch_id":"6987","po_number":"","supplier":"Carnilove","cost":null,"regular_price":null,"sale_price":null,"price_margin":null,"price_discount":null}}],"_links":{"self":[{"href":"https:\/\/petworld.ma\/index.php\/wp-json\/wp\/v2\/product\/8819","targetHints":{"allow":["GET"]}}],"collection":[{"href":"https:\/\/petworld.ma\/index.php\/wp-json\/wp\/v2\/product"}],"about":[{"href":"https:\/\/petworld.ma\/index.php\/wp-json\/wp\/v2\/types\/product"}],"wp:featuredmedia":[{"embeddable":true,"href":"https:\/\/petworld.ma\/index.php\/wp-json\/wp\/v2\/media\/8821"}],"wp:attachment":[{"href":"https:\/\/petworld.ma\/index.php\/wp-json\/wp\/v2\/media?parent=8819"}],"wp:term":[{"taxonomy":"product_brand","embeddable":true,"href":"https:\/\/petworld.ma\/index.php\/wp-json\/wp\/v2\/product_brand?post=8819"},{"taxonomy":"product_cat","embeddable":true,"href":"https:\/\/petworld.ma\/index.php\/wp-json\/wp\/v2\/product_cat?post=8819"},{"taxonomy":"product_tag","embeddable":true,"href":"https:\/\/petworld.ma\/index.php\/wp-json\/wp\/v2\/product_tag?post=8819"}],"curies":[{"name":"wp","href":"https:\/\/api.w.org\/{rel}","templated":true}]}}