{"id":8856,"date":"2024-05-23T15:09:53","date_gmt":"2024-05-23T15:09:53","guid":{"rendered":"https:\/\/petworld.ma\/?post_type=product&#038;p=8856"},"modified":"2026-02-11T13:53:06","modified_gmt":"2026-02-11T13:53:06","slug":"friandises-a-macher-pour-chien-peau-de-boeuf-160g","status":"publish","type":"product","link":"https:\/\/petworld.ma\/index.php\/produit\/friandises-a-macher-pour-chien-peau-de-boeuf-160g\/","title":{"rendered":"Friandises \u00e0 m\u00e2cher pour chien Peau de Boeuf 160g"},"content":{"rendered":"<div class=\"rte\">\n<ul>\n<li>Friandises avec de la peau d&rsquo;animal s\u00e9ch\u00e9e (boeuf)<\/li>\n<li class=\"mt-4\">R\u00e9compensez votre fid\u00e8le compagnon en lui offrant l&rsquo;un de ces d\u00e9licieux en-cas \u00e0 m\u00e2cher<\/li>\n<li class=\"mt-4\">Pour toute race de chien<\/li>\n<li>Tr\u00e8s bien pour l&rsquo;higiene bucal<\/li>\n<\/ul>\n<\/div>\n<div><\/div>\n<div><\/div>\n","protected":false},"excerpt":{"rendered":"<p>Friandises avec de la peau d&rsquo;animal s\u00e9ch\u00e9e (boeuf) R\u00e9compensez votre fid\u00e8le compagnon en lui offrant l&rsquo;un de ces d\u00e9licieux en-cas \u00e0 m\u00e2cher Pour toute race de chien Tr\u00e8s bien pour l&rsquo;higiene bucal<\/p>\n","protected":false},"featured_media":8857,"template":"","meta":{"jetpack_publicize_message":"","jetpack_publicize_feature_enabled":true,"jetpack_social_post_already_shared":false,"jetpack_social_options":{"image_generator_settings":{"template":"highway","default_image_id":0,"font":"","enabled":false},"version":2}},"product_brand":[],"product_cat":[39],"product_tag":[],"class_list":{"0":"post-8856","1":"product","2":"type-product","3":"status-publish","4":"has-post-thumbnail","6":"product_cat-friandises-et-pates-pour-chien","8":"first","9":"outofstock","10":"taxable","11":"shipping-taxable","12":"purchasable","13":"product-type-simple"},"supplier_id":5594,"supplier_sku":"","barcode":null,"atum_controlled":true,"out_stock_date":"2025-02-16 21:15:39","out_stock_threshold":null,"inheritable":false,"inbound_stock":0,"stock_on_hold":0,"sold_today":0,"sales_last_days":0,"reserved_stock":0,"customer_returns":0,"warehouse_damage":0,"lost_in_post":0,"other_logs":0,"out_stock_days":450,"lost_sales":3149,"has_location":false,"update_date":"2026-05-13T00:20:32","atum_locations":[],"atum_stock_status":"outofstock","restock_status":false,"low_stock_amount":2,"sales_update_date":"2026-05-13T00:20:32","calc_backorders":null,"jetpack_publicize_connections":[],"jetpack_sharing_enabled":true,"batches":[],"_links":{"self":[{"href":"https:\/\/petworld.ma\/index.php\/wp-json\/wp\/v2\/product\/8856","targetHints":{"allow":["GET"]}}],"collection":[{"href":"https:\/\/petworld.ma\/index.php\/wp-json\/wp\/v2\/product"}],"about":[{"href":"https:\/\/petworld.ma\/index.php\/wp-json\/wp\/v2\/types\/product"}],"wp:featuredmedia":[{"embeddable":true,"href":"https:\/\/petworld.ma\/index.php\/wp-json\/wp\/v2\/media\/8857"}],"wp:attachment":[{"href":"https:\/\/petworld.ma\/index.php\/wp-json\/wp\/v2\/media?parent=8856"}],"wp:term":[{"taxonomy":"product_brand","embeddable":true,"href":"https:\/\/petworld.ma\/index.php\/wp-json\/wp\/v2\/product_brand?post=8856"},{"taxonomy":"product_cat","embeddable":true,"href":"https:\/\/petworld.ma\/index.php\/wp-json\/wp\/v2\/product_cat?post=8856"},{"taxonomy":"product_tag","embeddable":true,"href":"https:\/\/petworld.ma\/index.php\/wp-json\/wp\/v2\/product_tag?post=8856"}],"curies":[{"name":"wp","href":"https:\/\/api.w.org\/{rel}","templated":true}]}}