{"id":8941,"date":"2024-05-28T11:07:42","date_gmt":"2024-05-28T11:07:42","guid":{"rendered":"https:\/\/petworld.ma\/?post_type=product&#038;p=8941"},"modified":"2026-02-13T15:03:14","modified_gmt":"2026-02-13T15:03:14","slug":"tapis-a-litiere-a-deux-couches-45cmx30cm","status":"publish","type":"product","link":"https:\/\/petworld.ma\/index.php\/produit\/tapis-a-litiere-a-deux-couches-45cmx30cm\/","title":{"rendered":"Tapis \u00e0 liti\u00e8re \u00e0 deux couches Noir et Blanc avec Plusieurs Tailles"},"content":{"rendered":"<p>Le nettoyage constant autour des toilettes pour chats est r\u00e9solu pour de bon. Gr\u00e2ce \u00e0 sa forme ergonomique<strong>, le tapis \u00e0 deux couches <\/strong>absorbe les r\u00e9sidus de liti\u00e8re, les aliments et autres salet\u00e9s coins\u00e9s dans les pattes de votre chat.<\/p>\n<p>Une double couche sp\u00e9ciale\u00a0<strong>permet un nettoyage facile.<\/strong> La partie sup\u00e9rieure est douce au toucher, tandis que la partie inf\u00e9rieure, en revanche<strong>,<\/strong> est tr\u00e8s solide. Dans la partie sup\u00e9rieure, il y a des trous par lesquels la salet\u00e9 <strong>tombe sur la couche int\u00e9rieure.<\/strong>\u00a0Vous pouvez poser le tapis \u00e0 deux couches directement sur le sol devant les toilettes et le lit.<\/p>\n","protected":false},"excerpt":{"rendered":"<p>Dimension : 40cmx55cm et 30cmx30cm<\/p>\n<p>Couleur: Noir<\/p>\n","protected":false},"featured_media":9771,"template":"","meta":{"jetpack_publicize_message":"","jetpack_publicize_feature_enabled":true,"jetpack_social_post_already_shared":false,"jetpack_social_options":{"image_generator_settings":{"template":"highway","default_image_id":0,"font":"","enabled":false},"version":2}},"product_brand":[],"product_cat":[94],"product_tag":[],"class_list":{"0":"post-8941","1":"product","2":"type-product","3":"status-publish","4":"has-post-thumbnail","6":"product_cat-litieres-et-bacs","8":"first","9":"outofstock","10":"taxable","11":"shipping-taxable","12":"purchasable","13":"product-type-variable"},"supplier_id":5592,"supplier_sku":"","barcode":null,"atum_controlled":true,"out_stock_date":null,"out_stock_threshold":null,"inheritable":true,"inbound_stock":0,"stock_on_hold":0,"sold_today":0,"sales_last_days":0,"reserved_stock":0,"customer_returns":0,"warehouse_damage":0,"lost_in_post":0,"other_logs":0,"out_stock_days":0,"lost_sales":0,"has_location":false,"update_date":"2026-05-13T00:22:36","atum_locations":[],"atum_stock_status":"outofstock","restock_status":false,"low_stock_amount":"","sales_update_date":"2026-05-13T00:22:36","calc_backorders":null,"jetpack_publicize_connections":[],"jetpack_sharing_enabled":true,"batches":[],"_links":{"self":[{"href":"https:\/\/petworld.ma\/index.php\/wp-json\/wp\/v2\/product\/8941","targetHints":{"allow":["GET"]}}],"collection":[{"href":"https:\/\/petworld.ma\/index.php\/wp-json\/wp\/v2\/product"}],"about":[{"href":"https:\/\/petworld.ma\/index.php\/wp-json\/wp\/v2\/types\/product"}],"wp:featuredmedia":[{"embeddable":true,"href":"https:\/\/petworld.ma\/index.php\/wp-json\/wp\/v2\/media\/9771"}],"wp:attachment":[{"href":"https:\/\/petworld.ma\/index.php\/wp-json\/wp\/v2\/media?parent=8941"}],"wp:term":[{"taxonomy":"product_brand","embeddable":true,"href":"https:\/\/petworld.ma\/index.php\/wp-json\/wp\/v2\/product_brand?post=8941"},{"taxonomy":"product_cat","embeddable":true,"href":"https:\/\/petworld.ma\/index.php\/wp-json\/wp\/v2\/product_cat?post=8941"},{"taxonomy":"product_tag","embeddable":true,"href":"https:\/\/petworld.ma\/index.php\/wp-json\/wp\/v2\/product_tag?post=8941"}],"curies":[{"name":"wp","href":"https:\/\/api.w.org\/{rel}","templated":true}]}}