{"id":955,"date":"2022-12-17T21:44:25","date_gmt":"2022-12-17T21:44:25","guid":{"rendered":"https:\/\/petworld.ma\/?post_type=product&#038;p=955"},"modified":"2026-05-04T12:57:32","modified_gmt":"2026-05-04T12:57:32","slug":"barquette-100g-de-pate-au-saumon","status":"publish","type":"product","link":"https:\/\/petworld.ma\/index.php\/produit\/barquette-100g-de-pate-au-saumon\/","title":{"rendered":"Plaisir Barquette 100g de p\u00e2t\u00e9 au SAUMON (convient pour chat st\u00e9rilis\u00e9)"},"content":{"rendered":"<div class=\"product-section description-section\">\n<div class=\"single-description fr-view\">\n<p>Avis aux chats gourmands de poisson ! Les p\u00e2t\u00e9s Les Repas Plaisir au Saumon sont faites pour eux. Nos p\u00e2t\u00e9s sont \u00e9labor\u00e9s \u00e0 base d&rsquo;ingr\u00e9dients frais et sont cuites dans de grands r\u00e9cipients \u00e0 la vapeur, mode de cuisson qui pr\u00e9serve le mieux la qualit\u00e9 des ingr\u00e9dients.<\/p>\n<p><u><strong>Compositions :<\/strong><\/u><\/p>\n<p>Viandes et sous-produits animaux 50%, Poissons et sous-produits de poissons (dont saumon 4%), Substances min\u00e9rales, Sucres.<\/p>\n<p><strong><u>Mode d\u2019emploi :<\/u><\/strong><\/p>\n<p>Servir \u00e0 temp\u00e9rature ambiante. Pour un chat adulte en activit\u00e9 normale, donner en plusieurs repas par jour les quantit\u00e9s indiqu\u00e9es. Il est recommand\u00e9 d&rsquo;adapter la quantit\u00e9 selon l&rsquo;activit\u00e9, et l\u2019\u00e2ge de votre chat. Apr\u00e8s ouverture, conserver au r\u00e9frig\u00e9rateur (+4\u00b0C).<\/p>\n<table border=\"1\" width=\"544\" cellspacing=\"0\" cellpadding=\"0\">\n<tbody>\n<tr>\n<td valign=\"top\" width=\"25%\"><u>poids du chat<\/u><\/td>\n<td valign=\"top\" width=\"25%\">3kg<\/td>\n<td valign=\"top\" width=\"25%\">4kg<\/td>\n<td valign=\"top\" width=\"25%\">5kg<\/td>\n<\/tr>\n<tr>\n<td valign=\"top\" width=\"25%\">chat adulte (12 mois +)<\/td>\n<td valign=\"top\" width=\"25%\">260g<\/td>\n<td valign=\"top\" width=\"25%\">320g<\/td>\n<td valign=\"top\" width=\"25%\">370g<\/td>\n<\/tr>\n<tr>\n<td valign=\"top\" width=\"25%\">chat st\u00e9rilis\u00e9<\/td>\n<td valign=\"top\" width=\"25%\">200g<\/td>\n<td valign=\"top\" width=\"25%\">240g<\/td>\n<td valign=\"top\" width=\"25%\">280g<\/td>\n<\/tr>\n<\/tbody>\n<\/table>\n<\/div>\n<\/div>\n<div class=\"product-section add-to-cart-section\">\n<div class=\"quantity\">\n<p><a href=\"https:\/\/wa.me\/212708052510\" target=\"_blank\" rel=\"noopener noreferrer\"><img decoding=\"async\" class=\"fr-fic fr-dib aligncenter\" src=\"https:\/\/cdn.youcan.shop\/stores\/d0742d556df94ddbc7ae4c9810aff04b\/others\/P0007J0SoWqjZeG2Sg9d301ALLEgyf3naMrDHM4I.png\" width=\"262\" height=\"69\" data-name=\"stores\/d0742d556df94ddbc7ae4c9810aff04b\/others\/P0007J0SoWqjZeG2Sg9d301ALLEgyf3naMrDHM4I.png\" \/><\/a><\/p>\n<\/div>\n<\/div>\n","protected":false},"excerpt":{"rendered":"<p>Avis aux chats gourmands de poisson ! Les p\u00e2t\u00e9s Les Repas Plaisir au Saumon sont faites pour eux. Nos p\u00e2t\u00e9s sont \u00e9labor\u00e9s \u00e0 base d&rsquo;ingr\u00e9dients frais et sont cuites dans de grands r\u00e9cipients \u00e0 la vapeur, mode de cuisson qui pr\u00e9serve le mieux la qualit\u00e9 des ingr\u00e9dients. Compositions : Viandes et sous-produits animaux 50%, Poissons [&#8230;]\n","protected":false},"featured_media":956,"template":"","meta":{"jetpack_publicize_message":"","jetpack_publicize_feature_enabled":true,"jetpack_social_post_already_shared":false,"jetpack_social_options":{"image_generator_settings":{"template":"highway","default_image_id":0,"font":"","enabled":false},"version":2}},"product_brand":[],"product_cat":[41],"product_tag":[],"class_list":{"0":"post-955","1":"product","2":"type-product","3":"status-publish","4":"has-post-thumbnail","6":"product_cat-friandises-et-pate-pour-chat","8":"first","9":"instock","10":"taxable","11":"shipping-taxable","12":"purchasable","13":"product-type-simple"},"supplier_id":5587,"supplier_sku":"6776","barcode":null,"atum_controlled":true,"out_stock_date":null,"out_stock_threshold":null,"inheritable":false,"inbound_stock":0,"stock_on_hold":5,"sold_today":0,"sales_last_days":28,"reserved_stock":0,"customer_returns":0,"warehouse_damage":0,"lost_in_post":0,"other_logs":0,"out_stock_days":0,"lost_sales":0,"has_location":false,"update_date":"2026-05-04T18:19:55","atum_locations":[],"atum_stock_status":"instock","restock_status":false,"low_stock_amount":320,"sales_update_date":"2026-05-04T18:19:55","calc_backorders":null,"jetpack_publicize_connections":[],"jetpack_sharing_enabled":true,"batches":[{"id":"508","date_created":"2024-10-03 19:03:41","date_expiry":"2026-06-03 00:00:00","user_id":"2760","batch_number":"RCPLAISIRSalon100G030626","location":"","quantity":"320.0000","quantity_available":"0.0000","units":"1","status":"archived","order_ids":"[12256,12326,12568,12569,12581,11977,12703,12718,12823,13109,13225,13277,13286,13292,13708,13720,13730,13768,13771,13780,13784,13797]","supplier":"Royal Canin","po":{"id":"491","date_created":"2024-10-03 19:03:42","batch_id":"508","po_number":"","supplier":"Royal Canin","cost":null,"regular_price":null,"sale_price":null,"price_margin":null,"price_discount":null}},{"id":"768","date_created":"2024-11-08 20:30:25","date_expiry":"2026-07-11 00:00:00","user_id":"2760","batch_number":"RCPLAISIRSalon100G110726","location":"","quantity":"318.0000","quantity_available":"0.0000","units":"1","status":"archived","order_ids":"[14211,14267,14277,14296,14297,14298,14357,14359,14612,14638,14691,14705,14713,14768,14799,14802,14817,14850,14859,14882,14928,14941,14946,15020,15063,15168,15295,15434,15476,15572,15595,15663,15679,15729,15762,15787,15819,15862,15874,15880,15882,15918,15944,16489]","supplier":"Royal Canin","po":{"id":"745","date_created":"2024-11-08 20:30:25","batch_id":"768","po_number":"","supplier":"Royal Canin","cost":null,"regular_price":null,"sale_price":null,"price_margin":null,"price_discount":null}},{"id":"1083","date_created":"2024-12-08 11:02:32","date_expiry":"2026-09-01 00:00:00","user_id":"2760","batch_number":"RCPLAISIRSalon100G010926","location":"","quantity":"64.0000","quantity_available":"0.0000","units":"1","status":"archived","order_ids":"[15980,15995,16022,16024,16026,16059,16124,16141,16298,16329,16396,16397]","supplier":"Royal Canin","po":{"id":"1060","date_created":"2024-12-08 11:02:32","batch_id":"1083","po_number":"","supplier":"Royal Canin","cost":null,"regular_price":null,"sale_price":null,"price_margin":null,"price_discount":null}},{"id":"1219","date_created":"2024-12-16 11:10:44","date_expiry":"2026-10-14 00:00:00","user_id":"2760","batch_number":"RCPLAISIRSalon100G141026","location":"","quantity":"64.0000","quantity_available":"0.0000","units":"1","status":"archived","order_ids":"[16397,16489,16495,16530,16594,16604,16622,16668]","supplier":"Royal Canin","po":{"id":"1192","date_created":"2024-12-16 11:10:45","batch_id":"1219","po_number":"","supplier":"Royal Canin","cost":null,"regular_price":null,"sale_price":null,"price_margin":null,"price_discount":null}},{"id":"1246","date_created":"2024-12-17 22:51:59","date_expiry":"2026-10-14 00:00:00","user_id":"2760","batch_number":"RCPLAISIRSalon100G141026","location":"","quantity":"96.0000","quantity_available":"0.0000","units":"1","status":"archived","order_ids":"[16668,16681,16688,16701,16722,16724,16733,16761,16776,16806,16810,16826,16834,16836,16901,16926,16982,17026,17035,17043,17054,17096,17103,17159,17166,17231,17233,17305,17346,17364]","supplier":"Royal Canin","po":{"id":"1219","date_created":"2024-12-17 22:52:01","batch_id":"1246","po_number":"","supplier":"Royal Canin","cost":null,"regular_price":null,"sale_price":null,"price_margin":null,"price_discount":null}},{"id":"1591","date_created":"2025-01-10 21:08:53","date_expiry":"2026-11-13 00:00:00","user_id":"2760","batch_number":"RCPLAISIRSalon100G131126","location":"","quantity":"160.0000","quantity_available":"0.0000","units":"1","status":"archived","order_ids":"[17364,17423,17441,17442,17449,17451,17518,17537,17562,17575,17580,17626,17631,17632,17674,17800,17809,17820,17872,17883,17906,17916,17938,17956,17957,18010,18030,18089,18126,18156,18202,18203,18345,18399,18402,18419,18440,18449]","supplier":"Royal Canin","po":{"id":"1565","date_created":"2025-01-10 21:08:56","batch_id":"1591","po_number":"","supplier":"Royal Canin","cost":null,"regular_price":null,"sale_price":null,"price_margin":null,"price_discount":null}},{"id":"1787","date_created":"2025-01-27 22:52:03","date_expiry":"2026-12-15 00:00:00","user_id":"2760","batch_number":"RCPLAISIRSalon100G151226","location":"","quantity":"64.0000","quantity_available":"0.0000","units":"1","status":"archived","order_ids":"[17957,18454,18455,18466]","supplier":"Royal Canin","po":{"id":"1761","date_created":"2025-01-27 22:52:06","batch_id":"1787","po_number":"","supplier":"Royal Canin","cost":null,"regular_price":null,"sale_price":null,"price_margin":null,"price_discount":null}},{"id":"2385","date_created":"2025-03-17 21:22:53","date_expiry":"2026-12-15 00:00:00","user_id":"2760","batch_number":"RCPLAISIRSalon100G151226","location":"","quantity":"256.0000","quantity_available":"0.0000","units":"1","status":"archived","order_ids":"[19191,19201,19213,19221,19246,19309,19428,19440,19471,19478,19523,19530,19616,19646,19699,19717,19731,20174,20214,20221,20259,20276,20396,20403,20514,20530,20539,20638,20642,20655,20732,20858,20889,20895,20907,20910,20911,21094,21138,21141,21215,21224,21226,21251,21269,21285,21358,21377,21428,21457,21459,21509,21575,21612,21648,21771,21773,21807,21845,21930,21933,21942,21980,22011]","supplier":"Royal Canin","po":{"id":"2354","date_created":"2025-03-17 21:22:56","batch_id":"2385","po_number":"","supplier":"Royal Canin","cost":null,"regular_price":null,"sale_price":null,"price_margin":null,"price_discount":null}},{"id":"2802","date_created":"2025-04-06 02:20:15","date_expiry":"2026-12-18 00:00:00","user_id":"2760","batch_number":"RCPLAISIRSalon100G181226","location":"","quantity":"320.0000","quantity_available":"0.0000","units":"1","status":"archived","order_ids":"[22011,22031,22041,22078,22092,22098,22114,22125,22165,22172,22264,22399,22509,22578,22603,22608,22721,22805,22961,22963,22989,23000,23023,23045,23146,23157,23188,23278,23308,23336,23369,23379,23381,23445,23468,23470,23476,23493,23512,23516,23553,23579,23613,23616,23666,23668,23737,23745,23759,23762,23797,23866,23906,23921,23945,23956,24016,24078,24171,24214,24283,24297,24319,24322,24346,24356,24365,24410,24413,24436,24463,24481,24710,24721,24769,24775]","supplier":"Royal Canin","po":{"id":"2769","date_created":"2025-04-06 02:20:16","batch_id":"2802","po_number":"","supplier":"Royal Canin","cost":null,"regular_price":null,"sale_price":null,"price_margin":null,"price_discount":null}},{"id":"3782","date_created":"2025-06-04 20:00:03","date_expiry":"2027-03-05 00:00:00","user_id":"2760","batch_number":"RCPLAISIRSalon100G050327","location":"","quantity":"96.0000","quantity_available":"0.0000","units":"1","status":"archived","order_ids":"[24775,24792,24805,24848,24855,24865,24892,24929,24949,24950,24964,25006,25038,25051]","supplier":"Royal Canin","po":{"id":"3747","date_created":"2025-06-04 20:00:03","batch_id":"3782","po_number":"","supplier":"Royal Canin","cost":null,"regular_price":null,"sale_price":null,"price_margin":null,"price_discount":null}},{"id":"4302","date_created":"2025-07-09 15:11:40","date_expiry":"2027-03-10 00:00:00","user_id":"2760","batch_number":"RCPLAISIRSalon100G100327","location":"","quantity":"320.0000","quantity_available":"0.0000","units":"1","status":"archived","order_ids":"[25051,25064,25108,25158,25191,25231,25237,25271,25276,25380,25398,25443,25477,25496,25500,25506,25522,25537,25614,25623,25658,25670,25678,25704,25717,25743,25777,25779,25816,25834,25848,25867,25889,25980,25981,26025,26085,26322,26375,26406,26434,26471,26472,26480,26498,26504,26577,26611]","supplier":"GROWMANIA","po":{"id":"4265","date_created":"2025-07-09 15:11:40","batch_id":"4302","po_number":"","supplier":"GROWMANIA","cost":null,"regular_price":null,"sale_price":null,"price_margin":null,"price_discount":null}},{"id":"5018","date_created":"2025-08-28 18:15:27","date_expiry":"2027-03-10 00:00:00","user_id":"2760","batch_number":"RCPLAISIRSalon100G100327","location":"","quantity":"90.0000","quantity_available":"0.0000","units":"1","status":"archived","order_ids":"[26611,26682,26684,26706,26965,27007]","supplier":"Rabat","po":{"id":"4982","date_created":"2025-08-28 18:15:28","batch_id":"5018","po_number":"","supplier":"Rabat","cost":null,"regular_price":null,"sale_price":null,"price_margin":null,"price_discount":null}},{"id":"5275","date_created":"2025-09-12 18:32:10","date_expiry":"2027-02-10 00:00:00","user_id":"2760","batch_number":"RCPLAISIRSalon100G100327","location":"","quantity":"172.0000","quantity_available":"0.0000","units":"1","status":"archived","order_ids":"[27101,27108,27109,27180,27192,27021,27460,27434,27502,27519,27579,27719,27767,27808,27861,27902,27911,27946,27991,28047,28048,28076,28172,28175]","supplier":"Rabat","po":{"id":"5232","date_created":"2025-09-12 18:32:12","batch_id":"5275","po_number":"","supplier":"Rabat","cost":null,"regular_price":null,"sale_price":null,"price_margin":null,"price_discount":null}},{"id":"5336","date_created":"2025-09-16 10:44:06","date_expiry":"2027-05-13 00:00:00","user_id":"2760","batch_number":"RCPLAISIRSalon100G130527","location":"","quantity":"1920.0000","quantity_available":"1005.0000","units":"1","status":"active","order_ids":"[28175,28182,28226,28238,28401,28453,28461,28579,28678,28742,28873,28926,28957,29081,29186,29187,29201,29219,29275,29359,29365,29388,29486,29501,29544,29558,29565,29578,29585,29602,29664,29777,29822,29825,29827,30010,30015,30052,30089,30117,30361,30572,30607,30652,30706,30802,30875,30969,30977,30983,30984,30990,31023,31043,31051,31126,31161,31189,31242,31270,31316,31423,31447,31452,31455,31476,31606,31607,31703,31829,31843,31918,32004,32060,32069,32179,32183,32195,32257,32266,32324,32373,32421,32424,32446,32547,32633,32714,32728,32899,33027,33168,33176,33257,33289,33363,33367,33387,33444,33635,33655,33660,33664,33733,33747,33822,33868,33974,34074,34129,34203,34446,34652,34693,34730,34743,34769,34863,34975,35101,35298,35418,35453,35496,35569,35616,35635,35736,35756,35816,35881,35998,36023,36168,36194,36233,36347,36455,36544,36550,36687,36730,36807,36836,36840,36901,36971,37083,37089,37157,37315,37320,37367,37433,37458,37621,37628,37728,37812,37973,38003,38197,38199,38331,38362,38407,38450,38545,38553,38594,38783,38943,38944,38987,38998,39338,39649,39755,39820,40051,40090,40128,40334,40344,40547,40672,40677,40783,40790,40792,40907,41005,41344]","supplier":"Royal Canin","po":{"id":"5293","date_created":"2025-09-16 10:44:08","batch_id":"5336","po_number":"","supplier":"Royal Canin","cost":null,"regular_price":null,"sale_price":null,"price_margin":null,"price_discount":null}}],"_links":{"self":[{"href":"https:\/\/petworld.ma\/index.php\/wp-json\/wp\/v2\/product\/955","targetHints":{"allow":["GET"]}}],"collection":[{"href":"https:\/\/petworld.ma\/index.php\/wp-json\/wp\/v2\/product"}],"about":[{"href":"https:\/\/petworld.ma\/index.php\/wp-json\/wp\/v2\/types\/product"}],"wp:featuredmedia":[{"embeddable":true,"href":"https:\/\/petworld.ma\/index.php\/wp-json\/wp\/v2\/media\/956"}],"wp:attachment":[{"href":"https:\/\/petworld.ma\/index.php\/wp-json\/wp\/v2\/media?parent=955"}],"wp:term":[{"taxonomy":"product_brand","embeddable":true,"href":"https:\/\/petworld.ma\/index.php\/wp-json\/wp\/v2\/product_brand?post=955"},{"taxonomy":"product_cat","embeddable":true,"href":"https:\/\/petworld.ma\/index.php\/wp-json\/wp\/v2\/product_cat?post=955"},{"taxonomy":"product_tag","embeddable":true,"href":"https:\/\/petworld.ma\/index.php\/wp-json\/wp\/v2\/product_tag?post=955"}],"curies":[{"name":"wp","href":"https:\/\/api.w.org\/{rel}","templated":true}]}}