{"id":9609,"date":"2024-06-27T14:21:24","date_gmt":"2024-06-27T14:21:24","guid":{"rendered":"https:\/\/petworld.ma\/?post_type=product&#038;p=9609"},"modified":"2026-04-22T10:28:42","modified_gmt":"2026-04-22T10:28:42","slug":"griffoire-modulable-pour-chat","status":"publish","type":"product","link":"https:\/\/petworld.ma\/index.php\/produit\/griffoire-modulable-pour-chat\/","title":{"rendered":"Griffoir modulable pour chat"},"content":{"rendered":"<div class=\"product-short-description\">\n<p>Ce griffoir \u00e0 chat est fait de papier ondul\u00e9 de premi\u00e8re qualit\u00e9, coutures serr\u00e9es, solide et durable.<\/p>\n<\/div>\n<div class=\"quantity buttons_added form-minimal\"><\/div>\n","protected":false},"excerpt":{"rendered":"<p>Ce griffoir \u00e0 chat est fait de papier ondul\u00e9 de premi\u00e8re qualit\u00e9, coutures serr\u00e9es, solide et durable.<\/p>\n","protected":false},"featured_media":9607,"template":"","meta":{"jetpack_publicize_message":"","jetpack_publicize_feature_enabled":true,"jetpack_social_post_already_shared":false,"jetpack_social_options":{"image_generator_settings":{"template":"highway","default_image_id":0,"font":"","enabled":false},"version":2}},"product_brand":[],"product_cat":[95,100],"product_tag":[],"class_list":{"0":"post-9609","1":"product","2":"type-product","3":"status-publish","4":"has-post-thumbnail","6":"product_cat-arbres-a-chat","7":"product_cat-accessoires-jouets-et-colliers","9":"first","10":"instock","11":"sale","12":"taxable","13":"shipping-taxable","14":"purchasable","15":"product-type-simple"},"supplier_id":5592,"supplier_sku":"","barcode":null,"atum_controlled":true,"out_stock_date":null,"out_stock_threshold":null,"inheritable":false,"inbound_stock":0,"stock_on_hold":0,"sold_today":0,"sales_last_days":1,"reserved_stock":0,"customer_returns":0,"warehouse_damage":0,"lost_in_post":0,"other_logs":0,"out_stock_days":0,"lost_sales":0,"has_location":false,"update_date":"2026-04-24T10:53:43","atum_locations":[],"atum_stock_status":"instock","restock_status":false,"low_stock_amount":1,"sales_update_date":"2026-04-24T10:53:42","calc_backorders":0,"jetpack_publicize_connections":[],"jetpack_sharing_enabled":true,"batches":[],"_links":{"self":[{"href":"https:\/\/petworld.ma\/index.php\/wp-json\/wp\/v2\/product\/9609","targetHints":{"allow":["GET"]}}],"collection":[{"href":"https:\/\/petworld.ma\/index.php\/wp-json\/wp\/v2\/product"}],"about":[{"href":"https:\/\/petworld.ma\/index.php\/wp-json\/wp\/v2\/types\/product"}],"wp:featuredmedia":[{"embeddable":true,"href":"https:\/\/petworld.ma\/index.php\/wp-json\/wp\/v2\/media\/9607"}],"wp:attachment":[{"href":"https:\/\/petworld.ma\/index.php\/wp-json\/wp\/v2\/media?parent=9609"}],"wp:term":[{"taxonomy":"product_brand","embeddable":true,"href":"https:\/\/petworld.ma\/index.php\/wp-json\/wp\/v2\/product_brand?post=9609"},{"taxonomy":"product_cat","embeddable":true,"href":"https:\/\/petworld.ma\/index.php\/wp-json\/wp\/v2\/product_cat?post=9609"},{"taxonomy":"product_tag","embeddable":true,"href":"https:\/\/petworld.ma\/index.php\/wp-json\/wp\/v2\/product_tag?post=9609"}],"curies":[{"name":"wp","href":"https:\/\/api.w.org\/{rel}","templated":true}]}}