{"id":964,"date":"2022-12-17T21:52:40","date_gmt":"2022-12-17T21:52:40","guid":{"rendered":"https:\/\/petworld.ma\/?post_type=product&#038;p=964"},"modified":"2026-04-28T08:40:29","modified_gmt":"2026-04-28T08:40:29","slug":"sachets-fraicheur-100g-deminces-au-boeuf-et-dinde-en-sauce","status":"publish","type":"product","link":"https:\/\/petworld.ma\/index.php\/produit\/sachets-fraicheur-100g-deminces-au-boeuf-et-dinde-en-sauce\/","title":{"rendered":"Plaisir Sachets fra\u00eecheur 100g d&rsquo;\u00e9minc\u00e9s au BOEUF et DINDE en sauce (convient pour chat st\u00e9rilis\u00e9)"},"content":{"rendered":"<div class=\"product-section description-section\">\n<div class=\"single-description fr-view\">\n<div class=\"product-section description-section\">\n<div class=\"single-description fr-view\">\n<p>Faites ronronner votre chat de plaisir avec notre d\u00e9licieuse recette d&rsquo;\u00e9minc\u00e9s en sauce au B\u0153uf et \u00e0 la Dinde ! Une nourriture compl\u00e8te pour tous les jours, fabriqu\u00e9e \u00e0 base d&rsquo;ingr\u00e9dients frais, sans colorants et dans nos ateliers en Normandie, qui convient \u00e0 tous les chats st\u00e9rilis\u00e9s.<\/p>\n<p><strong><u>Compositions :<\/u><\/strong><\/p>\n<p>Viandes et sous-produits animaux (dont b\u0153uf 4%, dinde 4%), Sous-produits d&rsquo;origine v\u00e9g\u00e9tale, Extraits de prot\u00e9ines v\u00e9g\u00e9tales, Substances min\u00e9rales, Sucres.<\/p>\n<p><strong><u>Mode d\u2019emploi<\/u><\/strong><\/p>\n<p>Servir \u00e0 temp\u00e9rature ambiante. Pour un chat adulte en activit\u00e9 normale, donner en plusieurs repas par jour les quantit\u00e9s indiqu\u00e9es. Il est recommand\u00e9 d&rsquo;adapter la quantit\u00e9 de nourriture au niveau d&rsquo;activit\u00e9, \u00e0 la race et \u00e0 l&rsquo;\u00e2ge de votre chat.\u00a0Conserver au r\u00e9frig\u00e9rateur (+4\u00b0C) apr\u00e8s ouverture.<\/p>\n<p>&nbsp;<\/p>\n<table border=\"1\" width=\"544\" cellspacing=\"0\" cellpadding=\"0\">\n<tbody>\n<tr>\n<td valign=\"top\" width=\"25%\"><u>poids du chat<\/u><\/td>\n<td valign=\"top\" width=\"25%\">3kg<\/td>\n<td valign=\"top\" width=\"25%\">4kg<\/td>\n<td valign=\"top\" width=\"25%\">5kg<\/td>\n<\/tr>\n<tr>\n<td valign=\"top\" width=\"25%\">chat adulte (12 mois +)<\/td>\n<td valign=\"top\" width=\"25%\">260g<\/td>\n<td valign=\"top\" width=\"25%\">320g<\/td>\n<td valign=\"top\" width=\"25%\">360g<\/td>\n<\/tr>\n<tr>\n<td valign=\"top\" width=\"25%\">chat st\u00e9rilis\u00e9<\/td>\n<td valign=\"top\" width=\"25%\">200g<\/td>\n<td valign=\"top\" width=\"25%\">240g<\/td>\n<td valign=\"top\" width=\"25%\">280g<\/td>\n<\/tr>\n<\/tbody>\n<\/table>\n<p>&nbsp;<\/p>\n<\/div>\n<\/div>\n<p><a href=\"https:\/\/wa.me\/212708052510\" target=\"_blank\" rel=\"noopener noreferrer\"><img decoding=\"async\" class=\"fr-fic fr-dib aligncenter\" src=\"https:\/\/cdn.youcan.shop\/stores\/d0742d556df94ddbc7ae4c9810aff04b\/others\/P0007J0SoWqjZeG2Sg9d301ALLEgyf3naMrDHM4I.png\" width=\"262\" height=\"69\" data-name=\"stores\/d0742d556df94ddbc7ae4c9810aff04b\/others\/P0007J0SoWqjZeG2Sg9d301ALLEgyf3naMrDHM4I.png\" \/><\/a><\/p>\n<\/div>\n<\/div>\n<div class=\"product-section add-to-cart-section\">\n<div class=\"quantity\"><\/div>\n<\/div>\n","protected":false},"excerpt":{"rendered":"<p>Faites ronronner votre chat de plaisir avec notre d\u00e9licieuse recette d&rsquo;\u00e9minc\u00e9s en sauce au B\u0153uf et \u00e0 la Dinde ! Une nourriture compl\u00e8te pour tous les jours, fabriqu\u00e9e \u00e0 base d&rsquo;ingr\u00e9dients frais, sans colorants et dans nos ateliers en Normandie, qui convient \u00e0 tous les chats st\u00e9rilis\u00e9s. Compositions : Viandes et sous-produits animaux (dont b\u0153uf [&#8230;]\n","protected":false},"featured_media":27559,"template":"","meta":{"jetpack_publicize_message":"","jetpack_publicize_feature_enabled":true,"jetpack_social_post_already_shared":false,"jetpack_social_options":{"image_generator_settings":{"template":"highway","default_image_id":0,"font":"","enabled":false},"version":2}},"product_brand":[],"product_cat":[41],"product_tag":[],"class_list":{"0":"post-964","1":"product","2":"type-product","3":"status-publish","4":"has-post-thumbnail","6":"product_cat-friandises-et-pate-pour-chat","8":"first","9":"instock","10":"sale","11":"taxable","12":"shipping-taxable","13":"purchasable","14":"product-type-simple"},"supplier_id":5587,"supplier_sku":"6765","barcode":null,"atum_controlled":true,"out_stock_date":null,"out_stock_threshold":null,"inheritable":false,"inbound_stock":0,"stock_on_hold":1,"sold_today":0,"sales_last_days":28,"reserved_stock":0,"customer_returns":0,"warehouse_damage":0,"lost_in_post":0,"other_logs":0,"out_stock_days":0,"lost_sales":0,"has_location":false,"update_date":"2026-04-28T14:24:37","atum_locations":[],"atum_stock_status":"instock","restock_status":false,"low_stock_amount":220,"sales_update_date":"2026-04-28T14:24:37","calc_backorders":null,"jetpack_publicize_connections":[],"jetpack_sharing_enabled":true,"batches":[{"id":"391","date_created":"2024-09-29 21:20:31","date_expiry":"2026-04-27 00:00:00","user_id":"2760","batch_number":"PlaisirSachetBoeuf270426","location":"","quantity":"97.0000","quantity_available":"0.0000","units":"1","status":"archived","order_ids":"[12148,12178,12251,12668,12722,12920,13028,13071,13109,13213,13490,13745,13768,13811,13856,13879,13880,13923,14024,14168,14188,14268,14335,14354]","supplier":"Royal Canin","po":{"id":"381","date_created":"2024-09-29 21:20:32","batch_id":"391","po_number":"","supplier":"Royal Canin","cost":null,"regular_price":null,"sale_price":null,"price_margin":null,"price_discount":null}},{"id":"667","date_created":"2024-10-21 14:08:28","date_expiry":"2026-05-01 00:00:00","user_id":"2760","batch_number":"PlaisirSachetBoeuf010526","location":"","quantity":"66.0000","quantity_available":"0.0000","units":"1","status":"archived","order_ids":"[14335,14354,14407,14487,14629,14644,14762,14894,14950,14956,15025,15055,15679,15684,15737,15743,15830,15852,15894,15972,16041,16055,16163,16165,16231,16397,16403,16471,16550,16712,16815,16821,16944,16948,17028,17037,17125,17236,17432,17451,17530,17316,17637,17828,17925,17940]","supplier":"Royal Canin","po":{"id":"648","date_created":"2024-10-21 14:08:28","batch_id":"667","po_number":"","supplier":"Royal Canin","cost":null,"regular_price":null,"sale_price":null,"price_margin":null,"price_discount":null}},{"id":"1014","date_created":"2024-12-04 21:19:23","date_expiry":"2026-05-01 00:00:00","user_id":"2760","batch_number":"PlaisirSachetBoeuf010526","location":"","quantity":"36.0000","quantity_available":"0.0000","units":"1","status":"archived","order_ids":"[18113,18148,18285]","supplier":"Royal Canin","po":{"id":"992","date_created":"2024-12-04 21:19:24","batch_id":"1014","po_number":"","supplier":"Royal Canin","cost":null,"regular_price":null,"sale_price":null,"price_margin":null,"price_discount":null}},{"id":"1248","date_created":"2024-12-17 22:57:43","date_expiry":"2026-10-01 00:00:00","user_id":"2760","batch_number":"PlaisirSachetBoeuf010826","location":"","quantity":"22.0000","quantity_available":"0.0000","units":"1","status":"archived","order_ids":"[18285,18319,18455,18482,18609]","supplier":"Royal Canin","po":{"id":"1221","date_created":"2024-12-17 22:57:46","batch_id":"1248","po_number":"","supplier":"Royal Canin","cost":null,"regular_price":null,"sale_price":null,"price_margin":null,"price_discount":null}},{"id":"2052","date_created":"2025-02-19 20:23:48","date_expiry":"2026-12-01 00:00:00","user_id":"2760","batch_number":"PlaisirSachetBoeuf011226","location":"","quantity":"132.0000","quantity_available":"0.0000","units":"1","status":"archived","order_ids":"[18609,18628,18753,19067,19246,19410,19618,19633,20254,21785,21931,22011,22082,21321,22711,22817,22913,22959,22978]","supplier":"Royal Canin","po":{"id":"2022","date_created":"2025-02-19 20:23:51","batch_id":"2052","po_number":"","supplier":"Royal Canin","cost":null,"regular_price":null,"sale_price":null,"price_margin":null,"price_discount":null}},{"id":"2790","date_created":"2025-04-06 01:57:20","date_expiry":"2026-05-07 00:00:00","user_id":"2760","batch_number":"PlaisirSachetBoeuf070526","location":"","quantity":"66.0000","quantity_available":"0.0000","units":"1","status":"archived","order_ids":"[20336,20384,20477,20594,20672,20847,20936,21027,21167,21385,21466,21612,21785]","supplier":"Royal Canin","po":{"id":"2757","date_created":"2025-04-06 01:57:21","batch_id":"2790","po_number":"","supplier":"Royal Canin","cost":null,"regular_price":null,"sale_price":null,"price_margin":null,"price_discount":null}},{"id":"3253","date_created":"2025-05-01 09:49:51","date_expiry":"2027-02-01 00:00:00","user_id":"2760","batch_number":"PlaisirSachetBoeuf010227","location":"","quantity":"66.0000","quantity_available":"0.0000","units":"1","status":"archived","order_ids":"[22978,23039,23043,23146,23190,23429,23445,23581,23626,23668,23724,24014,24023,24129,24258,33165,33168,33224,33374,34422,34567,34652,34717,34863,35224,35227,35450,35465,35485,35526,35635,35892,37873,38007,38147,38255,38276,38331,38341]","supplier":"Royal Canin","po":{"id":"3220","date_created":"2025-05-01 09:49:52","batch_id":"3253","po_number":"","supplier":"Royal Canin","cost":null,"regular_price":null,"sale_price":null,"price_margin":null,"price_discount":null}},{"id":"4297","date_created":"2025-07-09 11:09:02","date_expiry":"2027-03-01 00:00:00","user_id":"2760","batch_number":"PlaisirSachetBoeuf010327","location":"","quantity":"220.0000","quantity_available":"0.0000","units":"1","status":"archived","order_ids":"[24754,24775,24778,24979,25017,25230,25349,25485,25566,25588,25620,25748,26205,26294,26504,26553,26627,26681,26774,27100,27579,28048,28311,28314,28579,28580,28742,28773,28828,28957,29201,29358,29388,29403,29501,29502,29576,29578,29788,30084,30094,30379,30572,30802,30819,30866,30881,30886,31189,38341,38511,38632,38685,38891,38942,39049,39135,39221,39722]","supplier":"GROWMANIA","po":{"id":"4260","date_created":"2025-07-09 11:09:02","batch_id":"4297","po_number":"","supplier":"GROWMANIA","cost":null,"regular_price":null,"sale_price":null,"price_margin":null,"price_discount":null}},{"id":"5391","date_created":"2025-09-20 12:05:06","date_expiry":"2027-05-01 00:00:00","user_id":"2760","batch_number":"PlaisirSachetBoeuf010527","location":"","quantity":"110.0000","quantity_available":"81.0000","units":"1","status":"active","order_ids":"[29388,31397,31455,31476,31703,31765,31892,32019,32029,32066,32179,39722,40010,40026,40051,40088,40565,40643,40854]","supplier":"Royal Canin","po":{"id":"5348","date_created":"2025-09-20 12:05:08","batch_id":"5391","po_number":"","supplier":"Royal Canin","cost":null,"regular_price":null,"sale_price":null,"price_margin":null,"price_discount":null}},{"id":"6790","date_created":"2025-12-21 11:01:08","date_expiry":"2027-08-01 00:00:00","user_id":"2760","batch_number":"PlaisirSachetBoeuf0010827","location":"","quantity":"44.0000","quantity_available":"44.0000","units":"1","status":"active","order_ids":null,"supplier":"Royal Canin","po":{"id":"6736","date_created":"2025-12-21 11:01:08","batch_id":"6790","po_number":"","supplier":"Royal Canin","cost":null,"regular_price":null,"sale_price":null,"price_margin":null,"price_discount":null}},{"id":"6791","date_created":"2025-12-21 11:01:09","date_expiry":"2026-11-01 00:00:00","user_id":"2760","batch_number":"PlaisirSachetBoeuf011126","location":"","quantity":"22.0000","quantity_available":"0.0000","units":"1","status":"archived","order_ids":"[32324,32446,32664,32681,32924,32991,33450,33456,33737,33892]","supplier":"Royal Canin","po":{"id":"6737","date_created":"2025-12-21 11:01:09","batch_id":"6791","po_number":"","supplier":"Royal Canin","cost":null,"regular_price":null,"sale_price":null,"price_margin":null,"price_discount":null}},{"id":"7809","date_created":"2026-02-19 12:23:44","date_expiry":"2026-11-01 00:00:00","user_id":"2760","batch_number":"PlaisirSachetBoeuf011126","location":"","quantity":"110.0000","quantity_available":"0.0000","units":"1","status":"archived","order_ids":"[36233,36344,36730,36836,36991,37377,37403,37438,37807,37833,37873]","supplier":"Royal Canin","po":{"id":"7744","date_created":"2026-02-19 12:23:44","batch_id":"7809","po_number":"","supplier":"Royal Canin","cost":null,"regular_price":null,"sale_price":null,"price_margin":null,"price_discount":null}}],"_links":{"self":[{"href":"https:\/\/petworld.ma\/index.php\/wp-json\/wp\/v2\/product\/964","targetHints":{"allow":["GET"]}}],"collection":[{"href":"https:\/\/petworld.ma\/index.php\/wp-json\/wp\/v2\/product"}],"about":[{"href":"https:\/\/petworld.ma\/index.php\/wp-json\/wp\/v2\/types\/product"}],"wp:featuredmedia":[{"embeddable":true,"href":"https:\/\/petworld.ma\/index.php\/wp-json\/wp\/v2\/media\/27559"}],"wp:attachment":[{"href":"https:\/\/petworld.ma\/index.php\/wp-json\/wp\/v2\/media?parent=964"}],"wp:term":[{"taxonomy":"product_brand","embeddable":true,"href":"https:\/\/petworld.ma\/index.php\/wp-json\/wp\/v2\/product_brand?post=964"},{"taxonomy":"product_cat","embeddable":true,"href":"https:\/\/petworld.ma\/index.php\/wp-json\/wp\/v2\/product_cat?post=964"},{"taxonomy":"product_tag","embeddable":true,"href":"https:\/\/petworld.ma\/index.php\/wp-json\/wp\/v2\/product_tag?post=964"}],"curies":[{"name":"wp","href":"https:\/\/api.w.org\/{rel}","templated":true}]}}