{"id":973,"date":"2022-12-17T22:02:08","date_gmt":"2022-12-17T22:02:08","guid":{"rendered":"https:\/\/petworld.ma\/?post_type=product&#038;p=973"},"modified":"2026-04-23T03:00:47","modified_gmt":"2026-04-23T03:00:47","slug":"brit-premium-chaton-kitten-chaton-1-5kg","status":"publish","type":"product","link":"https:\/\/petworld.ma\/index.php\/produit\/brit-premium-chaton-kitten-chaton-1-5kg\/","title":{"rendered":"Brit Premium Chaton Kitten (chaton) 1.5kg ou 8kg"},"content":{"rendered":"<div class=\"hidden-xs\">\n<div class=\"hidden-xs\">\n<p>Aliment complet pour chats de qualit\u00e9 sup\u00e9rieure. Recette pour chatons \u00e0 base de poulet (1-12 mois), convient \u00e9galement aux chattes gestantes ou allaitantes.<\/p>\n<\/div>\n<p>Nourriture attrayante et savoureuse \u00e0 base d\u2019ingr\u00e9dients naturels pour une alimentation saine au quotidien de tous les chats.<\/p>\n<ul>\n<li type=\"disc\">\u00c0 la sauce au foie de poulet<\/li>\n<li type=\"disc\">Contient de la pulpe de pomme, une source naturelle de fibres<\/li>\n<li type=\"disc\">Contient du romarin, des clous de girofle, du curcuma et des agrumes, des antioxydants naturels<\/li>\n<li type=\"disc\">Contient des pr\u00e9biotiques<\/li>\n<li type=\"disc\">SANS bl\u00e9, ma\u00efs et soja<\/li>\n<\/ul>\n<p class=\"composition\"><strong>Composition:<\/strong><\/p>\n<p>poulet d\u00e9shydrat\u00e9 40\u00a0%, riz, graisse de poulet, petits pois, saumon d\u00e9shydrat\u00e9 4\u00a0%, pulpe de pomme d\u00e9shydrat\u00e9e, foie de poulet hydrolys\u00e9 2\u00a0%, huile de saumon 2\u00a0%, \u00e9pinards d\u00e9shydrat\u00e9s 0,5\u00a0%, mannan-oligosaccharides (150\u00a0mg\/kg), fructo-oligosaccharides (120\u00a0mg\/kg), yucca schidigera (80\u00a0mg\/kg), romarin d\u00e9shydrat\u00e9 (12\u00a0mg\/kg), clous de girofle d\u00e9shydrat\u00e9s (12\u00a0mg\/kg), agrumes d\u00e9shydrat\u00e9s (12\u00a0mg\/kg), curcuma d\u00e9shydrat\u00e9 (12\u00a0mg\/kg).<\/p>\n<p><strong>Composants analytiques:<\/strong><\/p>\n<p class=\"P68B1DB1-Normln2\">prot\u00e9ine brute 40,0\u00a0%, mati\u00e8res grasses brutes 18,0\u00a0%, cellulose brute 2,8\u00a0%, cendres brutes 8,0\u00a0%, humidit\u00e9 10,0\u00a0%, calcium 1,4\u00a0%, phosphore 1,0\u00a0%, sodium 0,5\u00a0%, magn\u00e9sium 0,1\u00a0%.<\/p>\n<p><strong>Ingr\u00e9dients:<\/strong><\/p>\n<p>vitamine A (3a672a) 22000 UI, vitamine D<sub>3<\/sub>\u00a0(3a671) 900 UI, vitamine E (3a700) 700\u00a0mg, vitamine C (3a312) 300\u00a0mg, taurine (3a370) 2300\u00a0mg, biotine (3a880) 1,8\u00a0mg, zinc (3b606) 150\u00a0mg, mangan\u00e8se (3b504) 55\u00a0mg, fer (3b106) 45\u00a0mg, cuivre (3b406) 11\u00a0mg, iode (3b201) 3,7\u00a0mg, s\u00e9l\u00e9nium (3b810) 0,17\u00a0mg, L-m\u00e9thionine (3c305) 4000\u00a0mg. Om\u00e9ga-3\u00a0: 0,54\u00a0%, Om\u00e9ga-6\u00a0: 2,4\u00a0%.<\/p>\n<p><strong>Metabolizable energy:<\/strong><\/p>\n<p>3,930 kcal\/kg<\/p>\n<\/div>\n","protected":false},"excerpt":{"rendered":"<p>Aliment complet pour chats de qualit\u00e9 sup\u00e9rieure. Recette pour chatons \u00e0 base de poulet (1-12 mois), convient \u00e9galement aux chattes gestantes ou allaitantes. Nourriture attrayante et savoureuse \u00e0 base d\u2019ingr\u00e9dients naturels pour une alimentation saine au quotidien de tous les chats. \u00c0 la sauce au foie de poulet Contient de la pulpe de pomme, une [&#8230;]\n","protected":false},"featured_media":2066,"template":"","meta":{"jetpack_publicize_message":"","jetpack_publicize_feature_enabled":true,"jetpack_social_post_already_shared":true,"jetpack_social_options":{"image_generator_settings":{"template":"highway","default_image_id":0,"font":"","enabled":false},"version":2}},"product_brand":[],"product_cat":[40],"product_tag":[],"class_list":{"0":"post-973","1":"product","2":"type-product","3":"status-publish","4":"has-post-thumbnail","6":"product_cat-coquettes-pour-chat","8":"first","9":"instock","10":"taxable","11":"shipping-taxable","12":"purchasable","13":"product-type-variable"},"supplier_id":null,"supplier_sku":"","barcode":null,"atum_controlled":true,"out_stock_date":null,"out_stock_threshold":null,"inheritable":true,"inbound_stock":0,"stock_on_hold":0,"sold_today":0,"sales_last_days":1,"reserved_stock":0,"customer_returns":0,"warehouse_damage":0,"lost_in_post":0,"other_logs":0,"out_stock_days":0,"lost_sales":0,"has_location":false,"update_date":"2026-05-06T00:17:15","atum_locations":[],"atum_stock_status":"instock","restock_status":false,"low_stock_amount":"","sales_update_date":"2026-05-06T00:17:15","calc_backorders":null,"jetpack_publicize_connections":[],"jetpack_sharing_enabled":true,"batches":[],"_links":{"self":[{"href":"https:\/\/petworld.ma\/index.php\/wp-json\/wp\/v2\/product\/973","targetHints":{"allow":["GET"]}}],"collection":[{"href":"https:\/\/petworld.ma\/index.php\/wp-json\/wp\/v2\/product"}],"about":[{"href":"https:\/\/petworld.ma\/index.php\/wp-json\/wp\/v2\/types\/product"}],"wp:featuredmedia":[{"embeddable":true,"href":"https:\/\/petworld.ma\/index.php\/wp-json\/wp\/v2\/media\/2066"}],"wp:attachment":[{"href":"https:\/\/petworld.ma\/index.php\/wp-json\/wp\/v2\/media?parent=973"}],"wp:term":[{"taxonomy":"product_brand","embeddable":true,"href":"https:\/\/petworld.ma\/index.php\/wp-json\/wp\/v2\/product_brand?post=973"},{"taxonomy":"product_cat","embeddable":true,"href":"https:\/\/petworld.ma\/index.php\/wp-json\/wp\/v2\/product_cat?post=973"},{"taxonomy":"product_tag","embeddable":true,"href":"https:\/\/petworld.ma\/index.php\/wp-json\/wp\/v2\/product_tag?post=973"}],"curies":[{"name":"wp","href":"https:\/\/api.w.org\/{rel}","templated":true}]}}