{"id":9873,"date":"2024-07-09T16:01:58","date_gmt":"2024-07-09T16:01:58","guid":{"rendered":"https:\/\/petworld.ma\/?post_type=product&#038;p=9873"},"modified":"2026-04-18T09:46:06","modified_gmt":"2026-04-18T09:46:06","slug":"purina-felix-fantastic-duo-poissons-4x85g","status":"publish","type":"product","link":"https:\/\/petworld.ma\/index.php\/produit\/purina-felix-fantastic-duo-poissons-4x85g\/","title":{"rendered":"Purina Felix Fantastic Duo Poissons 4x85g"},"content":{"rendered":"<p><strong>Principaux avantages<\/strong><\/p>\n<ul>\n<li>Alimentation 100% compl\u00e8te et \u00e9quilibr\u00e9e, Vitamines D&amp;E, Min\u00e9raux \u00e9quilibr\u00e9s, Source d&rsquo;Om\u00e9ga 6, Morceaux tendres et juteux en g\u00e9latine.<\/li>\n<li>Nourriture 100% compl\u00e8te et \u00e9quilibr\u00e9e<\/li>\n<li>Pr\u00e9par\u00e9e avec des morceaux tendres et charnus dans une succulente gel\u00e9e<\/li>\n<li>Fabriqu\u00e9 avec des ingr\u00e9dients de qualit\u00e9<\/li>\n<\/ul>\n<p><strong>Ingr\u00e9dients: <\/strong>(Avec truite et maquereau) Viande et sous-produits animaux, extraits de prot\u00e9ines v\u00e9g\u00e9tales, poisson et sous-produits de poisson (4% truite, 4% maquereau), substances min\u00e9rales, sucres.<\/p>\n","protected":false},"excerpt":{"rendered":"<p>D\u00e9couvrez la d\u00e9licieuse S\u00e9lection de Poissons de Purina Felix Fantastic Duo dans ce format pratique, contenant 4 sachets de 85g chacun. Ces repas pour chats sont soigneusement pr\u00e9par\u00e9s avec des ingr\u00e9dients de qualit\u00e9 pour offrir une exp\u00e9rience gastronomique irr\u00e9sistible \u00e0 votre f\u00e9lin. Avec une vari\u00e9t\u00e9 de saveurs exquises de poissons, chaque bouch\u00e9e est une invitation \u00e0 savourer.<\/p>\n","protected":false},"featured_media":9877,"template":"","meta":{"jetpack_publicize_message":"","jetpack_publicize_feature_enabled":true,"jetpack_social_post_already_shared":true,"jetpack_social_options":{"image_generator_settings":{"template":"highway","default_image_id":0,"font":"","enabled":false},"version":2}},"product_brand":[],"product_cat":[41],"product_tag":[],"class_list":{"0":"post-9873","1":"product","2":"type-product","3":"status-publish","4":"has-post-thumbnail","6":"product_cat-friandises-et-pate-pour-chat","8":"first","9":"instock","10":"sale","11":"taxable","12":"shipping-taxable","13":"purchasable","14":"product-type-simple"},"supplier_id":5592,"supplier_sku":"","barcode":null,"atum_controlled":true,"out_stock_date":null,"out_stock_threshold":null,"inheritable":false,"inbound_stock":0,"stock_on_hold":0,"sold_today":0,"sales_last_days":1,"reserved_stock":0,"customer_returns":0,"warehouse_damage":0,"lost_in_post":0,"other_logs":0,"out_stock_days":0,"lost_sales":0,"has_location":false,"update_date":"2026-04-29T00:15:53","atum_locations":[],"atum_stock_status":"instock","restock_status":false,"low_stock_amount":12,"sales_update_date":"2026-04-29T00:15:53","calc_backorders":null,"jetpack_publicize_connections":[],"jetpack_sharing_enabled":true,"batches":[{"id":"562","date_created":"2024-10-06 20:31:50","date_expiry":"2026-04-30 00:00:00","user_id":"2461","batch_number":"FelixDuoPoisson300426","location":"","quantity":"3.0000","quantity_available":"0.0000","units":"1","status":"archived","order_ids":"[12585,12954,14378,14792]","supplier":"Casablanca","po":{"id":"545","date_created":"2024-10-06 20:31:50","batch_id":"562","po_number":"","supplier":"Casablanca","cost":null,"regular_price":null,"sale_price":null,"price_margin":null,"price_discount":null}},{"id":"746","date_created":"2024-11-05 14:50:49","date_expiry":"2026-07-30 00:00:00","user_id":"2461","batch_number":"FelixDuoPoisson300726","location":"","quantity":"24.0000","quantity_available":"0.0000","units":"1","status":"archived","order_ids":"[17035,17622,17661,17839,17892,18076,18201,18420,18637,18672,18913,19058,19742,19731]","supplier":"Casablanca","po":{"id":"727","date_created":"2024-11-05 14:50:49","batch_id":"746","po_number":"","supplier":"Casablanca","cost":null,"regular_price":null,"sale_price":null,"price_margin":null,"price_discount":null}},{"id":"2782","date_created":"2025-04-06 01:32:10","date_expiry":"2027-02-28 00:00:00","user_id":"2461","batch_number":"FelixDuoPoisson280227","location":"","quantity":"60.0000","quantity_available":"50.0000","units":"1","status":"active","order_ids":"[19731,20852,21321,21501,22275,22471,22818,22948,23821,23958,24365,25108,25137,25287,25524,26476,27702,28047,28205,29593,36867,36960,37939,38034,38450,38951,40082]","supplier":"Rabat","po":{"id":"2749","date_created":"2025-04-06 01:32:11","batch_id":"2782","po_number":"","supplier":"Rabat","cost":null,"regular_price":null,"sale_price":null,"price_margin":null,"price_discount":null}},{"id":"6252","date_created":"2025-11-18 17:59:13","date_expiry":"2027-02-28 00:00:00","user_id":"2461","batch_number":"FelixDuoPoisson280227","location":"","quantity":"36.0000","quantity_available":"0.0000","units":"1","status":"archived","order_ids":"[30664,31662,31879,33070,34074,34888,35494,35756,36156]","supplier":"Rabat","po":{"id":"6198","date_created":"2025-11-18 17:59:14","batch_id":"6252","po_number":"","supplier":"Rabat","cost":null,"regular_price":null,"sale_price":null,"price_margin":null,"price_discount":null}}],"_links":{"self":[{"href":"https:\/\/petworld.ma\/index.php\/wp-json\/wp\/v2\/product\/9873","targetHints":{"allow":["GET"]}}],"collection":[{"href":"https:\/\/petworld.ma\/index.php\/wp-json\/wp\/v2\/product"}],"about":[{"href":"https:\/\/petworld.ma\/index.php\/wp-json\/wp\/v2\/types\/product"}],"wp:featuredmedia":[{"embeddable":true,"href":"https:\/\/petworld.ma\/index.php\/wp-json\/wp\/v2\/media\/9877"}],"wp:attachment":[{"href":"https:\/\/petworld.ma\/index.php\/wp-json\/wp\/v2\/media?parent=9873"}],"wp:term":[{"taxonomy":"product_brand","embeddable":true,"href":"https:\/\/petworld.ma\/index.php\/wp-json\/wp\/v2\/product_brand?post=9873"},{"taxonomy":"product_cat","embeddable":true,"href":"https:\/\/petworld.ma\/index.php\/wp-json\/wp\/v2\/product_cat?post=9873"},{"taxonomy":"product_tag","embeddable":true,"href":"https:\/\/petworld.ma\/index.php\/wp-json\/wp\/v2\/product_tag?post=9873"}],"curies":[{"name":"wp","href":"https:\/\/api.w.org\/{rel}","templated":true}]}}